000
CXUS55 KGJT 221000
CF6CNY
PRELIMINARY LOCAL CLIMATOLOGICAL DATA (WS FORM: F-6)

                                          STATION:   CANYONLANDS AIRPORT UT
                                          MONTH:     APRIL
                                          YEAR:      2014
                                          LATITUDE:   38 46 N
                                          LONGITUDE: 109 45 W

  TEMPERATURE IN F:       :PCPN:    SNOW:  WIND      :SUNSHINE: SKY     :PK WND
================================================================================
1   2   3   4   5  6A  6B    7    8   9   10  11  12  13   14  15   16   17  18
                                     12Z  AVG MX 2MIN
DY MAX MIN AVG DEP HDD CDD  WTR  SNW DPTH SPD SPD DIR MIN PSBL S-S WX    SPD DR
================================================================================

 1  62  42  52   4  13   0 0.00    M    M 17.5 37 230   M    M   7        44 210
 2  53  36  45  -4  20   0 0.01    M    M 12.0 28 300   M    M   7        35 250
 3  55  31  43  -6  22   0 0.00    M    M  3.1 12 300   M    M   3 8      17 300
 4  59  34  47  -2  18   0 0.00    M    M  5.8 17 240   M    M   3        25 270
 5  61  39  50   0  15   0 0.00    M    M  7.2 22 320   M    M   4        30 350
 6  62  38  50   0  15   0 0.00    M    M 11.4 31 310   M    M   4        37 300
 7  67  33  50   0  15   0 0.00    M    M  4.6 17 300   M    M   0        23 310
 8  73  38  56   6   9   0 0.00    M    M  2.8  9 160   M    M   0        14 140
 9  79  40  60  10   5   0 0.00    M    M  5.1 18 230   M    M   0        26 240
10  79  47  63  12   2   0 0.00    M    M  7.5 21 320   M    M   0        26 330
11  81  40  61  10   4   0 0.00    M    M  5.1 23 220   M    M   0 8      26 220
12  76  45  61  10   4   0 0.00    M    M  8.7 30 230   M    M   1        36 230
13  58  35  47  -5  18   0 0.08    M    M 12.8 35 350   M    M   8 13     44 320
14  52  30  41 -11  24   0 0.00    M    M  6.6 22  60   M    M   1        28  70
15  66  31  49  -3  16   0 0.00    M    M  3.7 15 320   M    M   0        19 320
16  64  35  50  -2  15   0 0.00    M    M  5.1 23  80   M    M   0        26  80
17  72  33  53   0  12   0 0.00    M    M  2.7 13 140   M    M   0        16 240
18  79  47  63  10   2   0    T    M    M 10.8 26 260   M    M   2        42 270
19  68  48  58   5   7   0    T    M    M  7.1 20 210   M    M   6        23 210
20  78  41  60   6   5   0 0.00    M    M  4.2 33 350   M    M   2        42 350
21  81  42  62   8   3   0 0.00    M    M  3.6 12 310   M    M   2        21 300
================================================================================
SM 1425  805       244   0  0.09    M    147.4          M       50
================================================================================
AV 67.9 38.3                               7.0 FASTST   M    M   2    MAX(MPH)
                                 MISC ---->  # 37 230               # 44  210
================================================================================
NOTES:
# LAST OF SEVERAL OCCURRENCES

COLUMN 17 PEAK WIND IN M.P.H.

PRELIMINARY LOCAL CLIMATOLOGICAL DATA (WS FORM: F-6) , PAGE 2

                                          STATION:  CANYONLANDS AIRPORT UT
                                          MONTH:    APRIL
                                          YEAR:     2014
                                          LATITUDE:   38 46 N
                                          LONGITUDE: 109 45 W

[TEMPERATURE DATA]      [PRECIPITATION DATA]       SYMBOLS USED IN COLUMN 16

AVERAGE MONTHLY: 53.1   TOTAL FOR MONTH:   0.09    1 = FOG OR MIST
DPTR FM NORMAL:   2.0   DPTR FM NORMAL:   -0.38    2 = FOG REDUCING VISIBILITY
HIGHEST:    81 ON 21,11 GRTST 24HR  0.08 ON 13-13      TO 1/4 MILE OR LESS
LOWEST:     30 ON 14                               3 = THUNDER
                        SNOW, ICE PELLETS, HAIL    4 = ICE PELLETS
                        TOTAL MONTH:    M          5 = HAIL
                        GRTST 24HR    M  ON   M    6 = FREEZING RAIN OR DRIZZLE
                        GRTST DEPTH:  M  ON   M    7 = DUSTSTORM OR SANDSTORM:
                                                       VSBY 1/2 MILE OR LESS
                                                   8 = SMOKE OR HAZE
[NO. OF DAYS WITH]      [WEATHER - DAYS WITH]      9 = BLOWING SNOW
                                                   X = TORNADO
MAX 32 OR BELOW:   0    0.01 INCH OR MORE:   2
MAX 90 OR ABOVE:   0    0.10 INCH OR MORE:   0
MIN 32 OR BELOW:   3    0.50 INCH OR MORE:   0
MIN  0 OR BELOW:   0    1.00 INCH OR MORE:   0

[HDD (BASE 65) ]
TOTAL THIS MO.   244    CLEAR  (SCALE 0-3)  15
DPTR FM NORMAL   -46    PTCLDY (SCALE 4-7)   5
TOTAL FM JUL 1  5551    CLOUDY (SCALE 8-10)  1
DPTR FM NORMAL   213

[CDD (BASE 65) ]
TOTAL THIS MO.     0
DPTR FM NORMAL     0    [PRESSURE DATA]
TOTAL FM JAN 1     0    HIGHEST SLP M ON M
DPTR FM NORMAL     0    LOWEST  SLP 29.46 ON 13

[REMARKS]
