000
CXUS55 KRIW 300945
CF6COD
PRELIMINARY LOCAL CLIMATOLOGICAL DATA (WS FORM: F-6)

                                          STATION:   CODY WY
                                          MONTH:     JULY
                                          YEAR:      2015
                                          LATITUDE:   44 31 N
                                          LONGITUDE: 109  1 W

  TEMPERATURE IN F:       :PCPN:    SNOW:  WIND      :SUNSHINE: SKY     :PK WND
================================================================================
1   2   3   4   5  6A  6B    7    8   9   10  11  12  13   14  15   16   17  18
                                     12Z  AVG MX 2MIN
DY MAX MIN AVG DEP HDD CDD  WTR  SNW DPTH SPD SPD DIR MIN PSBL S-S WX    SPD DR
================================================================================

 1  86  59  73   6   0   8    M    M    M  6.4 14  10   M    M   1 3      21  10
 2  82  61  72   5   0   7    M    M    M  7.9 15 350   M    M   1        20  10
 3  88  63  76   8   0  11    M    M    M  5.8 14  70   M    M   1        17  40
 4  93  61  77   9   0  12    M    M    M  5.2  9 340   M    M   1         M  M
 5  73  52  63  -5   2   0 0.16  0.0    0 10.8 20 350   M    M   8        28 350
 6  70  50  60  -8   5   0 0.02  0.0    0  5.1  9  40   M    M   8         M  M
 7  77  54  66  -3   0   1    M    M    M  5.3 20  10   M    M   5 3      25  10
 8  72  54  63  -6   2   0    M    M    M  4.4  9 210   M    M   3         M  M
 9  75  52  64  -5   1   0 0.00  0.0    0  6.8 21 230   M    M   1        30 230
10  81  61  71   2   0   6 0.07  0.0    0  9.5 22 230   M    M   2 3      35 230
11  81  57  69  -1   0   4 0.00  0.0    0 10.0 20 270   M    M   1        25 270
12  82  57  70   0   0   5 0.00  0.0    0  9.1 16 260   M    M   0        23 260
13  86  57  72   2   0   7 0.00  0.0    0  7.0 21 230   M    M   2        37 230
14  84  52  68  -2   0   3 0.00  0.0    0  6.5 15 140   M    M   2 3      21 140
15  79  57  68  -2   0   3 0.05  0.0    0  6.5 13  30   M    M   3 3      18 330
16  82  52  67  -4   0   2 0.00  0.0    0  8.0 16 260   M    M   1        23 260
17  75  52  64  -7   1   0    M    M    M  8.2 17 360   M    M   3        21 330
18  68  46  57 -14   8   0 0.00  0.0    0  4.4  9 200   M    M   3         M  M
19  79  52  66  -5   0   1 0.00  0.0    0  5.2 12  20   M    M   6        17 250
20  84  61  73   2   0   8 0.00  0.0    0  7.0 16 200   M    M   5        25 220
21  84  61  73   2   0   8 0.00  0.0    0  6.7 16 310   M    M   2        23 310
22  88  63  76   5   0  11 0.00  0.0    0  8.8 17  60   M    M   1        21 260
23  79  61  70  -1   0   5 0.00  0.0    0  8.1 20 260   M    M   3        32 260
24  82  54  68  -3   0   3 0.00  0.0    0  6.3 13 250   M    M   2        23 250
25  84  63  74   3   0   9 0.00  0.0    0  6.6 13 260   M    M   1        21 280
26  90  61  76   5   0  11 0.00  0.0    0  6.9 16 300   M    M   0        24 300
27  72  54  63  -8   2   0 0.02  0.0    0 12.3 21 240   M    M   1 3      33 240
28  68  46  57 -14   8   0 0.00  0.0    0 10.9 20 260   M    M   0        30 250
29  79  52  66  -5   0   1 0.00  0.0    0  7.3 17 210   M    M   0        17 140
================================================================================
SM 2323 1625        29 126  0.32     0.0 213.0          M       67
================================================================================
AV 80.1 56.0                               7.3 FASTST   M    M   2    MAX(MPH)
                                 MISC ---->    22   M                 37    M
================================================================================
NOTES:
# LAST OF SEVERAL OCCURRENCES

COLUMN 17 PEAK WIND IN M.P.H.

PRELIMINARY LOCAL CLIMATOLOGICAL DATA (WS FORM: F-6) , PAGE 2

                                          STATION:  CODY WY
                                          MONTH:    JULY
                                          YEAR:     2015
                                          LATITUDE:   44 31 N
                                          LONGITUDE: 109  1 W

[TEMPERATURE DATA]      [PRECIPITATION DATA]       SYMBOLS USED IN COLUMN 16

AVERAGE MONTHLY: 68.1   TOTAL FOR MONTH:   0.32    1 = FOG OR MIST
DPTR FM NORMAL:  -1.8   DPTR FM NORMAL:   -0.72    2 = FOG REDUCING VISIBILITY
HIGHEST:    93 ON  4    GRTST 24HR  0.16 ON  5- 5      TO 1/4 MILE OR LESS
LOWEST:     46 ON 28,18                            3 = THUNDER
                        SNOW, ICE PELLETS, HAIL    4 = ICE PELLETS
                        TOTAL MONTH:   0.0 INCH    5 = HAIL
                        GRTST 24HR     0.0         6 = FREEZING RAIN OR DRIZZLE
                        GRTST DEPTH:   0           7 = DUSTSTORM OR SANDSTORM:
                                                       VSBY 1/2 MILE OR LESS
                                                   8 = SMOKE OR HAZE
[NO. OF DAYS WITH]      [WEATHER - DAYS WITH]      9 = BLOWING SNOW
                                                   X = TORNADO
MAX 32 OR BELOW:   0    0.01 INCH OR MORE:   5
MAX 90 OR ABOVE:   2    0.10 INCH OR MORE:   1
MIN 32 OR BELOW:   0    0.50 INCH OR MORE:   0
MIN  0 OR BELOW:   0    1.00 INCH OR MORE:   0

[HDD (BASE 65) ]
TOTAL THIS MO.    29    CLEAR  (SCALE 0-3)  23
DPTR FM NORMAL     M    PTCLDY (SCALE 4-7)   5
TOTAL FM JUL 1    29    CLOUDY (SCALE 8-10)  1
DPTR FM NORMAL     M

[CDD (BASE 65) ]
TOTAL THIS MO.   126
DPTR FM NORMAL   -16    [PRESSURE DATA]
TOTAL FM JAN 1   220    HIGHEST SLP M ON M
DPTR FM NORMAL   220    LOWEST  SLP M ON M

[REMARKS]
