000
CXUS55 KRIW 210945
CF6COD
PRELIMINARY LOCAL CLIMATOLOGICAL DATA (WS FORM: F-6)

                                          STATION:   CODY WY
                                          MONTH:     FEBRUARY
                                          YEAR:      2018
                                          LATITUDE:   44 31 N
                                          LONGITUDE: 109  1 W

  TEMPERATURE IN F:       :PCPN:    SNOW:  WIND      :SUNSHINE: SKY     :PK WND
================================================================================
1   2   3   4   5  6A  6B    7    8   9   10  11  12  13   14  15   16   17  18
                                     12Z  AVG MX 2MIN
DY MAX MIN AVG DEP HDD CDD  WTR  SNW DPTH SPD SPD DIR MIN PSBL S-S WX    SPD DR
================================================================================

 1  32  10  21  -6  44   0 0.00  0.0    M  5.6 17 130   M    M   0         M  M
 2  50  16  33   6  32   0    T    M    M  9.7 25 250   M    M   2        43 260
 3  49   0  25  -2  40   0    T    M    M 16.5 25 230   M    M   4        39 260
 4  31  -3  14 -14  51   0    T    M    M  6.9 22 360   M    M   3 1      31  20
 5  43  10  27  -1  38   0 0.03    M    M  9.0 21  20   M    M   6 1      32  20
 6  30  14  22  -6  43   0    T    M    M  6.1 13  40   M    M   8 12      M  M
 7  47  11  29   1  36   0 0.00  0.0    M  6.9 17 260   M    M   4 12     33 260
 8  51   6  29   1  36   0 0.01    M    M 19.0 31 250   M    M   3        51 250
 9   7  -6   1 -27  64   0    T    M    M  9.4 16  10   M    M   5 1       M  M
10  25  -5  10 -18  55   0 0.00  0.0    M  4.0 13  40   M    M   1         M  M
11  33  -3  15 -13  50   0 0.01    M    M 11.1 18  20   M    M   1        31 260
12   9  -2   4 -24  61   0    T    M    M  8.2 16  20   M    M   5 1      22  20
13  41  -6  18 -11  47   0 0.00    M    M  8.1 17 240   M    M   0        43 260
14  46  33  40  11  25   0 0.00    M    M 11.0 21 230   M    M   1        37 220
15  35   0  18 -11  47   0    T    M    M  9.3 20 360   M    M   5 1      27 360
16  35   7  21  -8  44   0 0.00    M    M 14.0 23 250   M    M   1        43 220
17  41  18  30   1  35   0 0.00  0.0    M 11.0 25 240   M    M   2        41 230
18  38  -2  18 -12  47   0    T    M    M 14.1 21 350   M    M   8 12     32 360
19  -1 -10  -5 -35  70   0    T    M    M  9.2 15  20   M    M   9         M  M
20  18 -19   0 -30  65   0 0.00    M    M  2.9 10 210   M    M   0         M  M
================================================================================
SM  660   69       930   0  0.05     0.0 192.0          M       68
================================================================================
AV 33.0  3.5                               9.6 FASTST   M    M   3    MAX(MPH)
                                 MISC ---->  # 31 250               # 51  250
================================================================================
NOTES:
# LAST OF SEVERAL OCCURRENCES

COLUMN 17 PEAK WIND IN M.P.H.

PRELIMINARY LOCAL CLIMATOLOGICAL DATA (WS FORM: F-6) , PAGE 2

                                          STATION:  CODY WY
                                          MONTH:    FEBRUARY
                                          YEAR:     2018
                                          LATITUDE:   44 31 N
                                          LONGITUDE: 109  1 W

[TEMPERATURE DATA]      [PRECIPITATION DATA]       SYMBOLS USED IN COLUMN 16

AVERAGE MONTHLY: 18.2   TOTAL FOR MONTH:   0.05    1 = FOG OR MIST
DPTR FM NORMAL: -10.2   DPTR FM NORMAL:   -0.19    2 = FOG REDUCING VISIBILITY
HIGHEST:    51 ON  8    GRTST 24HR  0.03 ON  5- 5      TO 1/4 MILE OR LESS
LOWEST:    -19 ON 20                               3 = THUNDER
                        SNOW, ICE PELLETS, HAIL    4 = ICE PELLETS
                        TOTAL MONTH:   0.0 INCH    5 = HAIL
                        GRTST 24HR     0.0         6 = FREEZING RAIN OR DRIZZLE
                        GRTST DEPTH:  M  ON   M    7 = DUSTSTORM OR SANDSTORM:
                                                       VSBY 1/2 MILE OR LESS
                                                   8 = SMOKE OR HAZE
[NO. OF DAYS WITH]      [WEATHER - DAYS WITH]      9 = BLOWING SNOW
                                                   X = TORNADO
MAX 32 OR BELOW:   8    0.01 INCH OR MORE:   3
MAX 90 OR ABOVE:   0    0.10 INCH OR MORE:   0
MIN 32 OR BELOW:  19    0.50 INCH OR MORE:   0
MIN  0 OR BELOW:  11    1.00 INCH OR MORE:   0

[HDD (BASE 65) ]
TOTAL THIS MO.   930    CLEAR  (SCALE 0-3)  11
DPTR FM NORMAL     M    PTCLDY (SCALE 4-7)   7
TOTAL FM JUL 1  5112    CLOUDY (SCALE 8-10)  2
DPTR FM NORMAL     M

[CDD (BASE 65) ]
TOTAL THIS MO.     0
DPTR FM NORMAL     0    [PRESSURE DATA]
TOTAL FM JAN 1     0    HIGHEST SLP M ON M
DPTR FM NORMAL     0    LOWEST  SLP M ON M

[REMARKS]
