000
CXUS51 KGYX 251100
CF6CON
PRELIMINARY LOCAL CLIMATOLOGICAL DATA (WS FORM: F-6)

                                          STATION:   CONCORD NH
                                          MONTH:     DECEMBER
                                          YEAR:      2014
                                          LATITUDE:   43 12 N
                                          LONGITUDE:  71 30 W

  TEMPERATURE IN F:       :PCPN:    SNOW:  WIND      :SUNSHINE: SKY     :PK WND
================================================================================
1   2   3   4   5  6A  6B    7    8   9   10  11  12  13   14  15   16   17  18
                                     12Z  AVG MX 2MIN
DY MAX MIN AVG DEP HDD CDD  WTR  SNW DPTH SPD SPD DIR MIN PSBL S-S WX    SPD DR
================================================================================

 1  53  33  43  11  22   0    T  0.0    7  6.6 20 310   M    M   6 1      25 290
 2  33  23  28  -4  37   0 0.09  0.4    6  7.1 14  90   M    M   7 16     22  90
 3  40  26  33   1  32   0 0.37    T    6  4.6 15 270   M    M   9 126    20 270
 4  36  17  27  -4  38   0 0.00  0.0    6  7.1 15 320   M    M   3        28 310
 5  30  12  21 -10  44   0 0.10  0.8    5  2.6  8  30   M    M   5 1       9  30
 6  36  27  32   2  33   0 0.85  0.6    7  3.9 15 330   M    M  10 16     21 330
 7  35  12  24  -6  41   0 0.00  0.0    6 13.0 25 340   M    M   0        35 330
 8  24   6  15 -15  50   0 0.00  0.0    6  3.3  9  40   M    M   5        12  50
 9  38  24  31   2  34   0 1.08  0.0    6  9.7 26  30   M    M  10 16     38  30
10  38  34  36   7  29   0 0.47    M    5  5.3 14  20   M    M   9 1      22 360
11  35  30  33   5  32   0 0.18    M    5  4.9 10 230   M    M  10 1      13 230
12  35  27  31   3  34   0    T    M    5  7.7 15 310   M    M   8 1      22 310
13  37  27  32   4  33   0 0.00  0.0    5 10.5 21 310   M    M   6        26 320
14  39  27  33   6  32   0 0.00  0.0    0  7.9 16 310   M    M   5        20 290
15  40  23  32   5  33   0 0.00  0.0    5  6.6 16 320   M    M   3 1      22 320
16  36  27  32   6  33   0 0.02    M    5  0.9  7 300   M    M  10 1       9 300
17  43  33  38  12  27   0 0.65    M    5  6.7 13 290   M    M  10 1      16 290
18  39  32  36  10  29   0 0.03  0.0    4  9.7 21 300   M    M   9        27 310
19  34  23  29   4  36   0 0.00  0.0    4 10.1 18 310   M    M   6        28 300
20  36  16  26   1  39   0 0.00  0.0    4  2.8  9  60   M    M   4        12  70
21  32  27  30   5  35   0 0.12  1.2    4  2.5  8 310   M    M  10 1      10  M
22  38  29  34  10  31   0 0.02    T    5  2.5  7  60   M    M  10 1       8  50
23  38  33  36  12  29   0 0.47  0.0    4  5.2 10  40   M    M  10 1      13  30
24  39  36  38  14  27   0 0.47  0.0    3  4.2  8  20   M    M  10 1      10 360
================================================================================
SM  884  604       810   0  4.92     3.0 145.4          M      175
================================================================================
AV 36.8 25.2                               6.1 FASTST   M    M   7    MAX(MPH)
                                 MISC ---->  # 26  30               # 38   30
================================================================================
NOTES:
# LAST OF SEVERAL OCCURRENCES

COLUMN 17 PEAK WIND IN M.P.H.

PRELIMINARY LOCAL CLIMATOLOGICAL DATA (WS FORM: F-6) , PAGE 2

                                          STATION:  CONCORD NH
                                          MONTH:    DECEMBER
                                          YEAR:     2014
                                          LATITUDE:   43 12 N
                                          LONGITUDE:  71 30 W

[TEMPERATURE DATA]      [PRECIPITATION DATA]       SYMBOLS USED IN COLUMN 16

AVERAGE MONTHLY: 31.0   TOTAL FOR MONTH:   4.92    1 = FOG OR MIST
DPTR FM NORMAL:   3.1   DPTR FM NORMAL:    2.39    2 = FOG REDUCING VISIBILITY
HIGHEST:    53 ON  1    GRTST 24HR  1.12 ON  9-10      TO 1/4 MILE OR LESS
LOWEST:      6 ON  8                               3 = THUNDER
                        SNOW, ICE PELLETS, HAIL    4 = ICE PELLETS
                        TOTAL MONTH:   3.0 INCHES  5 = HAIL
                        GRTST 24HR   1.2 ON   M    6 = FREEZING RAIN OR DRIZZLE
                        GRTST DEPTH:   7 ON  6, 1  7 = DUSTSTORM OR SANDSTORM:
                                                       VSBY 1/2 MILE OR LESS
                                                   8 = SMOKE OR HAZE
[NO. OF DAYS WITH]      [WEATHER - DAYS WITH]      9 = BLOWING SNOW
                                                   X = TORNADO
MAX 32 OR BELOW:   3    0.01 INCH OR MORE:  14
MAX 90 OR ABOVE:   0    0.10 INCH OR MORE:  10
MIN 32 OR BELOW:  19    0.50 INCH OR MORE:   3
MIN  0 OR BELOW:   0    1.00 INCH OR MORE:   1

[HDD (BASE 65) ]
TOTAL THIS MO.   810    CLEAR  (SCALE 0-3)   1
DPTR FM NORMAL   -80    PTCLDY (SCALE 4-7)  11
TOTAL FM JUL 1  2314    CLOUDY (SCALE 8-10) 12
DPTR FM NORMAL  -136

[CDD (BASE 65) ]
TOTAL THIS MO.     0
DPTR FM NORMAL     0    [PRESSURE DATA]
TOTAL FM JAN 1   387    HIGHEST SLP M ON M
DPTR FM NORMAL   -65    LOWEST  SLP 29.44 ON M

[REMARKS]
