000
CXUS51 KGYX 241000
CF6CON
PRELIMINARY LOCAL CLIMATOLOGICAL DATA (WS FORM: F-6)

                                          STATION:   CONCORD NH
                                          MONTH:     NOVEMBER
                                          YEAR:      2017
                                          LATITUDE:   43 12 N
                                          LONGITUDE:  71 30 W

  TEMPERATURE IN F:       :PCPN:    SNOW:  WIND      :SUNSHINE: SKY     :PK WND
================================================================================
1   2   3   4   5  6A  6B    7    8   9   10  11  12  13   14  15   16   17  18
                                     12Z  AVG MX 2MIN
DY MAX MIN AVG DEP HDD CDD  WTR  SNW DPTH SPD SPD DIR MIN PSBL S-S WX    SPD DR
================================================================================

 1  51  28  40  -3  25   0 0.02  0.0    0  1.6  9 160   M    M   6 1      11 160
 2  65  46  56  13   9   0 0.02  0.0    0  3.6 12 160   M    M   5 1      15 160
 3  71  45  58  16   7   0    T  0.0    0 10.4 23 310   M    M   5        36 290
 4  55  35  45   3  20   0 0.00  0.0    0  5.2 16 330   M    M   0        20 330
 5  56  39  48   6  17   0 0.01  0.0    0  3.2 14 130   M    M   7 18     21 140
 6  64  43  54  12  11   0 0.40  0.0    0  7.4 18 320   M    M   9 1      27 320
 7  46  34  40  -1  25   0 0.00  0.0    0  6.5 14 270   M    M   5        17 280
 8  47  25  36  -5  29   0 0.00  0.0    0  3.9 14  30   M    M   4        18  20
 9  48  21  35  -6  30   0    T  0.0    0  3.5 13 170   M    M   5 12     17 150
10  44  22  33  -7  32   0    T  0.0    0 17.7 31 320   M    M   4        43 330
11  36  19  28 -12  37   0 0.00  0.0    0 11.3 22 310   M    M   0        37 320
12  44  20  32  -8  33   0 0.00  0.0    0  1.0  8 160   M    M   0        11 160
13  36  23  30  -9  35   0 0.19  0.6    1  2.9  8 310   M    M   9 1      11 320
14  39  33  36  -3  29   0 0.00  0.0    0  1.9  7 320   M    M  10 1       8 330
15  46  27  37  -2  28   0 0.00  0.0    0  1.5  7 110   M    M   6 12     10 120
16  42  28  35  -3  30   0 0.19  0.0    0  2.5 12 310   M    M  10 1      13 310
17  39  27  33  -5  32   0 0.00  0.0    0 14.8 32 310   M    M   5        43 310
18  41  20  31  -7  34   0 0.07  0.0    0  3.4  9 320   M    M   4 1      11 320
19  54  34  44   7  21   0 0.11  0.0    0  9.9 33 280   M    M   9 1      47 280
20  40  31  36  -1  29   0 0.00  0.0    0 10.1 24 290   M    M   5        35 290
21  59  25  42   6  23   0 0.00  0.0    0  6.0 20 200   M    M   1        30 180
22  41  29  35  -1  30   0 0.32  0.0    0  6.5 24 320   M    M   7 1      36 300
23  39  26  33  -3  32   0 0.00  0.0    0  7.4 23 310   M    M   3        32 330
================================================================================
SM 1103  680       598   0  1.33     0.6 142.2          M      119
================================================================================
AV 48.0 29.6                               6.2 FASTST   M    M   5    MAX(MPH)
                                 MISC ---->  # 33 280               # 47  280
================================================================================
NOTES:
# LAST OF SEVERAL OCCURRENCES

COLUMN 17 PEAK WIND IN M.P.H.

PRELIMINARY LOCAL CLIMATOLOGICAL DATA (WS FORM: F-6) , PAGE 2

                                          STATION:  CONCORD NH
                                          MONTH:    NOVEMBER
                                          YEAR:     2017
                                          LATITUDE:   43 12 N
                                          LONGITUDE:  71 30 W

[TEMPERATURE DATA]      [PRECIPITATION DATA]       SYMBOLS USED IN COLUMN 16

AVERAGE MONTHLY: 38.8   TOTAL FOR MONTH:   1.33    1 = FOG OR MIST
DPTR FM NORMAL:  -0.8   DPTR FM NORMAL:   -1.57    2 = FOG REDUCING VISIBILITY
HIGHEST:    71 ON  3    GRTST 24HR  0.40 ON  6- 6      TO 1/4 MILE OR LESS
LOWEST:     19 ON 11                               3 = THUNDER
                        SNOW, ICE PELLETS, HAIL    4 = ICE PELLETS
                        TOTAL MONTH:   0.6 INCH    5 = HAIL
                        GRTST 24HR   0.6 ON 13-13  6 = FREEZING RAIN OR DRIZZLE
                        GRTST DEPTH:   1 ON 13     7 = DUSTSTORM OR SANDSTORM:
                                                       VSBY 1/2 MILE OR LESS
                                                   8 = SMOKE OR HAZE
[NO. OF DAYS WITH]      [WEATHER - DAYS WITH]      9 = BLOWING SNOW
                                                   X = TORNADO
MAX 32 OR BELOW:   0    0.01 INCH OR MORE:   9
MAX 90 OR ABOVE:   0    0.10 INCH OR MORE:   5
MIN 32 OR BELOW:  15    0.50 INCH OR MORE:   0
MIN  0 OR BELOW:   0    1.00 INCH OR MORE:   0

[HDD (BASE 65) ]
TOTAL THIS MO.   598    CLEAR  (SCALE 0-3)   5
DPTR FM NORMAL    13    PTCLDY (SCALE 4-7)  13
TOTAL FM JUL 1   998    CLOUDY (SCALE 8-10)  5
DPTR FM NORMAL  -346

[CDD (BASE 65) ]
TOTAL THIS MO.     0
DPTR FM NORMAL     0    [PRESSURE DATA]
TOTAL FM JAN 1   564    HIGHEST SLP M ON M
DPTR FM NORMAL   112    LOWEST  SLP 29.08 ON 19

[REMARKS]
