000
CXUS55 KPUB 281059
CF6COS
PRELIMINARY LOCAL CLIMATOLOGICAL DATA (WS FORM: F-6)

                                          STATION:   COLORADO SPRINGS CO
                                          MONTH:     JULY
                                          YEAR:      2016
                                          LATITUDE:   38 49 N
                                          LONGITUDE: 104 43 W

  TEMPERATURE IN F:       :PCPN:    SNOW:  WIND      :SUNSHINE: SKY     :PK WND
================================================================================
1   2   3   4   5  6A  6B    7    8   9   10  11  12  13   14  15   16   17  18
                                     12Z  AVG MX 2MIN
DY MAX MIN AVG DEP HDD CDD  WTR  SNW DPTH SPD SPD DIR MIN PSBL S-S WX    SPD DR
================================================================================

 1  76  59  68  -2   0   3 0.23  0.0    0  8.4 31 170   M    M   9 123    42 170
 2  77  59  68  -2   0   3    T  0.0    0  6.7 17 350   M    M   8 123    21 320
 3  83  59  71   1   0   6 0.00  0.0    0  7.5 25  20   M    M   7 3      34 260
 4  89  61  75   5   0  10    T  0.0    0 10.5 25 230   M    M   4        32 210
 5  90  61  76   6   0  11 0.00  0.0    0  9.5 23  50   M    M   5        29 340
 6  95  55  75   5   0  10 0.00  0.0    0 11.3 30 240   M    M   3        39 220
 7  93  58  76   5   0  11 0.70    T    0 11.0 26  80   M    M   3 35     34  70
 8  78  60  69  -2   0   4 0.11  0.0    0 10.2 30 360   M    M   7 13     35 340
 9  93  55  74   3   0   9 0.00  0.0    0  6.9 17 120   M    M   3        22 120
10  95  62  79   8   0  14 0.00  0.0    0 11.6 28 210   M    M   6 8      36 220
11  91  63  77   6   0  12 0.00  0.0    0  9.2 32 160   M    M   3        41 270
12  88  56  72   1   0   7 0.00  0.0    0 11.7 28 170   M    M   3        33 170
13  90  61  76   5   0  11    T  0.0    0  9.6 18 140   M    M   3 3      23 120
14  82  61  72   1   0   7 0.26    T    0  7.1 25 170   M    M   6 35     29 160
15  90  55  73   2   0   8    T  0.0    0  7.9 33 350   M    M   5 3      42 340
16  96  56  76   5   0  11    T  0.0    0  7.1 22 120   M    M   6 18     32 110
17  94  64  79   8   0  14    T  0.0    0 10.1 29  60   M    M   5 3      35  70
18  91  59  75   4   0  10 0.02  0.0    0  8.2 26 280   M    M   5 3      36 280
19  96  64  80   9   0  15 0.13  0.0    0  9.7 25 330   M    M   6 3      32 320
20  96  61  79   8   0  14 0.25  0.0    0  9.2 33 170   M    M   6 3      49 180
21  93  61  77   6   0  12    T  0.0    0  9.5 30 300   M    M   5 3      41 300
22  94  63  79   8   0  14 0.03  0.0    0  6.6 41 290   M    M   6 3      55 280
23  94  68  81  10   0  16 0.13  0.0    0 10.6 36 330   M    M   6 3      49 320
24  87  61  74   3   0   9    T  0.0    0  7.9 33 270   M    M   7 3      44 280
25  90  56  73   2   0   8 0.00  0.0    0  7.7 33 150   M    M   5 3      43 120
26  86  58  72   1   0   7 0.00  0.0    0  8.4 28 280   M    M   6        36 270
27  92  58  75   4   0  10 0.00  0.0    0  7.5 23  80   M    M   3        29  90
================================================================================
SM 2419 1614         0 266  1.86    T    241.6          M      141
================================================================================
AV 89.6 59.8                               8.9 FASTST   M    M   5    MAX(MPH)
                                 MISC ---->  # 41 290               # 55  280
================================================================================
NOTES:
# LAST OF SEVERAL OCCURRENCES

COLUMN 17 PEAK WIND IN M.P.H.

PRELIMINARY LOCAL CLIMATOLOGICAL DATA (WS FORM: F-6) , PAGE 2

                                          STATION:  COLORADO SPRINGS CO
                                          MONTH:    JULY
                                          YEAR:     2016
                                          LATITUDE:   38 49 N
                                          LONGITUDE: 104 43 W

[TEMPERATURE DATA]      [PRECIPITATION DATA]       SYMBOLS USED IN COLUMN 16

AVERAGE MONTHLY: 74.7   TOTAL FOR MONTH:   1.86    1 = FOG OR MIST
DPTR FM NORMAL:   3.9   DPTR FM NORMAL:   -0.55    2 = FOG REDUCING VISIBILITY
HIGHEST:    96 ON 20,19 GRTST 24HR  0.81 ON  7- 8      TO 1/4 MILE OR LESS
LOWEST:     55 ON 15, 9                            3 = THUNDER
                        SNOW, ICE PELLETS, HAIL    4 = ICE PELLETS
                        TOTAL MONTH:    T          5 = HAIL
                        GRTST 24HR    T  ON 14-14  6 = FREEZING RAIN OR DRIZZLE
                        GRTST DEPTH:   0           7 = DUSTSTORM OR SANDSTORM:
                                                       VSBY 1/2 MILE OR LESS
                                                   8 = SMOKE OR HAZE
[NO. OF DAYS WITH]      [WEATHER - DAYS WITH]      9 = BLOWING SNOW
                                                   X = TORNADO
MAX 32 OR BELOW:   0    0.01 INCH OR MORE:   9
MAX 90 OR ABOVE:  18    0.10 INCH OR MORE:   7
MIN 32 OR BELOW:   0    0.50 INCH OR MORE:   1
MIN  0 OR BELOW:   0    1.00 INCH OR MORE:   0

[HDD (BASE 65) ]
TOTAL THIS MO.     0    CLEAR  (SCALE 0-3)   5
DPTR FM NORMAL    -3    PTCLDY (SCALE 4-7)  21
TOTAL FM JUL 1     0    CLOUDY (SCALE 8-10)  1
DPTR FM NORMAL    -3

[CDD (BASE 65) ]
TOTAL THIS MO.   266
DPTR FM NORMAL   101    [PRESSURE DATA]
TOTAL FM JAN 1   449    HIGHEST SLP M ON M
DPTR FM NORMAL   191    LOWEST  SLP 29.71 ON M

[REMARKS]
