000
CXUS54 KCRP 241300
CF6COT
PRELIMINARY LOCAL CLIMATOLOGICAL DATA (WS FORM: F-6)

                                          STATION:   COTULLA
                                          MONTH:     FEBRUARY
                                          YEAR:      2017
                                          LATITUDE:   28 27 N
                                          LONGITUDE:  99 13 W

  TEMPERATURE IN F:       :PCPN:    SNOW:  WIND      :SUNSHINE: SKY     :PK WND
================================================================================
1   2   3   4   5  6A  6B    7    8   9   10  11  12  13   14  15   16   17  18
                                     12Z  AVG MX 2MIN
DY MAX MIN AVG DEP HDD CDD  WTR  SNW DPTH SPD SPD DIR MIN PSBL S-S WX    SPD DR
================================================================================

 1  91  50  71  14   0   6 0.00  0.0    0  4.3  9 100   M    M   0 18     13 230
 2  72  59  66   9   0   1 0.00  0.0    0  8.8 15  60   M    M   8 18     19  60
 3  61  53  57   0   8   0    T  0.0    0 10.2 17  60   M    M  10        22  60
 4  58  51  55  -2  10   0    T  0.0    0  5.6 10  40   M    M   9 18     13  40
 5  70  55  63   6   2   0 0.02  0.0    0  4.2 14 150   M    M   9 18     17 140
 6  87  68  78  20   0  13    T  0.0    0  6.3 14 150   M    M   6 1      19 160
 7  91  60  76  18   0  11 0.01  0.0    0  3.7 14 320   M    M   3 1      18 330
 8  96  52  74  16   0   9 0.00  0.0    0  9.0 21 330   M    M   0        27  40
 9  78  48  63   5   2   0 0.00  0.0    0  8.1 17  50   M    M   0        23  50
10  84  54  69  11   0   4 0.00  0.0    0  5.6 16 140   M    M   4        22 150
11  93  63  78  20   0  13 0.00  0.0    0  7.2 13 160   M    M   2 128    18 170
12  91  65  78  20   0  13 0.00  0.0    0  9.8 21 120   M    M   2 18     27 120
13  87  66  77  18   0  12 0.02  0.0    0 14.2 26 140   M    M   8 18     34 140
14  72  52  62   3   3   0 0.13  0.0    0 14.1 28 340   M    M   4 1      36 350
15  69  47  58  -1   7   0 0.00  0.0    0  9.1 21 340   M    M   2        29 360
16  74  42  58  -1   7   0 0.00  0.0    0  5.7 14 130   M    M   0        18 150
17  85  52  69  10   0   4 0.00  0.0    0  6.9 13 250   M    M   0        22 210
18  93  53  73  13   0   8 0.00  0.0    0  7.0 21 130   M    M   0        25 120
19  88  61  75  15   0  10 1.04  0.0    0 10.1 26 340   M    M   5 138    38 330
20  82  58  70  10   0   5 0.25  0.0    0  6.6 16 270   M    M   2 13     23 270
21  89  50  70  10   0   5 0.00  0.0    0  8.7 24 320   M    M   0        34 330
22  95  48  72  12   0   7 0.00  0.0    0  3.8 12 290   M    M   0        16 310
23 100  55  78  17   0  13 0.00  0.0    0  7.4 16 180   M    M   0        24 180
================================================================================
SM 1906 1262        39 134  1.47     0.0 176.4          M       74
================================================================================
AV 82.9 54.9                               7.7 FASTST   M    M   3    MAX(MPH)
                                 MISC ---->  # 28 340               # 38  330
================================================================================
NOTES:
# LAST OF SEVERAL OCCURRENCES

COLUMN 17 PEAK WIND IN M.P.H.

PRELIMINARY LOCAL CLIMATOLOGICAL DATA (WS FORM: F-6) , PAGE 2

                                          STATION:  COTULLA
                                          MONTH:    FEBRUARY
                                          YEAR:     2017
                                          LATITUDE:   28 27 N
                                          LONGITUDE:  99 13 W

[TEMPERATURE DATA]      [PRECIPITATION DATA]       SYMBOLS USED IN COLUMN 16

AVERAGE MONTHLY: 68.9   TOTAL FOR MONTH:   1.47    1 = FOG OR MIST
DPTR FM NORMAL:  10.3   DPTR FM NORMAL:    0.36    2 = FOG REDUCING VISIBILITY
HIGHEST:   100 ON 23    GRTST 24HR  1.29 ON 19-20      TO 1/4 MILE OR LESS
LOWEST:     42 ON 16                               3 = THUNDER
                        SNOW, ICE PELLETS, HAIL    4 = ICE PELLETS
                        TOTAL MONTH:   0.0 INCH    5 = HAIL
                        GRTST 24HR     0.0         6 = FREEZING RAIN OR DRIZZLE
                        GRTST DEPTH:   0           7 = DUSTSTORM OR SANDSTORM:
                                                       VSBY 1/2 MILE OR LESS
                                                   8 = SMOKE OR HAZE
[NO. OF DAYS WITH]      [WEATHER - DAYS WITH]      9 = BLOWING SNOW
                                                   X = TORNADO
MAX 32 OR BELOW:   0    0.01 INCH OR MORE:   6
MAX 90 OR ABOVE:   8    0.10 INCH OR MORE:   3
MIN 32 OR BELOW:   0    0.50 INCH OR MORE:   1
MIN  0 OR BELOW:   0    1.00 INCH OR MORE:   1

[HDD (BASE 65) ]
TOTAL THIS MO.    39    CLEAR  (SCALE 0-3)  14
DPTR FM NORMAL  -137    PTCLDY (SCALE 4-7)   5
TOTAL FM JUL 1   419    CLOUDY (SCALE 8-10)  4
DPTR FM NORMAL  -531

[CDD (BASE 65) ]
TOTAL THIS MO.   134
DPTR FM NORMAL   107    [PRESSURE DATA]
TOTAL FM JAN 1   230    HIGHEST SLP M ON M
DPTR FM NORMAL   186    LOWEST  SLP 29.48 ON 23

[REMARKS]
