000
CXUS55 KRIW 170945
CF6CPR
PRELIMINARY LOCAL CLIMATOLOGICAL DATA (WS FORM: F-6)

                                          STATION:   CASPER WY
                                          MONTH:     JANUARY
                                          YEAR:      2017
                                          LATITUDE:   42 55 N
                                          LONGITUDE: 106 28 W

  TEMPERATURE IN F:       :PCPN:    SNOW:  WIND      :SUNSHINE: SKY     :PK WND
================================================================================
1   2   3   4   5  6A  6B    7    8   9   10  11  12  13   14  15   16   17  18
                                     12Z  AVG MX 2MIN
DY MAX MIN AVG DEP HDD CDD  WTR  SNW DPTH SPD SPD DIR MIN PSBL S-S WX    SPD DR
================================================================================

 1  37  12  25   1  40   0    T    T    1 18.0 40 210   M    M   3 1      48 210
 2  13   0   7 -17  58   0 0.06  1.4    1  7.9 20 350   M    M   9 1      23 350
 3   7  -5   1 -23  64   0 0.00  0.0    1  4.0 10  10   M    M   8 8      12  10
 4   5  -8  -1 -25  66   0 0.11  3.0    2  6.3 17  20   M    M  10 18     21  10
 5   3 -28 -12 -36  77   0 0.00  0.0    2  9.4 20 220   M    M   1        26 230
 6  12 -10   1 -24  64   0 0.00  0.0    1 20.2 35 220   M    M   0        43 210
 7  26   9  18  -7  47   0 0.00  0.0    1 23.0 49 220   M    M   1        61 210
 8  40  24  32   7  33   0 0.00  0.0    1 24.9 44 220   M    M   2        56 220
 9  42  33  38  13  27   0    T  0.0    1 24.7 43 210   M    M   5        54 220
10  40  23  32   7  33   0 0.00  0.0    T 26.1 44 240   M    M   0        54 250
11  38   2  20  -5  45   0 0.02  0.3    T  6.3 36 230   M    M   6 18     48 230
12  21   4  13 -12  52   0 0.00  0.0    T  5.6 16 340   M    M   4        18 340
13  36   8  22  -3  43   0 0.00  0.0    0 10.7 18 230   M    M   0        21 220
14  37  16  27   2  38   0 0.00  0.0    0 13.3 25 210   M    M   0        30 210
15  31  16  24  -1  41   0 0.00  0.0    0 11.5 20 240   M    M   0        23 230
16  33   5  19  -6  46   0 0.00  0.0    M 11.1 25 230   M    M   0        36 230
================================================================================
SM  421  101       774   0  0.19     4.7 223.0          M       49
================================================================================
AV 26.3  6.3                              13.9 FASTST   M    M   3    MAX(MPH)
                                 MISC ---->  # 49 220               # 61  210
================================================================================
NOTES:
# LAST OF SEVERAL OCCURRENCES

COLUMN 17 PEAK WIND IN M.P.H.

PRELIMINARY LOCAL CLIMATOLOGICAL DATA (WS FORM: F-6) , PAGE 2

                                          STATION:  CASPER WY
                                          MONTH:    JANUARY
                                          YEAR:     2017
                                          LATITUDE:   42 55 N
                                          LONGITUDE: 106 28 W

[TEMPERATURE DATA]      [PRECIPITATION DATA]       SYMBOLS USED IN COLUMN 16

AVERAGE MONTHLY: 16.3   TOTAL FOR MONTH:   0.19    1 = FOG OR MIST
DPTR FM NORMAL:  -8.4   DPTR FM NORMAL:   -0.07    2 = FOG REDUCING VISIBILITY
HIGHEST:    42 ON  9    GRTST 24HR  0.11 ON  4- 4      TO 1/4 MILE OR LESS
LOWEST:    -28 ON  5                               3 = THUNDER
                        SNOW, ICE PELLETS, HAIL    4 = ICE PELLETS
                        TOTAL MONTH:   4.7 INCHES  5 = HAIL
                        GRTST 24HR   3.0 ON  4- 4  6 = FREEZING RAIN OR DRIZZLE
                        GRTST DEPTH:   2 ON  5, 4  7 = DUSTSTORM OR SANDSTORM:
                                                       VSBY 1/2 MILE OR LESS
                                                   8 = SMOKE OR HAZE
[NO. OF DAYS WITH]      [WEATHER - DAYS WITH]      9 = BLOWING SNOW
                                                   X = TORNADO
MAX 32 OR BELOW:   8    0.01 INCH OR MORE:   3
MAX 90 OR ABOVE:   0    0.10 INCH OR MORE:   1
MIN 32 OR BELOW:  15    0.50 INCH OR MORE:   0
MIN  0 OR BELOW:   5    1.00 INCH OR MORE:   0

[HDD (BASE 65) ]
TOTAL THIS MO.   774    CLEAR  (SCALE 0-3)  10
DPTR FM NORMAL   129    PTCLDY (SCALE 4-7)   3
TOTAL FM JUL 1  3657    CLOUDY (SCALE 8-10)  3
DPTR FM NORMAL  -117

[CDD (BASE 65) ]
TOTAL THIS MO.     0
DPTR FM NORMAL     0    [PRESSURE DATA]
TOTAL FM JAN 1     0    HIGHEST SLP M ON M
DPTR FM NORMAL     0    LOWEST  SLP 29.43 ON 11

[REMARKS]
