000
CXUS55 KLOX 301655
CF6CQT
PRELIMINARY LOCAL CLIMATOLOGICAL DATA (WS FORM: F-6)

                                          STATION:   DOWNTOWN LOS ANGELES (USC) CA
                                          MONTH:     APRIL
                                          YEAR:      2016
                                          LATITUDE:   34  1 N
                                          LONGITUDE: 118 17 W

  TEMPERATURE IN F:       :PCPN:    SNOW:  WIND      :SUNSHINE: SKY     :PK WND
================================================================================
1   2   3   4   5  6A  6B    7    8   9   10  11  12  13   14  15   16   17  18
                                     12Z  AVG MX 2MIN
DY MAX MIN AVG DEP HDD CDD  WTR  SNW DPTH SPD SPD DIR MIN PSBL S-S WX    SPD DR
================================================================================

 1  72  54  63   1   2   0 0.00  0.0    0  1.9  9 270   M    M   1        15 280
 2  76  54  65   3   0   0 0.00  0.0    0  2.0  9 270   M    M   0 8      15 280
 3  79  56  68   6   0   3 0.00  0.0    0  1.6 10 270   M    M   0 8      14 270
 4  80  58  69   7   0   4 0.00  0.0    0  1.6  9 270   M    M   0 8      13 270
 5  85  56  71   9   0   6 0.00  0.0    0  1.5  7 280   M    M   0 8      12 270
 6  88  59  74  12   0   9 0.00  0.0    0  1.3 12 280   M    M   0 18     17 280
 7  69  59  64   2   1   0 0.06  0.0    0  0.7  8 270   M    M   5 18     14 120
 8  61  59  60  -2   5   0 0.14  0.0    0  0.4  6 270   M    M  10 1       9 270
 9  64  60  62   0   3   0 0.04  0.0    0  2.6  8  60   M    M   9 1      15 170
10  70  58  64   2   1   0 0.00  0.0    0  1.6 13 280   M    M   7        17 280
11  73  59  66   4   0   1 0.00  0.0    0  2.1 10 270   M    M   4        19 280
12  75  56  66   3   0   1 0.00  0.0    0  1.8  9 270   M    M   0 8      16 270
13  73  57  65   2   0   0 0.00  0.0    0  2.2  9 270   M    M   3 1      15 280
14  72  57  65   2   0   0 0.00  0.0    0  2.8 16 330   M    M   2 8      29 330
15  81  59  70   7   0   5 0.00  0.0    0  6.6 17 330   M    M   0        29 330
16  82  58  70   7   0   5 0.00  0.0    0  0.9  7 270   M    M   0        14 270
17  89  58  74  11   0   9 0.00  0.0    0  2.6 13 270   M    M   0        21 280
18  89  59  74  11   0   9 0.00  0.0    0  1.8  9 280   M    M   0 8      16 270
19  89  62  76  12   0  11 0.00  0.0    0  1.2 10 270   M    M   0 8      16 270
20  87  60  74  10   0   9 0.00  0.0    0  1.4 10 270   M    M   0        18 270
21  78  58  68   4   0   3 0.00  0.0    0  1.4 12 280   M    M   0        18 270
22  73  60  67   3   0   2 0.00  0.0    0  2.6 13 270   M    M   2 8      25 260
23  76  57  67   3   0   2 0.00  0.0    0  2.8 13 270   M    M   0        19 270
24  75  58  67   3   0   2 0.00  0.0    0  3.1 10 280   M    M   0        16 280
25  69  55  62  -2   3   0 0.00  0.0    0  4.3 15 320   M    M   2        28 270
26  70  53  62  -2   3   0 0.00  0.0    0  2.5 10 270   M    M   0        17 270
27  70  55  63  -1   2   0 0.00  0.0    0  2.9 13 270   M    M   0 8      21 280
28  71  55  63  -1   2   0 0.00  0.0    0  2.5 10 270   M    M   1        18 280
29  69  56  63  -2   2   0 0.00  0.0    0  2.8  9 280   M    M   4        17 280
================================================================================
SM 2205 1665        24  81  0.24     0.0  63.5          M       50
================================================================================
AV 76.0 57.4                               2.2 FASTST   M    M   2    MAX(MPH)
                                 MISC ---->  # 17 330               # 29  330
================================================================================
NOTES:
# LAST OF SEVERAL OCCURRENCES

COLUMN 17 PEAK WIND IN M.P.H.

PRELIMINARY LOCAL CLIMATOLOGICAL DATA (WS FORM: F-6) , PAGE 2

                                          STATION:  DOWNTOWN LOS ANGELES (USC) CA
                                          MONTH:    APRIL
                                          YEAR:     2016
                                          LATITUDE:   34  1 N
                                          LONGITUDE: 118 17 W

[TEMPERATURE DATA]      [PRECIPITATION DATA]       SYMBOLS USED IN COLUMN 16

AVERAGE MONTHLY: 66.7   TOTAL FOR MONTH:   0.24    1 = FOG OR MIST
DPTR FM NORMAL:   3.7   DPTR FM NORMAL:   -0.65    2 = FOG REDUCING VISIBILITY
HIGHEST:    89 ON 19,18 GRTST 24HR  0.15 ON  7- 8      TO 1/4 MILE OR LESS
LOWEST:     53 ON 26                               3 = THUNDER
                        SNOW, ICE PELLETS, HAIL    4 = ICE PELLETS
                        TOTAL MONTH:   0.0 INCH    5 = HAIL
                        GRTST 24HR     0.0         6 = FREEZING RAIN OR DRIZZLE
                        GRTST DEPTH:   0           7 = DUSTSTORM OR SANDSTORM:
                                                       VSBY 1/2 MILE OR LESS
                                                   8 = SMOKE OR HAZE
[NO. OF DAYS WITH]      [WEATHER - DAYS WITH]      9 = BLOWING SNOW
                                                   X = TORNADO
MAX 32 OR BELOW:   0    0.01 INCH OR MORE:   3
MAX 90 OR ABOVE:   0    0.10 INCH OR MORE:   1
MIN 32 OR BELOW:   0    0.50 INCH OR MORE:   0
MIN  0 OR BELOW:   0    1.00 INCH OR MORE:   0

[HDD (BASE 65) ]
TOTAL THIS MO.    24    CLEAR  (SCALE 0-3)  22
DPTR FM NORMAL   -73    PTCLDY (SCALE 4-7)   5
TOTAL FM JUL 1   736    CLOUDY (SCALE 8-10)  2
DPTR FM NORMAL  -293

[CDD (BASE 65) ]
TOTAL THIS MO.    81
DPTR FM NORMAL    40    [PRESSURE DATA]
TOTAL FM JAN 1   179    HIGHEST SLP M ON M
DPTR FM NORMAL    95    LOWEST  SLP 29.69 ON 27

[REMARKS]
