000
CXUS52 KILM 291000
CF6CRE
PRELIMINARY LOCAL CLIMATOLOGICAL DATA (WS FORM: F-6)

                                          STATION:   NORTH MYRTLE BEACH SC
                                          MONTH:     JULY
                                          YEAR:      2015
                                          LATITUDE:   33 49 N
                                          LONGITUDE:  78 43 W

  TEMPERATURE IN F:       :PCPN:    SNOW:  WIND      :SUNSHINE: SKY     :PK WND
================================================================================
1   2   3   4   5  6A  6B    7    8   9   10  11  12  13   14  15   16   17  18
                                     12Z  AVG MX 2MIN
DY MAX MIN AVG DEP HDD CDD  WTR  SNW DPTH SPD SPD DIR MIN PSBL S-S WX    SPD DR
================================================================================

 1  86  73  80   0   0  15 0.00    M    M  7.4 16 190   M    M   3        19 200
 2  91  71  81   1   0  16 0.77    M    M 11.2 29 210   M    M   1 138    36 210
 3  85  71  78  -2   0  13 0.44    M    M 10.7 28 220   M    M   3 13     33 220
 4  92  76  84   4   0  19 0.00    M    M 12.9 21 210   M    M   1        28 220
 5  85  75  80   0   0  15    T    M    M 10.5 22 220   M    M   1        27 200
 6  85  75  80   0   0  15 0.00    M    M  9.8 17 190   M    M   2        22 200
 7  86  74  80   0   0  15 0.00    M    M 10.0 20 210   M    M   1 3      24 210
 8  87  78  83   3   0  18 0.00    M    M 11.4 21 200   M    M   1        26 210
 9  91  76  84   4   0  19 0.00    M    M 11.2 22 210   M    M   0        28 220
10  95  77  86   5   0  21 0.00    M    M  8.6 16 210   M    M   0        20 220
11  97  76  87   6   0  22 0.05    M    M  7.4 17 200   M    M   2 3      20 190
12  91  73  82   1   0  17 0.00    M    M  6.9 12 210   M    M   1        15 220
13  87  72  80  -1   0  15 1.40    M    M 10.0 31 210   M    M   0 13     42 210
14  90  75  83   2   0  18 0.02    M    M  9.5 18 220   M    M   1 3      23 220
15  91  78  85   4   0  20    T    M    M  9.2 20 210   M    M   2 18     24 200
16  88  76  82   1   0  17    T    M    M  7.5 15 100   M    M   4 18     19  90
17  86  74  80  -1   0  15 0.01    M    M  7.2 14 140   M    M   4 1      20 130
18  87  71  79  -2   0  14    T    M    M  5.9 14 180   M    M   0 1      18 180
19  88  76  82   1   0  17    T    M    M  7.7 22 200   M    M   0 1      28 200
20  89  77  83   3   0  18 0.00    M    M 10.8 22 220   M    M   0        30 220
21  93  80  87   7   0  22    T    M    M 11.0 24 210   M    M   1 3      29 200
22  95  78  87   7   0  22 0.00    M    M  7.0 16 220   M    M   1        19 220
23  89  76  83   3   0  18 1.03    M    M  7.6 22 200   M    M   2 138    27 180
24  86  73  80   0   0  15 0.01    M    M  4.7 13 110   M    M   6 1      17 100
25  89  69  79  -1   0  14 0.00    M    M  8.4 18  50   M    M   0 1      22  50
26  87  69  78  -2   0  13 0.00    M    M  8.7 17 100   M    M   1        22 130
27  88  74  81   1   0  16    T    M    M  7.8 21  60   M    M   1        27  70
28  87  73  80   0   0  15 0.00    M    M  8.1 17  90   M    M   0        22  90
================================================================================
SM 2491 2086         0 474  3.73    M    249.1          M       39
================================================================================
AV 89.0 74.5                               8.9 FASTST   M    M   1    MAX(MPH)
                                 MISC ---->  # 31 210               # 42  210
================================================================================
NOTES:
# LAST OF SEVERAL OCCURRENCES

COLUMN 17 PEAK WIND IN M.P.H.

PRELIMINARY LOCAL CLIMATOLOGICAL DATA (WS FORM: F-6) , PAGE 2

                                          STATION:  NORTH MYRTLE BEACH SC
                                          MONTH:    JULY
                                          YEAR:     2015
                                          LATITUDE:   33 49 N
                                          LONGITUDE:  78 43 W

[TEMPERATURE DATA]      [PRECIPITATION DATA]       SYMBOLS USED IN COLUMN 16

AVERAGE MONTHLY: 81.7   TOTAL FOR MONTH:   3.73    1 = FOG OR MIST
DPTR FM NORMAL:   1.4   DPTR FM NORMAL:   -1.60    2 = FOG REDUCING VISIBILITY
HIGHEST:    97 ON 11    GRTST 24HR  1.42 ON 13-14      TO 1/4 MILE OR LESS
LOWEST:     69 ON 26,25                            3 = THUNDER
                        SNOW, ICE PELLETS, HAIL    4 = ICE PELLETS
                        TOTAL MONTH:    M          5 = HAIL
                        GRTST 24HR    M  ON   M    6 = FREEZING RAIN OR DRIZZLE
                        GRTST DEPTH:  M  ON   M    7 = DUSTSTORM OR SANDSTORM:
                                                       VSBY 1/2 MILE OR LESS
                                                   8 = SMOKE OR HAZE
[NO. OF DAYS WITH]      [WEATHER - DAYS WITH]      9 = BLOWING SNOW
                                                   X = TORNADO
MAX 32 OR BELOW:   0    0.01 INCH OR MORE:   8
MAX 90 OR ABOVE:  10    0.10 INCH OR MORE:   4
MIN 32 OR BELOW:   0    0.50 INCH OR MORE:   3
MIN  0 OR BELOW:   0    1.00 INCH OR MORE:   2

[HDD (BASE 65) ]
TOTAL THIS MO.     0    CLEAR  (SCALE 0-3)  24
DPTR FM NORMAL     0    PTCLDY (SCALE 4-7)   4
TOTAL FM JUL 1     0    CLOUDY (SCALE 8-10)  0
DPTR FM NORMAL     0

[CDD (BASE 65) ]
TOTAL THIS MO.   474
DPTR FM NORMAL    42    [PRESSURE DATA]
TOTAL FM JAN 1  1208    HIGHEST SLP M ON M
DPTR FM NORMAL   207    LOWEST  SLP 29.68 ON 14

[REMARKS]
