000
CXUS52 KJAX 010800
CF6CRG
PRELIMINARY LOCAL CLIMATOLOGICAL DATA (WS FORM: F-6)

                                          STATION:   CRAIG MUNI ARPT FL
                                          MONTH:     SEPTEMBER
                                          YEAR:      2014
                                          LATITUDE:   30 19 N
                                          LONGITUDE:  81 31 W

  TEMPERATURE IN F:       :PCPN:    SNOW:  WIND      :SUNSHINE: SKY     :PK WND
================================================================================
1   2   3   4   5  6A  6B    7    8   9   10  11  12  13   14  15   16   17  18
                                     12Z  AVG MX 2MIN
DY MAX MIN AVG DEP HDD CDD  WTR  SNW DPTH SPD SPD DIR MIN PSBL S-S WX    SPD DR
================================================================================

 1  94  74  84   4   0  19 0.00  0.0    0  4.4 14 140   M    M   1 3      17 150
 2  91  75  83   3   0  18 0.55  0.0    0  2.6 15 170   M    M   1 3      25 230
 3  90  73  82   2   0  17 0.00  0.0    0  4.4 16 140   M    M   1 1      22 140
 4  88  73  81   1   0  16 0.03  0.0    0  3.7 15 140   M    M   2 1      17 130
 5  86  73  80   0   0  15 0.07  0.0    0  3.2 23 290   M    M   4 13     27 290
 6  88  73  81   1   0  16 0.01  0.0    0  7.1 15 250   M    M   7        21 230
 7  79  73  76  -4   0  11 2.09  0.0    0  5.7 18 230   M    M   8 1      23 230
 8  88  74  81   1   0  16 0.61  0.0    0  5.1 26 230   M    M   4 13     32 230
 9  84  74  79  -1   0  14 0.02  0.0    0  3.5 12 170   M    M   4 13     15 160
10  89  73  81   1   0  16    T  0.0    0  3.0 13 110   M    M   1 3      18 140
11  88  73  81   2   0  16 0.00  0.0    0  3.3 12 110   M    M   1        16 110
12  89  74  82   3   0  17 0.00  0.0    0  5.0 14  80   M    M   1        17 110
13  91  75  83   4   0  18 0.00  0.0    0  5.4 14 140   M    M   0        18 140
14  89  74  82   3   0  17 0.00  0.0    0  4.9 14 100   M    M   0 3      18 110
15  89  73  81   2   0  16 0.04  0.0    0  3.3 20 230   M    M   2 3      27 220
16  85  73  79   0   0  14 3.02  0.0    0  5.3 23 310   M    M   4 123    32 330
17  87  72  80   2   0  15    T  0.0    0  4.2 12 320   M    M   2        14 310
18  89  72  81   3   0  16 0.00  0.0    0  3.7 13 100   M    M   1 1      17 110
19  85  73  79   1   0  14 0.01  0.0    0  4.1 17 100   M    M   1 3      22 100
20  78  71  75  -3   0  10 1.14  0.0    0  6.6 16  20   M    M   7 18     23  20
21  86  67  77  -1   0  12 0.00  0.0    0  4.6  9  70   M    M   0        11 150
22  89  66  78   0   0  13 0.25  0.0    0  4.3 14 160   M    M   2 1      19 160
23  78  71  75  -2   0  10 0.68  0.0    0  9.7 22  50   M    M   9 18     32  50
24  73  64  69  -8   0   4    T  0.0    0 10.1 17 350   M    M  10 1      27  20
25  79  65  72  -5   0   7 0.00  0.0    0  7.5 12  50   M    M   6        14  10
26  81  70  76  -1   0  11 0.01  0.0    0 10.4 18  30   M    M   9 1      25  30
27  81  74  78   2   0  13 0.04  0.0    0  8.8 17  30   M    M   9 1      22  30
28  87  75  81   5   0  16 0.34  0.0    0  5.8 14  90   M    M   5 18     17  90
29  81  73  77   1   0  12 1.94  0.0    0  3.2 13 330   M    M   7 13     16 330
30  80  72  76   0   0  11 0.02  0.0    0  6.7 16  40   M    M  10 1      21  30
================================================================================
SM 2562 2162         0 420 10.87     0.0 159.6          M      119
================================================================================
AV 85.4 72.1                               5.3 FASTST   M    M   4    MAX(MPH)
                                 MISC ---->  # 26 230               # 32  230
================================================================================
NOTES:
# LAST OF SEVERAL OCCURRENCES

COLUMN 17 PEAK WIND IN M.P.H.

PRELIMINARY LOCAL CLIMATOLOGICAL DATA (WS FORM: F-6) , PAGE 2

                                          STATION:  CRAIG MUNI ARPT FL
                                          MONTH:    SEPTEMBER
                                          YEAR:     2014
                                          LATITUDE:   30 19 N
                                          LONGITUDE:  81 31 W

[TEMPERATURE DATA]      [PRECIPITATION DATA]       SYMBOLS USED IN COLUMN 16

AVERAGE MONTHLY: 78.7   TOTAL FOR MONTH:  10.87    1 = FOG OR MIST
DPTR FM NORMAL:   0.3   DPTR FM NORMAL:    3.93    2 = FOG REDUCING VISIBILITY
HIGHEST:    94 ON  1    GRTST 24HR  3.05 ON 15-16      TO 1/4 MILE OR LESS
LOWEST:     64 ON 24                               3 = THUNDER
                        SNOW, ICE PELLETS, HAIL    4 = ICE PELLETS
                        TOTAL MONTH:   0.0 INCH    5 = HAIL
                        GRTST 24HR     0.0         6 = FREEZING RAIN OR DRIZZLE
                        GRTST DEPTH:   0           7 = DUSTSTORM OR SANDSTORM:
                                                       VSBY 1/2 MILE OR LESS
                                                   8 = SMOKE OR HAZE
[NO. OF DAYS WITH]      [WEATHER - DAYS WITH]      9 = BLOWING SNOW
                                                   X = TORNADO
MAX 32 OR BELOW:   0    0.01 INCH OR MORE:  18
MAX 90 OR ABOVE:   4    0.10 INCH OR MORE:   9
MIN 32 OR BELOW:   0    0.50 INCH OR MORE:   7
MIN  0 OR BELOW:   0    1.00 INCH OR MORE:   4

[HDD (BASE 65) ]
TOTAL THIS MO.     0    CLEAR  (SCALE 0-3)  15
DPTR FM NORMAL     0    PTCLDY (SCALE 4-7)  10
TOTAL FM JUL 1     0    CLOUDY (SCALE 8-10)  5
DPTR FM NORMAL     0

[CDD (BASE 65) ]
TOTAL THIS MO.   420
DPTR FM NORMAL    16    [PRESSURE DATA]
TOTAL FM JAN 1  2647    HIGHEST SLP 30.18 ON 24
DPTR FM NORMAL   322    LOWEST  SLP 29.80 ON 30

[REMARKS]
#FINAL-09-14#
