000
CXUS54 KCRP 011441
CF6CRP
PRELIMINARY LOCAL CLIMATOLOGICAL DATA (WS FORM: F-6)

                                          STATION:   CORPUS CHRISTI
                                          MONTH:     SEPTEMBER
                                          YEAR:      2016
                                          LATITUDE:   27 46 N
                                          LONGITUDE:  97 30 W

  TEMPERATURE IN F:       :PCPN:    SNOW:  WIND      :SUNSHINE: SKY     :PK WND
================================================================================
1   2   3   4   5  6A  6B    7    8   9   10  11  12  13   14  15   16   17  18
                                     12Z  AVG MX 2MIN
DY MAX MIN AVG DEP HDD CDD  WTR  SNW DPTH SPD SPD DIR MIN PSBL S-S WX    SPD DR
================================================================================

 1  95  75  85   1   0  20    T  0.0    0  5.8 20  40   M    M   5 38     24  40
 2  96  76  86   2   0  21    T  0.0    0  6.4 16  60   M    M   6 3      21  50
 3  94  75  85   2   0  20 0.00  0.0    0  8.3 18 110   M    M   4 13     22 110
 4  97  78  88   5   0  23 0.11  0.0    0  7.8 32 180   M    M   5 13     43 180
 5  95  79  87   4   0  22 0.00  0.0    0 11.5 23 140   M    M   6        29 130
 6  96  80  88   5   0  23 0.01  0.0    0 11.8 23 150   M    M   4 1      29 150
 7  97  80  89   6   0  24 0.00  0.0    0 10.6 21 130   M    M   2 1      28 140
 8  97  75  86   3   0  21 0.00  0.0    0  9.2 18 140   M    M   2        25 140
 9  97  75  86   4   0  21 0.00  0.0    0  9.2 18 120   M    M   5 1      24 130
10  96  76  86   4   0  21 0.01  0.0    0  5.8 16  80   M    M   3 3      20  80
11  95  75  85   3   0  20 0.34  0.0    0  5.6 14  70   M    M   4 13     18  30
12  93  75  84   2   0  19 0.00  0.0    0  5.8 16 100   M    M   3        19  90
13  95  76  86   4   0  21 0.00  0.0    0  6.0 17  90   M    M   5 8      21 110
14  93  78  86   5   0  21 0.01  0.0    0  8.6 21  50   M    M   6        25  50
15  94  77  86   5   0  21 0.00  0.0    0  9.7 17  80   M    M   5 8      24 110
16  95  76  86   5   0  21 0.00  0.0    0  6.3 15 150   M    M   5 138    18 150
17  95  77  86   5   0  21    T  0.0    0  6.8 18 160   M    M   4 3      24 160
18  99  77  88   7   0  23 0.00  0.0    0  7.6 16 120   M    M   3        20 120
19  98  77  88   8   0  23 0.00  0.0    0  6.8 16 100   M    M   4 18     23  80
20  98  76  87   7   0  22 0.00  0.0    0  4.7 14 110   M    M   3        18  80
21  94  77  86   6   0  21 0.00  0.0    0  7.8 16 100   M    M   4 8      30  50
22  94  77  86   6   0  21 0.14  0.0    0  6.2 15 130   M    M   7 13     20 220
23  95  76  86   6   0  21 0.00  0.0    0  8.6 22 130   M    M   5 8      28 120
24  92  77  85   6   0  20 0.27  0.0    0 10.8 23 140   M    M   4 138    29 120
25  90  76  83   4   0  18 0.22  0.0    0 10.1 24 120   M    M   7 138    32 130
26  86  74  80   1   0  15 1.94  0.0    0  9.8 21  10   M    M   9 13     25  70
27  84  70  77  -2   0  12 0.00  0.0    0 10.2 18  10   M    M   9 18     23 360
28  91  70  81   3   0  16 0.00  0.0    0  6.6 13 360   M    M   3        15 360
29  92  72  82   4   0  17 0.00  0.0    0  8.6 20  40   M    M   3        24  50
30  86  64  75  -3   0  10 0.00  0.0    0  9.0 16  40   M    M   4 8      22  40
================================================================================
SM 2819 2266         0 599  3.05     0.0 242.0          M      139
================================================================================
AV 94.0 75.5                               8.1 FASTST   M    M   5    MAX(MPH)
                                 MISC ---->  # 32 180               # 43  180
================================================================================
NOTES:
# LAST OF SEVERAL OCCURRENCES

COLUMN 17 PEAK WIND IN M.P.H.

PRELIMINARY LOCAL CLIMATOLOGICAL DATA (WS FORM: F-6) , PAGE 2

                                          STATION:  CORPUS CHRISTI
                                          MONTH:    SEPTEMBER
                                          YEAR:     2016
                                          LATITUDE:   27 46 N
                                          LONGITUDE:  97 30 W

[TEMPERATURE DATA]      [PRECIPITATION DATA]       SYMBOLS USED IN COLUMN 16

AVERAGE MONTHLY: 84.8   TOTAL FOR MONTH:   3.05    1 = FOG OR MIST
DPTR FM NORMAL:   3.8   DPTR FM NORMAL:   -1.93    2 = FOG REDUCING VISIBILITY
HIGHEST:    99 ON 18    GRTST 24HR  2.16 ON 25-26      TO 1/4 MILE OR LESS
LOWEST:     64 ON 30                               3 = THUNDER
                        SNOW, ICE PELLETS, HAIL    4 = ICE PELLETS
                        TOTAL MONTH:   0.0 INCH    5 = HAIL
                        GRTST 24HR     0.0         6 = FREEZING RAIN OR DRIZZLE
                        GRTST DEPTH:   0           7 = DUSTSTORM OR SANDSTORM:
                                                       VSBY 1/2 MILE OR LESS
                                                   8 = SMOKE OR HAZE
[NO. OF DAYS WITH]      [WEATHER - DAYS WITH]      9 = BLOWING SNOW
                                                   X = TORNADO
MAX 32 OR BELOW:   0    0.01 INCH OR MORE:   9
MAX 90 OR ABOVE:  27    0.10 INCH OR MORE:   6
MIN 32 OR BELOW:   0    0.50 INCH OR MORE:   1
MIN  0 OR BELOW:   0    1.00 INCH OR MORE:   1

[HDD (BASE 65) ]
TOTAL THIS MO.     0    CLEAR  (SCALE 0-3)   6
DPTR FM NORMAL     0    PTCLDY (SCALE 4-7)  22
TOTAL FM JUL 1     0    CLOUDY (SCALE 8-10)  2
DPTR FM NORMAL     0

[CDD (BASE 65) ]
TOTAL THIS MO.   599
DPTR FM NORMAL   117    [PRESSURE DATA]
TOTAL FM JAN 1  3516    HIGHEST SLP 30.17 ON 30
DPTR FM NORMAL   473    LOWEST  SLP 29.84 ON 24

[REMARKS]
#FINAL-09-16#
