000
CXUS51 KRLX 161129
CF6CRW
PRELIMINARY LOCAL CLIMATOLOGICAL DATA (WS FORM: F-6)

                                          STATION:   CHARLESTON WV
                                          MONTH:     AUGUST
                                          YEAR:      2017
                                          LATITUDE:   38 22 N
                                          LONGITUDE:  81 36 W

  TEMPERATURE IN F:       :PCPN:    SNOW:  WIND      :SUNSHINE: SKY     :PK WND
================================================================================
1   2   3   4   5  6A  6B    7    8   9   10  11  12  13   14  15   16   17  18
                                     12Z  AVG MX 2MIN
DY MAX MIN AVG DEP HDD CDD  WTR  SNW DPTH SPD SPD DIR MIN PSBL S-S WX    SPD DR
================================================================================

 1  86  60  73  -2   0   8 0.00  0.0    0  1.2  9 340   M    M   5 12     12 330
 2  87  61  74  -1   0   9 0.15  0.0    0  1.7 25 240   M    M   5 13     35 230
 3  88  63  76   1   0  11 0.00  0.0    0  1.6 12 250   M    M   5 128    15 250
 4  85  65  75   0   0  10 0.04  0.0    0  7.0 20 220   M    M   6 128    25 320
 5  78  59  69  -6   0   4 0.00  0.0    0  4.3 12 300   M    M   6        16 280
 6  80  58  69  -6   0   4 0.02  0.0    0  1.2  6 140   M    M   8 1       9 340
 7  76  65  71  -4   0   6 0.97  0.0    0  3.6  9 350   M    M  10 128    13 350
 8  81  59  70  -5   0   5 0.00  0.0    0  2.8 10  10   M    M   6 1      15  10
 9  84  54  69  -6   0   4 0.00  0.0    0  1.7  8  50   M    M   4 1      10  50
10  76  63  70  -5   0   5 0.70  0.0    0  1.4  9 140   M    M   9 13     11 180
11  84  67  76   1   0  11 0.01  0.0    0  2.1  9 220   M    M   8 1      13 250
12  84  66  75   0   0  10 0.57  0.0    0  1.4 14 320   M    M   7 138    19 330
13  82  62  72  -3   0   7 0.00  0.0    0  1.2  8  60   M    M   5 12     13  50
14  80  63  72  -3   0   7 0.20  0.0    0  1.1  6 210   M    M   7 13      8 190
15  87  70  79   4   0  14 0.49  0.0    0  2.1 10 170   M    M   7 13     12 170
================================================================================
SM 1238  935         0 115  3.15     0.0  34.4          M       98
================================================================================
AV 82.5 62.3                               2.3 FASTST   M    M   7    MAX(MPH)
                                 MISC ---->  # 25 240               # 35  230
================================================================================
NOTES:
# LAST OF SEVERAL OCCURRENCES

COLUMN 17 PEAK WIND IN M.P.H.

PRELIMINARY LOCAL CLIMATOLOGICAL DATA (WS FORM: F-6) , PAGE 2

                                          STATION:  CHARLESTON WV
                                          MONTH:    AUGUST
                                          YEAR:     2017
                                          LATITUDE:   38 22 N
                                          LONGITUDE:  81 36 W

[TEMPERATURE DATA]      [PRECIPITATION DATA]       SYMBOLS USED IN COLUMN 16

AVERAGE MONTHLY: 72.4   TOTAL FOR MONTH:   3.15    1 = FOG OR MIST
DPTR FM NORMAL:  -2.6   DPTR FM NORMAL:    1.21    2 = FOG REDUCING VISIBILITY
HIGHEST:    88 ON  3    GRTST 24HR  0.97 ON  7- 7      TO 1/4 MILE OR LESS
LOWEST:     54 ON  9                               3 = THUNDER
                        SNOW, ICE PELLETS, HAIL    4 = ICE PELLETS
                        TOTAL MONTH:   0.0 INCH    5 = HAIL
                        GRTST 24HR     0.0         6 = FREEZING RAIN OR DRIZZLE
                        GRTST DEPTH:   0           7 = DUSTSTORM OR SANDSTORM:
                                                       VSBY 1/2 MILE OR LESS
                                                   8 = SMOKE OR HAZE
[NO. OF DAYS WITH]      [WEATHER - DAYS WITH]      9 = BLOWING SNOW
                                                   X = TORNADO
MAX 32 OR BELOW:   0    0.01 INCH OR MORE:   9
MAX 90 OR ABOVE:   0    0.10 INCH OR MORE:   6
MIN 32 OR BELOW:   0    0.50 INCH OR MORE:   3
MIN  0 OR BELOW:   0    1.00 INCH OR MORE:   0

[HDD (BASE 65) ]
TOTAL THIS MO.     0    CLEAR  (SCALE 0-3)   0
DPTR FM NORMAL     0    PTCLDY (SCALE 4-7)  12
TOTAL FM JUL 1     0    CLOUDY (SCALE 8-10)  3
DPTR FM NORMAL     0

[CDD (BASE 65) ]
TOTAL THIS MO.   115
DPTR FM NORMAL   -35    [PRESSURE DATA]
TOTAL FM JAN 1   802    HIGHEST SLP M ON M
DPTR FM NORMAL    -2    LOWEST  SLP 29.85 ON 15

[REMARKS]
