000
CXUS55 KOHX 011010
CF6CSV
PRELIMINARY LOCAL CLIMATOLOGICAL DATA (WS FORM: F-6)

                                          STATION:   CROSSVILLE
                                          MONTH:     JUNE
                                          YEAR:      2015
                                          LATITUDE:   35 57 N
                                          LONGITUDE:  85  5 W

  TEMPERATURE IN F:       :PCPN:    SNOW:  WIND      :SUNSHINE: SKY     :PK WND
================================================================================
1   2   3   4   5  6A  6B    7    8   9   10  11  12  13   14  15   16   17  18
                                     12Z  AVG MX 2MIN
DY MAX MIN AVG DEP HDD CDD  WTR  SNW DPTH SPD SPD DIR MIN PSBL S-S WX    SPD DR
================================================================================

 1  78  65  72   4   0   7 0.40  0.0    0  4.1 16 270   M    M   8 13     22 260
 2  75  61  68   0   0   3 0.00  0.0    0  6.0 13  20   M    M   8 1      16  40
 3  78  58  68   0   0   3 1.26  0.0    0  3.9 21 250   M    M   8 123    28 200
 4  79  55  67  -1   0   2    T  0.0    0  1.0  9 350   M    M   3 1      12 340
 5  81  61  71   2   0   6 0.00  0.0    0  4.2 14 320   M    M   3 1      20 310
 6  84  60  72   3   0   7 0.00  0.0    0  3.7 13  30   M    M   1 18     17 320
 7  84  61  73   4   0   8    T  0.0    0  2.8 10 190   0    0   2 13     17 220
 8  84  66  75   6   0  10 0.50    M    M  7.2 21 290   M    M   2 138    34 300
 9  82  62  72   2   0   7 0.00    M    M  3.5 13 310   M    M   3 1      16 310
10  85  59  72   2   0   7 0.00    M    M  1.3  9 260   M    M   0 18     13 270
11  85  63  74   4   0   9 0.00    M    M  2.8 12 270   M    M   0 18     14 170
12  82  69  76   6   0  11 0.70    M    M  4.1 15 260   M    M   4 13     20 260
13  84  68  76   5   0  11 0.00  0.0    0  4.2 16 260   M    M   2        20 260
14  87  67  77   6   0  12 0.12  0.0    0  2.9 15 130   M    M   2 38     23 150
15  87  66  77   6   0  12 0.00  0.0    0  2.8 12 270   M    M   1        15 270
16  87  67  77   6   0  12 0.00  0.0    0  3.2  9 290   M    M   1 3      18 300
17  89  67  78   6   0  13 0.01    M    M  3.9 14 280   M    M   2 38     21 280
18  88  68  78   6   0  13 0.08    M    M  2.8 15 270   M    M   3 138    19 260
19  85  69  77   5   0  12 0.32    M    M  4.5 22 300   M    M   4 13     29 180
20  81  68  75   3   0  10 0.28    M    M  8.7 26 270   M    M   6 18     34 270
21  87  68  78   6   0  13 0.00  0.0    0  5.8 20 360   M    M   3 138    26  10
22  87  68  78   5   0  13 0.00    M    M  4.2 16 260   M    M   1 3      22 270
23  86  70  78   5   0  13 0.13    M    M  5.2 18 280   M    M   3 13     23 280
24  86  70  78   5   0  13 0.00    M    M  4.6 14 330   M    M   4 138    17 330
25  85  67  76   3   0  11 0.00    M    M  2.5 10 270   M    M   1 1      13 260
26  88  69  79   6   0  14 0.93  0.0    0  5.2 15 320   M    M   2 13     23 140
27  77  60  69  -5   0   4 0.22    M    M  6.2 20 320   M    M   4 13     26 310
28  77  55  66  -8   0   1 0.00    M    M  3.2 12 290   M    M   0 1      16 250
29  79  57  68  -6   0   3 0.22    M    M  5.7 16 240   M    M   5 138    25 260
30  79  64  72  -2   0   7 1.05    M    M  5.4 17 270   M    M   3 13     24 270
================================================================================
SM 2496 1928         0 267  6.22     0.0 125.6            0     89
================================================================================
AV 83.2 64.3                               4.2 FASTST    0   0   3    MAX(MPH)
                                 MISC ---->  # 26 270               # 34  300
================================================================================
NOTES:
# LAST OF SEVERAL OCCURRENCES

COLUMN 17 PEAK WIND IN M.P.H.

PRELIMINARY LOCAL CLIMATOLOGICAL DATA (WS FORM: F-6) , PAGE 2

                                          STATION:  CROSSVILLE
                                          MONTH:    JUNE
                                          YEAR:     2015
                                          LATITUDE:   35 57 N
                                          LONGITUDE:  85  5 W

[TEMPERATURE DATA]      [PRECIPITATION DATA]       SYMBOLS USED IN COLUMN 16

AVERAGE MONTHLY: 73.7   TOTAL FOR MONTH:   6.22    1 = FOG OR MIST
DPTR FM NORMAL:   2.7   DPTR FM NORMAL:    1.62    2 = FOG REDUCING VISIBILITY
HIGHEST:    89 ON 17    GRTST 24HR  1.27 ON 29-30      TO 1/4 MILE OR LESS
LOWEST:     55 ON 28, 4                            3 = THUNDER
                        SNOW, ICE PELLETS, HAIL    4 = ICE PELLETS
                        TOTAL MONTH:   0.0 INCH    5 = HAIL
                        GRTST 24HR     0.0         6 = FREEZING RAIN OR DRIZZLE
                        GRTST DEPTH:   0           7 = DUSTSTORM OR SANDSTORM:
                                                       VSBY 1/2 MILE OR LESS
                                                   8 = SMOKE OR HAZE
[NO. OF DAYS WITH]      [WEATHER - DAYS WITH]      9 = BLOWING SNOW
                                                   X = TORNADO
MAX 32 OR BELOW:   0    0.01 INCH OR MORE:  14
MAX 90 OR ABOVE:   0    0.10 INCH OR MORE:  12
MIN 32 OR BELOW:   0    0.50 INCH OR MORE:   5
MIN  0 OR BELOW:   0    1.00 INCH OR MORE:   2

[HDD (BASE 65) ]
TOTAL THIS MO.     0    CLEAR  (SCALE 0-3)  21
DPTR FM NORMAL   -14    PTCLDY (SCALE 4-7)   8
TOTAL FM JUL 1  4155    CLOUDY (SCALE 8-10)  1
DPTR FM NORMAL  -110

[CDD (BASE 65) ]
TOTAL THIS MO.   267
DPTR FM NORMAL    72    [PRESSURE DATA]
TOTAL FM JAN 1   404    HIGHEST SLP 30.17 ON 13
DPTR FM NORMAL   126    LOWEST  SLP 29.83 ON 27

[REMARKS]
#FINAL-06-15#
