000
CXUS55 KOHX 240703
CF6CSV
PRELIMINARY LOCAL CLIMATOLOGICAL DATA (WS FORM: F-6)

                                          STATION:   CROSSVILLE
                                          MONTH:     APRIL
                                          YEAR:      2017
                                          LATITUDE:   35 57 N
                                          LONGITUDE:  85  5 W

  TEMPERATURE IN F:       :PCPN:    SNOW:  WIND      :SUNSHINE: SKY     :PK WND
================================================================================
1   2   3   4   5  6A  6B    7    8   9   10  11  12  13   14  15   16   17  18
                                     12Z  AVG MX 2MIN
DY MAX MIN AVG DEP HDD CDD  WTR  SNW DPTH SPD SPD DIR MIN PSBL S-S WX    SPD DR
================================================================================

 1  59  41  50  -2  15   0 0.00  0.0    0  6.3 13  30   M    M   6 1      15 330
 2  77  38  58   6   7   0 0.00  0.0    0  4.9 12 140   0    0   0        16 150
 3  66  56  61   9   4   0 0.90    M    M  8.4 25 260   M    M   6 1      36 270
 4  74  53  64  11   1   0 0.00    M    M  8.6 23 270   M    M   2        35 260
 5  73  50  62   9   3   0 0.08    M    M  8.7 22 260   M    M   5 13     33 260
 6  50  38  44  -9  21   0 0.28    M    M 15.5 28 270   M    M   7 1      42 280
 7  55  36  46  -8  19   0 0.00  0.0    M 10.2 25 290   M    M   1        39 260
 8  66  35  51  -3  14   0 0.00    M    M  2.7 10 270   M    M   0        14  30
 9  73  38  56   2   9   0 0.00    M    M  5.4 14 150   M    M   0        21 140
10  77  56  67  13   0   2 0.00    M    M  7.8 16 200   M    M   0        24 210
11  77  53  65  10   0   0 0.00    M    M  6.3 17 270   M    M   4 3      21 250
12  76  55  66  11   0   1 0.00    M    M  5.6 14 340   M    M   1        18 340
13  80  45  63   8   2   0 0.00    M    M  2.3 10 330   M    M   0        16 340
14  81  50  66  10   0   1 0.00    M    M  3.3 12 280   M    M   2        16 250
15  78  58  68  12   0   3 0.00    M    M  6.6 16 180   M    M   2        30 170
16  76  61  69  13   0   4 0.00    M    M  5.8 15 220   M    M   6        24 260
17  74  57  66  10   0   1 0.46    M    M  4.9 16  20   M    M   8 18     24 300
18  66  58  62   5   3   0 0.38    M    M  3.8 12 160   M    M   9 1      15 160
19  76  59  68  11   0   3 0.03    M    M  6.1 14 180   M    M   4 3      20 180
20  76  62  69  12   0   4 0.01  0.0    0  5.4 12 160   M    M   6 1      18 260
21  77  60  69  12   0   4 1.48  0.0    0  3.8 17 320   M    M   8 13     23 320
22  69  50  60   2   5   0 1.61  0.0    0  5.0 20 350   M    M   9 123    27 360
23  55  49  52  -6  13   0 1.58    M    0  8.0 18  60   M    M  10 123    24  50
================================================================================
SM 1631 1158       116  23  6.81     0.0 145.4            0     96
================================================================================
AV 70.9 50.4                               6.3 FASTST    0   0   4    MAX(MPH)
                                 MISC ---->  # 28 270               # 42  280
================================================================================
NOTES:
# LAST OF SEVERAL OCCURRENCES

COLUMN 17 PEAK WIND IN M.P.H.

PRELIMINARY LOCAL CLIMATOLOGICAL DATA (WS FORM: F-6) , PAGE 2

                                          STATION:  CROSSVILLE
                                          MONTH:    APRIL
                                          YEAR:     2017
                                          LATITUDE:   35 57 N
                                          LONGITUDE:  85  5 W

[TEMPERATURE DATA]      [PRECIPITATION DATA]       SYMBOLS USED IN COLUMN 16

AVERAGE MONTHLY: 60.6   TOTAL FOR MONTH:   6.81    1 = FOG OR MIST
DPTR FM NORMAL:   5.7   DPTR FM NORMAL:    3.12    2 = FOG REDUCING VISIBILITY
HIGHEST:    81 ON 14    GRTST 24HR  1.61 ON 22-22      TO 1/4 MILE OR LESS
LOWEST:     35 ON  8                               3 = THUNDER
                        SNOW, ICE PELLETS, HAIL    4 = ICE PELLETS
                        TOTAL MONTH:   0.0 INCH    5 = HAIL
                        GRTST 24HR     0.0         6 = FREEZING RAIN OR DRIZZLE
                        GRTST DEPTH:   0           7 = DUSTSTORM OR SANDSTORM:
                                                       VSBY 1/2 MILE OR LESS
                                                   8 = SMOKE OR HAZE
[NO. OF DAYS WITH]      [WEATHER - DAYS WITH]      9 = BLOWING SNOW
                                                   X = TORNADO
MAX 32 OR BELOW:   0    0.01 INCH OR MORE:  10
MAX 90 OR ABOVE:   0    0.10 INCH OR MORE:   7
MIN 32 OR BELOW:   0    0.50 INCH OR MORE:   4
MIN  0 OR BELOW:   0    1.00 INCH OR MORE:   3

[HDD (BASE 65) ]
TOTAL THIS MO.   116    CLEAR  (SCALE 0-3)  10
DPTR FM NORMAL  -126    PTCLDY (SCALE 4-7)  10
TOTAL FM JUL 1  3174    CLOUDY (SCALE 8-10)  3
DPTR FM NORMAL  -920

[CDD (BASE 65) ]
TOTAL THIS MO.    23
DPTR FM NORMAL    16    [PRESSURE DATA]
TOTAL FM JAN 1    24    HIGHEST SLP  0.00 ON  2
DPTR FM NORMAL    15    LOWEST  SLP 29.52 ON  5

[REMARKS]
