000
CXUS55 KOHX 311010
CF6CSV
PRELIMINARY LOCAL CLIMATOLOGICAL DATA (WS FORM: F-6)

                                          STATION:   CROSSVILLE
                                          MONTH:     MAY
                                          YEAR:      2016
                                          LATITUDE:   35 57 N
                                          LONGITUDE:  85  5 W

  TEMPERATURE IN F:       :PCPN:    SNOW:  WIND      :SUNSHINE: SKY     :PK WND
================================================================================
1   2   3   4   5  6A  6B    7    8   9   10  11  12  13   14  15   16   17  18
                                     12Z  AVG MX 2MIN
DY MAX MIN AVG DEP HDD CDD  WTR  SNW DPTH SPD SPD DIR MIN PSBL S-S WX    SPD DR
================================================================================

 1  80  66  73  13   0   8 0.01    M    M  5.9 16 260   M    M   3 18     21 250
 2  73  60  67   7   0   2 0.65    M    M  2.8 17 320   M    M   6 13     25 320
 3  67  52  60   0   5   0 0.02    M    M  6.7 16 270   M    M   9 1      23 270
 4  65  44  55  -6  10   0 0.24    M    M  5.7 23 340   M    M   3 13     30 330
 5  51  40  46 -15  19   0 0.10    M    0  8.1 20 340   M    M   7 1      25  10
 6  67  44  56  -5   9   0 0.00  0.0    0  9.1 18 320   M    M   1 1      27 340
 7  79  44  62   0   3   0 0.00  0.0    0 10.5 23 280   M    M   1        30 270
 8  80  62  71   9   0   6 0.00    M    M  8.7 21 270   M    M   0        29 260
 9  77  65  71   9   0   6 0.00  0.0    0  5.1 14 220   M    M   2        21 150
10  80  67  74  12   0   9 0.03  0.0    0  6.5 16 190   M    M   4 3      25 170
11  79  62  71   9   0   6 0.10  0.0    0  3.9 14 340   M    M   4 138    23 200
12  80  61  71   8   0   6 0.03  0.0    0  5.4 15 260   M    M   5 138    20 190
13  71  49  60  -3   5   0 0.02    M    0  6.7 15 340   M    M   4 1      20  40
14  64  38  51 -12  14   0 0.00  0.0    0  8.7 20 270   M    M   3 18     26 300
15  63  34  49 -14  16   0 0.00  0.0    0  5.0 15 330   M    M   0        23  20
16  67  39  53 -11  12   0    T    M    0  2.0 10 130   M    M   7        14  70
17  74  56  65   1   0   0 0.27  0.0    0  2.6 13 310   M    M   8 1      15 310
18  67  54  61  -3   4   0 0.01  0.0    0  6.4 12  30   M    M  10 18     17  30
19  74  51  63  -1   2   0 0.00  0.0    0  6.6 13  60   M    M   4 1      16  30
20  67  54  61  -3   4   0 0.20  0.0    0  4.0 14 130   M    M   9 18     20 130
21  71  55  63  -2   2   0 0.00  0.0    0  7.7 17 280   M    M   9 128    24 280
22  74  53  64  -1   1   0 0.00  0.0    0  6.9 17  30   0    0   2 18     25  20
23  77  52  65   0   0   0 0.00    M    M  3.7 12 330   M    M   1        15 360
24  80  49  65  -1   0   0 0.00    M    M  2.4 13 330   M    M   0 8      17 290
25  78  61  70   4   0   5    T    M    M  2.5 13 250   M    M   4        20 220
26  81  63  72   6   0   7 0.10    M    M  4.3 17  10   M    M   5 13     25  10
27  82  62  72   6   0   7 0.06    M    M  4.0 14 160   M    M   1 1      19 160
28  81  63  72   6   0   7 0.00    M    M  4.3 12 160   M    M   1        18 150
29  83  63  73   6   0   8 0.00  0.0    0  2.6  9 290   M    M   2 1      16 290
30  84  62  73   6   0   8 0.00    M    M  4.1 13 340   M    M   1 18     17 310
================================================================================
SM 2216 1625       106  85  1.84     0.0 162.9            0    116
================================================================================
AV 73.9 54.2                               5.4 FASTST    0   0   4    MAX(MPH)
                                 MISC ---->  # 23 340               # 30  330
================================================================================
NOTES:
# LAST OF SEVERAL OCCURRENCES

COLUMN 17 PEAK WIND IN M.P.H.

PRELIMINARY LOCAL CLIMATOLOGICAL DATA (WS FORM: F-6) , PAGE 2

                                          STATION:  CROSSVILLE
                                          MONTH:    MAY
                                          YEAR:     2016
                                          LATITUDE:   35 57 N
                                          LONGITUDE:  85  5 W

[TEMPERATURE DATA]      [PRECIPITATION DATA]       SYMBOLS USED IN COLUMN 16

AVERAGE MONTHLY: 64.0   TOTAL FOR MONTH:   1.84    1 = FOG OR MIST
DPTR FM NORMAL:   0.6   DPTR FM NORMAL:   -3.34    2 = FOG REDUCING VISIBILITY
HIGHEST:    84 ON 30    GRTST 24HR  0.67 ON  2- 3      TO 1/4 MILE OR LESS
LOWEST:     34 ON 15                               3 = THUNDER
                        SNOW, ICE PELLETS, HAIL    4 = ICE PELLETS
                        TOTAL MONTH:   0.0 INCH    5 = HAIL
                        GRTST 24HR     0.0         6 = FREEZING RAIN OR DRIZZLE
                        GRTST DEPTH:   0           7 = DUSTSTORM OR SANDSTORM:
                                                       VSBY 1/2 MILE OR LESS
                                                   8 = SMOKE OR HAZE
[NO. OF DAYS WITH]      [WEATHER - DAYS WITH]      9 = BLOWING SNOW
                                                   X = TORNADO
MAX 32 OR BELOW:   0    0.01 INCH OR MORE:  14
MAX 90 OR ABOVE:   0    0.10 INCH OR MORE:   7
MIN 32 OR BELOW:   0    0.50 INCH OR MORE:   1
MIN  0 OR BELOW:   0    1.00 INCH OR MORE:   0

[HDD (BASE 65) ]
TOTAL THIS MO.   106    CLEAR  (SCALE 0-3)  13
DPTR FM NORMAL    -2    PTCLDY (SCALE 4-7)  13
TOTAL FM JUL 1  3265    CLOUDY (SCALE 8-10)  4
DPTR FM NORMAL  -985

[CDD (BASE 65) ]
TOTAL THIS MO.    85
DPTR FM NORMAL    23    [PRESSURE DATA]
TOTAL FM JAN 1   121    HIGHEST SLP  0.00 ON 22
DPTR FM NORMAL    42    LOWEST  SLP 29.67 ON  4

[REMARKS]
