000
CXUS56 KTFX 241205
CF6CTB
PRELIMINARY LOCAL CLIMATOLOGICAL DATA (WS FORM: F-6)

                                          STATION:   CUT BANK MT
                                          MONTH:     DECEMBER
                                          YEAR:      2014
                                          LATITUDE:   48 37 N
                                          LONGITUDE: 112 23 W

  TEMPERATURE IN F:       :PCPN:    SNOW:  WIND      :SUNSHINE: SKY     :PK WND
================================================================================
1   2   3   4   5  6A  6B    7    8   9   10  11  12  13   14  15   16   17  18
                                     12Z  AVG MX 2MIN
DY MAX MIN AVG DEP HDD CDD  WTR  SNW DPTH SPD SPD DIR MIN PSBL S-S WX    SPD DR
================================================================================

 1  26 -26   0 -25  65   0 0.00    M    4 17.4 38 240   M    M   0 8      42 240
 2  27  12  20  -4  45   0 0.00    M    2 16.1 32 250   M    M   0        38 250
 3  17  -1   8 -16  57   0 0.00    M    2  3.7 10 330   M    M   0        12 330
 4  33   3  18  -6  47   0 0.00    M    2  4.8 22 350   M    M   3        25 350
 5  26  15  21  -3  44   0    T    M    3  4.4 18 340   M    M   8 12     20 340
 6  41   9  25   2  40   0 0.00    M    3  8.0 31 250   M    M   6 128    36 250
 7  41  23  32   9  33   0 0.00    M    2 15.5 33 270   M    M   2        40 270
 8  41  16  29   6  36   0 0.00    M    1  6.2 18 250   M    M   0        22 250
 9  53  40  47  24  18   0 0.00    M    T 17.0 31 240   M    M   0        39 240
10  51  38  45  22  20   0 0.00    M    0 13.7 31 250   M    M   0        37 240
11  51  37  44  22  21   0 0.00    M    0 10.1 32 270   M    M   1        38 270
12  56  34  45  23  20   0 0.00    M    0  6.9 14 170   M    M   2        18 180
13  39  31  35  13  30   0 0.05    M    0 21.3 32 340   M    M   8 12     39 330
14  31  10  21  -1  44   0    T    M    2 15.8 31 330   M    M   6 1      36 330
15  21   2  12 -10  53   0 0.00    M    2  7.4 16 160   M    M   6 12     19 160
16  21  19  20  -2  45   0 0.00    M    2 11.5 18 140   M    M  10 12     21 140
17  21   7  14  -8  51   0 0.00    M    2  3.6 12 170   M    M   9 12     15 150
18  39  13  26   4  39   0 0.00    M    2 13.7 28 260   M    M   6        31 260
19  42  25  34  12  31   0 0.00    M    2 11.5 24 250   M    M   2        30 260
20  40  26  33  12  32   0 0.00    M    1 13.8 29 250   M    M   1        35 260
21  44  30  37  16  28   0 0.00    M    T 18.3 31 260   M    M   2        41 270
22  39  25  32  11  33   0    T    M    T 12.7 30 300   M    M   4        36 290
23  42  22  32  11  33   0 0.00    M    T 18.9 37 250   M    M   1        45 250
================================================================================
SM  842  410       865   0  0.05    M    272.3          M       77
================================================================================
AV 36.6 17.8                              11.8 FASTST   M    M   3    MAX(MPH)
                                 MISC ---->  # 38 240               # 45  250
================================================================================
NOTES:
# LAST OF SEVERAL OCCURRENCES

COLUMN 17 PEAK WIND IN M.P.H.

PRELIMINARY LOCAL CLIMATOLOGICAL DATA (WS FORM: F-6) , PAGE 2

                                          STATION:  CUT BANK MT
                                          MONTH:    DECEMBER
                                          YEAR:     2014
                                          LATITUDE:   48 37 N
                                          LONGITUDE: 112 23 W

[TEMPERATURE DATA]      [PRECIPITATION DATA]       SYMBOLS USED IN COLUMN 16

AVERAGE MONTHLY: 27.2   TOTAL FOR MONTH:   0.05    1 = FOG OR MIST
DPTR FM NORMAL:   4.7   DPTR FM NORMAL:   -0.11    2 = FOG REDUCING VISIBILITY
HIGHEST:    56 ON 12    GRTST 24HR  0.05 ON 13-13      TO 1/4 MILE OR LESS
LOWEST:    -26 ON  1                               3 = THUNDER
                        SNOW, ICE PELLETS, HAIL    4 = ICE PELLETS
                        TOTAL MONTH:    M          5 = HAIL
                        GRTST 24HR    M  ON   M    6 = FREEZING RAIN OR DRIZZLE
                        GRTST DEPTH:   4 ON  1     7 = DUSTSTORM OR SANDSTORM:
                                                       VSBY 1/2 MILE OR LESS
                                                   8 = SMOKE OR HAZE
[NO. OF DAYS WITH]      [WEATHER - DAYS WITH]      9 = BLOWING SNOW
                                                   X = TORNADO
MAX 32 OR BELOW:   8    0.01 INCH OR MORE:   1
MAX 90 OR ABOVE:   0    0.10 INCH OR MORE:   0
MIN 32 OR BELOW:  19    0.50 INCH OR MORE:   0
MIN  0 OR BELOW:   2    1.00 INCH OR MORE:   0

[HDD (BASE 65) ]
TOTAL THIS MO.   865    CLEAR  (SCALE 0-3)  13
DPTR FM NORMAL  -113    PTCLDY (SCALE 4-7)   7
TOTAL FM JUL 1  2963    CLOUDY (SCALE 8-10)  3
DPTR FM NORMAL  -278

[CDD (BASE 65) ]
TOTAL THIS MO.     0
DPTR FM NORMAL     0    [PRESSURE DATA]
TOTAL FM JAN 1   208    HIGHEST SLP M ON M
DPTR FM NORMAL    46    LOWEST  SLP 29.53 ON 21

[REMARKS]
