000
CXUS52 KTAE 182134
CF6CTY
PRELIMINARY LOCAL CLIMATOLOGICAL DATA (WS FORM: F-6)

                                          STATION:   CROSS CITY (AWOS)
                                          MONTH:     SEPTEMBER
                                          YEAR:      2014
                                          LATITUDE:   29 37 N
                                          LONGITUDE:  83  6 W

  TEMPERATURE IN F:       :PCPN:    SNOW:  WIND      :SUNSHINE: SKY     :PK WND
================================================================================
1   2   3   4   5  6A  6B    7    8   9   10  11  12  13   14  15   16   17  18
                                     12Z  AVG MX 2MIN
DY MAX MIN AVG DEP HDD CDD  WTR  SNW DPTH SPD SPD DIR MIN PSBL S-S WX    SPD DR
================================================================================

 1  94  73  84   4   0  19 0.05  0.0    0  3.5 12 250   M    M   0        17 250
 2  96  75  86   6   0  21 0.11  0.0    0  2.9 15 240   M    M   0        19 220
 3  91  73  82   2   0  17 0.48  0.0    0  3.5 15 200   M    M   0        21 190
 4  93  73  83   3   0  18 0.72  0.0    0  3.4 21 160   M    M   0        31 160
 5  92  72  82   2   0  17 0.46  0.0    0  2.5 15 230   M    M   0        21 220
 6  79  73  76  -4   0  11 1.74  0.0    0  3.2 12 260   M    M   0        15 210
 7  87  73  80   0   0  15 0.14  0.0    0  3.5 13 250   M    M   0        16 260
 8  88  73  81   1   0  16 0.05  0.0    0  3.8 18 190   M    M   0        23 180
 9  88  72  80   0   0  15 0.03  0.0    0  2.9 10 300   M    M   0        13 300
10  93  70  82   2   0  17 0.06  0.0    0  1.8  8  90   M    M   0        13 120
11  94  71  83   3   0  18 0.00  0.0    0  1.6  8 260   M    M   0        10 110
12  93  72  83   4   0  18 0.00  0.0    0  2.8 10  90   M    M   0        18  90
13  93  72  83   4   0  18 0.10  0.0    0   M   M   M   M    M   0         M  M
14  91  72  82   3   0  17 0.93  0.0    0   M   M   M   M    M   0         M  M
15   M   M   M   M   M   M 2.32    M    0   M   M   M   M    M   0         M  M
16  81  74  78  -1   0  13 1.73  0.0    0  5.5 13 280   M    M   0         M  M
17  88  70  79   1   0  14 1.02  0.0    0  2.8 12 260   M    M   0        14 270
================================================================================
SM 1441 1158         0 264  9.94     0.0  43.7          M        0
================================================================================
AV 90.1 72.4                               3.1 FASTST   M    M   0    MAX(MPH)
                                 MISC ---->  # 21 160               # 31  160
================================================================================
NOTES:
# LAST OF SEVERAL OCCURRENCES

COLUMN 17 PEAK WIND IN M.P.H.

PRELIMINARY LOCAL CLIMATOLOGICAL DATA (WS FORM: F-6) , PAGE 2

                                          STATION:  CROSS CITY (AWOS)
                                          MONTH:    SEPTEMBER
                                          YEAR:     2014
                                          LATITUDE:   29 37 N
                                          LONGITUDE:  83  6 W

[TEMPERATURE DATA]      [PRECIPITATION DATA]       SYMBOLS USED IN COLUMN 16

AVERAGE MONTHLY: 81.2   TOTAL FOR MONTH:   9.94    1 = FOG OR MIST
DPTR FM NORMAL:   1.6   DPTR FM NORMAL:    6.99    2 = FOG REDUCING VISIBILITY
HIGHEST:    96 ON  2    GRTST 24HR  2.32 ON 15-15      TO 1/4 MILE OR LESS
LOWEST:     70 ON 17,10                            3 = THUNDER
                        SNOW, ICE PELLETS, HAIL    4 = ICE PELLETS
                        TOTAL MONTH:   0.0 INCH    5 = HAIL
                        GRTST 24HR     0.0         6 = FREEZING RAIN OR DRIZZLE
                        GRTST DEPTH:   0           7 = DUSTSTORM OR SANDSTORM:
                                                       VSBY 1/2 MILE OR LESS
                                                   8 = SMOKE OR HAZE
[NO. OF DAYS WITH]      [WEATHER - DAYS WITH]      9 = BLOWING SNOW
                                                   X = TORNADO
MAX 32 OR BELOW:   0    0.01 INCH OR MORE:  15
MAX 90 OR ABOVE:  10    0.10 INCH OR MORE:  11
MIN 32 OR BELOW:   0    0.50 INCH OR MORE:   6
MIN  0 OR BELOW:   0    1.00 INCH OR MORE:   4

[HDD (BASE 65) ]
TOTAL THIS MO.     0    CLEAR  (SCALE 0-3)  17
DPTR FM NORMAL     0    PTCLDY (SCALE 4-7)   0
TOTAL FM JUL 1     0    CLOUDY (SCALE 8-10)  0
DPTR FM NORMAL     0

[CDD (BASE 65) ]
TOTAL THIS MO.   264
DPTR FM NORMAL    17    [PRESSURE DATA]
TOTAL FM JAN 1  2326    HIGHEST SLP M ON M
DPTR FM NORMAL   141    LOWEST  SLP 29.85 ON 17

[REMARKS]
