000
CXUS55 KCAE 271400
CF6CUB
PRELIMINARY LOCAL CLIMATOLOGICAL DATA (WS FORM: F-6)

                                          STATION:   HAMILTON - OWENS AIRPORT SC
                                          MONTH:     FEBRUARY
                                          YEAR:      2017
                                          LATITUDE:   33 58 N
                                          LONGITUDE:  80 59 W

  TEMPERATURE IN F:       :PCPN:    SNOW:  WIND      :SUNSHINE: SKY     :PK WND
================================================================================
1   2   3   4   5  6A  6B    7    8   9   10  11  12  13   14  15   16   17  18
                                     12Z  AVG MX 2MIN
DY MAX MIN AVG DEP HDD CDD  WTR  SNW DPTH SPD SPD DIR MIN PSBL S-S WX    SPD DR
================================================================================

 1  73  47  60  13   5   0 0.00    M    M  5.1 20 270   M    M   0        26 260
 2  76  45  61  13   4   0    T    M    M  4.3 17 260   M    M   3        23 260
 3  61  46  54   6  11   0 0.18    M    M  4.0 12  30   M    M  10 1      19  20
 4  48  32  40  -8  25   0 0.00    M    M  4.4 12  70   M    M   2 8      18  30
 5  63  32  48   0  17   0 0.00    M    M  3.6 16 260   M    M   4        22 260
 6  71  38  55   7  10   0 0.00    M    M  1.7 10 200   M    M   1 1      14 190
 7  77  51  64  16   1   0 0.14    M    M  5.6 18 200   M    M   2 138    24 220
 8  73  58  66  18   0   1 0.12    M    M  6.2 15 210   M    M   7 1      21 210
 9  66  37  52   4  13   0 0.01    M    M  9.0 23 300   M    M   3        34 290
10  56  31  44  -5  21   0 0.00    M    M  3.7 13 210   M    M   0        17 210
11  76  44  60  11   5   0 0.00    M    M  6.2 20 270   M    M   2        24 240
12  79  57  68  19   0   3 0.00    M    M  9.7 21 270   M    M   4        28 270
13  70  43  57   8   8   0 0.00    M    M  4.7 12 280   M    M   0        23 320
14  73  37  55   6  10   0 0.00    M    M  3.6 16 220   M    M   0 8      22 200
15  62  48  55   6  10   0 1.10    M    M  4.9 17 340   M    M   5 13     26 340
16  63  35  49  -1  16   0 0.00    M    M  4.5 15 310   M    M   0        23 320
17  74  36  55   5  10   0 0.00    M    M  2.2 16 270   M    M   0 8      20 270
18  68  41  55   5  10   0    T    M    M  2.4 13 230   M    M   3        18 240
19  72  46  59   9   6   0 0.01    M    M  3.0 15 310   M    M   2 1      21 310
20  75  43  59   9   6   0 0.00    M    M  1.6  9  60   M    M   0        14  70
21  70  50  60  10   5   0 0.00    M    M  2.9  9 140   M    M   5        15 110
22  74  57  66  15   0   1 0.00    M    M  3.1 12 160   M    M   6        17 160
23  78  57  68  17   0   3 0.00    M    M  3.1 10 130   M    M   2        15 130
24  81  52  67  16   0   2 0.00    M    M  2.0 12 170   M    M   1 1      14 170
25  79  57  68  17   0   3 0.00    M    M 10.7 26 260   M    M   2        35 270
26  63  38  51  -1  14   0 0.00    M    M  3.4 14 310   M    M   0        21 320
================================================================================
SM 1821 1158       207  13  1.56    M    115.6          M       64
================================================================================
AV 70.0 44.5                               4.4 FASTST   M    M   2    MAX(MPH)
                                 MISC ---->  # 26 260               # 35  270
================================================================================
NOTES:
# LAST OF SEVERAL OCCURRENCES

COLUMN 17 PEAK WIND IN M.P.H.

PRELIMINARY LOCAL CLIMATOLOGICAL DATA (WS FORM: F-6) , PAGE 2

                                          STATION:  HAMILTON - OWENS AIRPORT SC
                                          MONTH:    FEBRUARY
                                          YEAR:     2017
                                          LATITUDE:   33 58 N
                                          LONGITUDE:  80 59 W

[TEMPERATURE DATA]      [PRECIPITATION DATA]       SYMBOLS USED IN COLUMN 16

AVERAGE MONTHLY: 57.3   TOTAL FOR MONTH:   1.56    1 = FOG OR MIST
DPTR FM NORMAL:   8.0   DPTR FM NORMAL:   -1.80    2 = FOG REDUCING VISIBILITY
HIGHEST:    81 ON 24    GRTST 24HR  1.10 ON 15-15      TO 1/4 MILE OR LESS
LOWEST:     31 ON 10                               3 = THUNDER
                        SNOW, ICE PELLETS, HAIL    4 = ICE PELLETS
                        TOTAL MONTH:    M          5 = HAIL
                        GRTST 24HR    M  ON   M    6 = FREEZING RAIN OR DRIZZLE
                        GRTST DEPTH:  M  ON   M    7 = DUSTSTORM OR SANDSTORM:
                                                       VSBY 1/2 MILE OR LESS
                                                   8 = SMOKE OR HAZE
[NO. OF DAYS WITH]      [WEATHER - DAYS WITH]      9 = BLOWING SNOW
                                                   X = TORNADO
MAX 32 OR BELOW:   0    0.01 INCH OR MORE:   6
MAX 90 OR ABOVE:   0    0.10 INCH OR MORE:   4
MIN 32 OR BELOW:   3    0.50 INCH OR MORE:   1
MIN  0 OR BELOW:   0    1.00 INCH OR MORE:   1

[HDD (BASE 65) ]
TOTAL THIS MO.   207    CLEAR  (SCALE 0-3)  17
DPTR FM NORMAL  -203    PTCLDY (SCALE 4-7)   8
TOTAL FM JUL 1  1254    CLOUDY (SCALE 8-10)  1
DPTR FM NORMAL  -648

[CDD (BASE 65) ]
TOTAL THIS MO.    13
DPTR FM NORMAL    13    [PRESSURE DATA]
TOTAL FM JAN 1    15    HIGHEST SLP M ON M
DPTR FM NORMAL    14    LOWEST  SLP 29.52 ON 15

[REMARKS]
