000
CXUS53 KUNR 010945
CF6D07
PRELIMINARY LOCAL CLIMATOLOGICAL DATA (WS FORM: F-6)

                                          STATION:   FAITH SD
                                          MONTH:     SEPTEMBER
                                          YEAR:      2014
                                          LATITUDE:   45  1 N
                                          LONGITUDE: 102  1 W

  TEMPERATURE IN F:       :PCPN:    SNOW:  WIND      :SUNSHINE: SKY     :PK WND
================================================================================
1   2   3   4   5  6A  6B    7    8   9   10  11  12  13   14  15   16   17  18
                                     12Z  AVG MX 2MIN
DY MAX MIN AVG DEP HDD CDD  WTR  SNW DPTH SPD SPD DIR MIN PSBL S-S WX    SPD DR
================================================================================

 1  75  48  62  -6   3   0 0.03    M    M  8.4 23 330   M    M   M        27 320
 2  82  47  65  -2   0   0 0.00    M    M 10.0 20 250   M    M   M        25 260
 3  83  49  66  -1   0   1 0.00    M    M 11.2 33 310   M    M   M        43 310
 4  67  47  57  -9   8   0 0.00    M    M 19.8 32 310   M    M   M        42 310
 5  70  44  57  -9   8   0 0.00    M    M  5.9 13 290   M    M   M        17 290
 6  78  47  63  -2   2   0 0.00    M    M 11.4 17 220   M    M   M        21 210
 7  84  50  67   2   0   2 0.00    M    M 11.6 18 170   M    M   M        24 150
 8  88  54  71   7   0   6 0.00    M    M  8.8 18 280   M    M   M        22 330
 9  59  42  51 -13  14   0 0.03    M    M 19.1 28  40   M    M   M        33  30
10  46  37  42 -21  23   0 0.17    M    M 15.1 23  20   M    M   M        29  10
11  45  37  41 -22  24   0 0.05    M    M  8.2 17  60   M    M   M        21  10
12  55  32  44 -18  21   0 0.00    M    M 10.3 18 170   M    M   M        27 150
13  65  33  49 -13  16   0 0.00    M    M 13.4 25 330   M    M   M        31 310
14  55  36  46 -15  19   0 0.00    M    M  4.6 10  50   M    M   M        14  80
15  65  38  52  -9  13   0 0.00    M    M 11.4 18 150   M    M   M        22 150
16  79  40  60   0   5   0 0.00    M    M  6.4 17 160   M    M   M        21 150
17  77  47  62   2   3   0 0.00    M    M 10.1 18 160   M    M   M        24 140
18  82  52  67   8   0   2 0.06    M    M 13.0 20 160   M    M   M        26 150
19  83  59  71  13   0   6 0.00    M    M 11.7 23 290   M    M   M        29 290
20  76  47  62   4   3   0 0.00    M    M 17.5 37 300   M    M   M        46 320
21  73  43  58   1   7   0 0.00    M    M  7.8 16 160   M    M   M        19 150
22  81  45  63   6   2   0 0.00    M    M 16.2 26 160   M    M   M        33 150
23  75  55  65   9   0   0 0.04    M    M 10.4 18 160   M    M   M        22 160
24  88  51  70  14   0   5 0.00    M    M  8.1 15 160   M    M   M        17 140
25  90  55  73  18   0   8 0.00    M    M 16.1 24 130   M    M   M        30 130
26  91  60  76  21   0  11 0.00    M    M 18.4 31 170   M    M   M        36 160
27  82  57  70  16   0   5 0.00    M    M 10.4 18 150   M    M   M        22 150
28  58  48  53  -1  12   0 0.02    M    M 17.5 26  20   M    M   M        31  20
29  56  47  52  -2  13   0 0.57    M    M 12.2 24  60   M    M   M        28  60
30  59  53  56   3   9   0 0.17    M    M 18.1 31 270   M    M   M        38 270
================================================================================
SM 2167 1400       205  46  1.14    M    363.1          M        M
================================================================================
AV 72.2 46.7                              12.1 FASTST   M    M   2    MAX(MPH)
                                 MISC ---->  # 37 300               # 46  320
================================================================================
NOTES:
# LAST OF SEVERAL OCCURRENCES

COLUMN 17 PEAK WIND IN M.P.H.

PRELIMINARY LOCAL CLIMATOLOGICAL DATA (WS FORM: F-6) , PAGE 2

                                          STATION:  FAITH SD
                                          MONTH:    SEPTEMBER
                                          YEAR:     2014
                                          LATITUDE:   45  1 N
                                          LONGITUDE: 102  1 W

[TEMPERATURE DATA]      [PRECIPITATION DATA]       SYMBOLS USED IN COLUMN 16

AVERAGE MONTHLY: 59.4   TOTAL FOR MONTH:   1.14    1 = FOG OR MIST
DPTR FM NORMAL:  -1.0   DPTR FM NORMAL:   -0.22    2 = FOG REDUCING VISIBILITY
HIGHEST:    91 ON 26    GRTST 24HR  0.57 ON 29-29      TO 1/4 MILE OR LESS
LOWEST:     32 ON 12                               3 = THUNDER
                        SNOW, ICE PELLETS, HAIL    4 = ICE PELLETS
                        TOTAL MONTH:    M          5 = HAIL
                        GRTST 24HR    M  ON   M    6 = FREEZING RAIN OR DRIZZLE
                        GRTST DEPTH:  M  ON   M    7 = DUSTSTORM OR SANDSTORM:
                                                       VSBY 1/2 MILE OR LESS
                                                   8 = SMOKE OR HAZE
[NO. OF DAYS WITH]      [WEATHER - DAYS WITH]      9 = BLOWING SNOW
                                                   X = TORNADO
MAX 32 OR BELOW:   0    0.01 INCH OR MORE:   9
MAX 90 OR ABOVE:   2    0.10 INCH OR MORE:   3
MIN 32 OR BELOW:   1    0.50 INCH OR MORE:   1
MIN  0 OR BELOW:   0    1.00 INCH OR MORE:   0

[HDD (BASE 65) ]
TOTAL THIS MO.   205    CLEAR  (SCALE 0-3)   0
DPTR FM NORMAL     6    PTCLDY (SCALE 4-7)   0
TOTAL FM JUL 1   248    CLOUDY (SCALE 8-10)  0
DPTR FM NORMAL    16

[CDD (BASE 65) ]
TOTAL THIS MO.    46
DPTR FM NORMAL   -13    [PRESSURE DATA]
TOTAL FM JAN 1   445    HIGHEST SLP 30.59 ON 12
DPTR FM NORMAL  -189    LOWEST  SLP 29.36 ON 30

[REMARKS]
#FINAL-09-14#
