000
CXUS53 KUNR 250945
CF6D07
PRELIMINARY LOCAL CLIMATOLOGICAL DATA (WS FORM: F-6)

                                          STATION:   FAITH SD
                                          MONTH:     FEBRUARY
                                          YEAR:      2018
                                          LATITUDE:   45  1 N
                                          LONGITUDE: 102  1 W

  TEMPERATURE IN F:       :PCPN:    SNOW:  WIND      :SUNSHINE: SKY     :PK WND
================================================================================
1   2   3   4   5  6A  6B    7    8   9   10  11  12  13   14  15   16   17  18
                                     12Z  AVG MX 2MIN
DY MAX MIN AVG DEP HDD CDD  WTR  SNW DPTH SPD SPD DIR MIN PSBL S-S WX    SPD DR
================================================================================

 1  16  -4   6 -15  59   0 0.00    M    M 11.0 21 170   M    M   M        24 340
 2  38   5  22   1  43   0 0.00    M    M  9.2 21 170   M    M   M        24 170
 3  34  -1  17  -4  48   0 0.10    M    M 17.9 29 360   M    M   M        34 310
 4   4 -13  -4 -25  69   0 0.02    M    M 12.3 22 170   M    M   M        24 320
 5   8  -7   1 -21  64   0 0.10    M    M 12.7 28 350   M    M   M        31 350
 6  17 -10   4 -18  61   0 0.00    M    M 15.1 30 330   M    M   M        37 330
 7  15  -9   3 -19  62   0 0.02    M    M  8.0 22 170   M    M   M        25 170
 8  11  -1   5 -17  60   0 0.43    M    M 12.5 22  40   M    M   M        25  40
 9   1 -12  -5 -27  70   0 0.01    M    M  8.4 17 320   M    M   M        19 320
10   6 -16  -5 -27  70   0 0.00    M    M 10.5 22 290   M    M   M        25 290
11  16  -7   5 -17  60   0 0.00    M    M 10.4 18 280   M    M   M        22 280
12   7  -8   0 -23  65   0 0.03    M    M 12.8 20 140   M    M   M        23 130
13  22  -3  10 -13  55   0 0.00    M    M  9.9 17 210   M    M   M        20 210
14  37  16  27   4  38   0 0.00    M    M 10.2 21 290   M    M   M        25 290
15  33  -4  15  -8  50   0 0.08    M    M 17.9 32 350   M    M   M        36 360
16  25  -7   9 -15  56   0 0.00    M    M 13.3 21 180   M    M   M        22 190
17  24  13  19  -5  46   0 0.00    M    M 12.4 21  90   M    M   M        26 330
18  21   4  13 -11  52   0 0.02    M    M 19.5 32 360   M    M   M        36  10
19   4  -2   1 -23  64   0 0.09    M    M 15.4 25  10   M    M   M        28  10
20   3 -14  -5 -30  70   0 0.02    M    M 11.6 18 350   M    M   M        20 350
21   6 -17  -5 -30  70   0 0.00    M    M  6.9 20 160   M    M   M        21 150
22   6 -11  -2 -27  67   0 0.00    M    M  4.8 14 310   M    M   M        14 310
23  14  -5   5 -21  60   0 0.00    M    M 12.5 23 160   M    M   M        26 160
24  20  -2   9 -17  56   0 0.03    M    M 12.6 24 270   M    M   M        30 270
================================================================================
SM  388 -115      1415   0  0.95    M    287.8          M        M
================================================================================
AV 16.2 -4.8                              12.0 FASTST   M    M   5    MAX(MPH)
                                 MISC ---->  # 32 350               # 37  330
================================================================================
NOTES:
# LAST OF SEVERAL OCCURRENCES

COLUMN 17 PEAK WIND IN M.P.H.

PRELIMINARY LOCAL CLIMATOLOGICAL DATA (WS FORM: F-6) , PAGE 2

                                          STATION:  FAITH SD
                                          MONTH:    FEBRUARY
                                          YEAR:     2018
                                          LATITUDE:   45  1 N
                                          LONGITUDE: 102  1 W

[TEMPERATURE DATA]      [PRECIPITATION DATA]       SYMBOLS USED IN COLUMN 16

AVERAGE MONTHLY:  5.7   TOTAL FOR MONTH:   0.95    1 = FOG OR MIST
DPTR FM NORMAL: -17.4   DPTR FM NORMAL:    0.57    2 = FOG REDUCING VISIBILITY
HIGHEST:    38 ON  2    GRTST 24HR  0.43 ON  8- 8      TO 1/4 MILE OR LESS
LOWEST:    -17 ON 21                               3 = THUNDER
                        SNOW, ICE PELLETS, HAIL    4 = ICE PELLETS
                        TOTAL MONTH:    M          5 = HAIL
                        GRTST 24HR    M  ON   M    6 = FREEZING RAIN OR DRIZZLE
                        GRTST DEPTH:  M  ON   M    7 = DUSTSTORM OR SANDSTORM:
                                                       VSBY 1/2 MILE OR LESS
                                                   8 = SMOKE OR HAZE
[NO. OF DAYS WITH]      [WEATHER - DAYS WITH]      9 = BLOWING SNOW
                                                   X = TORNADO
MAX 32 OR BELOW:  20    0.01 INCH OR MORE:  12
MAX 90 OR ABOVE:   0    0.10 INCH OR MORE:   3
MIN 32 OR BELOW:  24    0.50 INCH OR MORE:   0
MIN  0 OR BELOW:  20    1.00 INCH OR MORE:   0

[HDD (BASE 65) ]
TOTAL THIS MO.  1415    CLEAR  (SCALE 0-3)   0
DPTR FM NORMAL   408    PTCLDY (SCALE 4-7)   0
TOTAL FM JUL 1  5780    CLOUDY (SCALE 8-10)  0
DPTR FM NORMAL   244

[CDD (BASE 65) ]
TOTAL THIS MO.     0
DPTR FM NORMAL     0    [PRESSURE DATA]
TOTAL FM JAN 1     0    HIGHEST SLP M ON M
DPTR FM NORMAL     0    LOWEST  SLP 29.27 ON 18

[REMARKS]
