000
CXUS55 KVEF 280940
CF6DAG
PRELIMINARY LOCAL CLIMATOLOGICAL DATA (WS FORM: F-6)

                                          STATION:   BARSTOW-DAGGETT CA
                                          MONTH:     MAY
                                          YEAR:      2015
                                          LATITUDE:   34 51 N
                                          LONGITUDE: 116 47 W

  TEMPERATURE IN F:       :PCPN:    SNOW:  WIND      :SUNSHINE: SKY     :PK WND
================================================================================
1   2   3   4   5  6A  6B    7    8   9   10  11  12  13   14  15   16   17  18
                                     12Z  AVG MX 2MIN
DY MAX MIN AVG DEP HDD CDD  WTR  SNW DPTH SPD SPD DIR MIN PSBL S-S WX    SPD DR
================================================================================

 1  93  68  81  12   0  16 0.00  0.0    0 12.8 25 270   M    M   0        33 270
 2  92  64  78   8   0  13 0.00  0.0    0 13.4 25 270   M    M   0        33 260
 3  91  61  76   6   0  11 0.00  0.0    0 13.7 26 280   M    M   1        33 240
 4  88  60  74   4   0   9 0.00  0.0    0 13.7 26 230   M    M   1        33 250
 5  88  58  73   2   0   8 0.00  0.0    0 14.6 26 230   M    M   0        33 230
 6  84  58  71   0   0   6 0.00  0.0    0 20.3 30 220   M    M   0        41 270
 7  75  51  63  -8   2   0 0.00  0.0    0 24.2 45 230   M    M   0        56 230
 8  65  49  57 -15   8   0    T  0.0    0 14.9 26 280   M    M   4        31 280
 9  81  50  66  -6   0   1 0.00  0.0    0 12.7 26 270   M    M   2        33 270
10  87  56  72   0   0   7 0.00  0.0    0  8.1 16 240   M    M   0        19 240
11  90  60  75   2   0  10 0.00  0.0    0 11.2 25 270   M    M   0        32 280
12  87  60  74   1   0   9 0.00  0.0    0 16.8 29 250   M    M   0        37 260
13  80  53  67  -6   0   2 0.00  0.0    0 15.4 31 250   M    M   0        39 260
14  71  50  61 -13   4   0    T  0.0    0 18.6 31 230   M    M   2        36 240
15  70  46  58 -16   7   0 0.00  0.0    0 12.1 26 250   M    M   2        33 250
16  80  54  67  -7   0   2 0.00  0.0    0 14.6 25 240   M    M   0        32 240
17  81  54  68  -6   0   3 0.00  0.0    0 11.3 28 260   M    M   4        33 280
18  80  56  68  -7   0   3 0.00  0.0    0 17.2 30 270   M    M   0        45 260
19  83  55  69  -6   0   4 0.00  0.0    0 13.6 23 240   M    M   0        31 320
20  84  59  72  -3   0   7 0.00  0.0    0 12.9 26 270   M    M   1        31 280
21  78  55  67  -9   0   2 0.00  0.0    0 17.6 31 250   M    M   0        35 260
22  75  58  67  -9   0   2    T  0.0    0 23.0 32 240   M    M   4        39 260
23  83  56  70  -6   0   5 0.00  0.0    0 19.4 29 250   M    M   0        36 250
24  86  57  72  -4   0   7 0.00  0.0    0 11.7 28 270   M    M   0        34 270
25  92  59  76  -1   0  11 0.00  0.0    0 12.3 25 240   M    M   0        30 240
26  92  62  77   0   0  12 0.00  0.0    0 11.0 23 250   M    M   0        27 250
27  95  63  79   2   0  14 0.00  0.0    0 10.6 21 240   M    M   0        24 250
================================================================================
SM 2251 1532        21 164    T      0.0 397.7          M       21
================================================================================
AV 83.4 56.7                              14.7 FASTST   M    M   1    MAX(MPH)
                                 MISC ---->  # 45 230               # 56  230
================================================================================
NOTES:
# LAST OF SEVERAL OCCURRENCES

COLUMN 17 PEAK WIND IN M.P.H.

PRELIMINARY LOCAL CLIMATOLOGICAL DATA (WS FORM: F-6) , PAGE 2

                                          STATION:  BARSTOW-DAGGETT CA
                                          MONTH:    MAY
                                          YEAR:     2015
                                          LATITUDE:   34 51 N
                                          LONGITUDE: 116 47 W

[TEMPERATURE DATA]      [PRECIPITATION DATA]       SYMBOLS USED IN COLUMN 16

AVERAGE MONTHLY: 70.1   TOTAL FOR MONTH:      T    1 = FOG OR MIST
DPTR FM NORMAL:  -3.4   DPTR FM NORMAL:   -0.04    2 = FOG REDUCING VISIBILITY
HIGHEST:    95 ON 27    GRTST 24HR    T  ON 22-22      TO 1/4 MILE OR LESS
LOWEST:     46 ON 15                               3 = THUNDER
                        SNOW, ICE PELLETS, HAIL    4 = ICE PELLETS
                        TOTAL MONTH:   0.0 INCH    5 = HAIL
                        GRTST 24HR     0.0         6 = FREEZING RAIN OR DRIZZLE
                        GRTST DEPTH:   0           7 = DUSTSTORM OR SANDSTORM:
                                                       VSBY 1/2 MILE OR LESS
                                                   8 = SMOKE OR HAZE
[NO. OF DAYS WITH]      [WEATHER - DAYS WITH]      9 = BLOWING SNOW
                                                   X = TORNADO
MAX 32 OR BELOW:   0    0.01 INCH OR MORE:   0
MAX 90 OR ABOVE:   7    0.10 INCH OR MORE:   0
MIN 32 OR BELOW:   0    0.50 INCH OR MORE:   0
MIN  0 OR BELOW:   0    1.00 INCH OR MORE:   0

[HDD (BASE 65) ]
TOTAL THIS MO.    21    CLEAR  (SCALE 0-3)  24
DPTR FM NORMAL     7    PTCLDY (SCALE 4-7)   3
TOTAL FM JUL 1  1397    CLOUDY (SCALE 8-10)  0
DPTR FM NORMAL  -701

[CDD (BASE 65) ]
TOTAL THIS MO.   164
DPTR FM NORMAL   -81    [PRESSURE DATA]
TOTAL FM JAN 1   366    HIGHEST SLP M ON M
DPTR FM NORMAL    14    LOWEST  SLP 29.58 ON  6

[REMARKS]
