000
CXUS55 KDVN 221100
CF6DBQ
PRELIMINARY LOCAL CLIMATOLOGICAL DATA (WS FORM: F-6)

                                          STATION:   DUBUQUE IA
                                          MONTH:     AUGUST
                                          YEAR:      2017
                                          LATITUDE:   42 24 N
                                          LONGITUDE:  90 42 W

  TEMPERATURE IN F:       :PCPN:    SNOW:  WIND      :SUNSHINE: SKY     :PK WND
================================================================================
1   2   3   4   5  6A  6B    7    8   9   10  11  12  13   14  15   16   17  18
                                     12Z  AVG MX 2MIN
DY MAX MIN AVG DEP HDD CDD  WTR  SNW DPTH SPD SPD DIR MIN PSBL S-S WX    SPD DR
================================================================================

 1  82  60  71   0   0   6 0.00  0.0    0  2.6 12 240   M    M   1        14 270
 2  85  60  73   2   0   8 0.00  0.0    0  2.3 10 310   M    M   2 3      12 310
 3  79  54  67  -4   0   2 0.11  0.0    0 11.9 26 290   M    M   6 13     34 290
 4  72  53  63  -8   2   0 0.00  0.0    0 14.0 30 350   M    M   6        39 360
 5  76  52  64  -7   1   0 0.00  0.0    0  4.7 15 230   M    M   1        20 240
 6  76  59  68  -3   0   3 0.00  0.0    0  5.6 12  20   M    M   5        15 130
 7  78  55  67  -4   0   2 0.00  0.0    0  5.6 15  20   M    M   4 1      19  60
 8  79  50  65  -6   0   0 0.00  0.0    0  2.8 10 250   M    M   0        16 230
 9  78  53  66  -5   0   1 0.00  0.0    0  8.4 16 200   M    M   2        21 200
10  81  60  71   0   0   6 0.36  0.0    0  9.3 25 230   M    M   4 138    32 230
11  73  54  64  -7   1   0 0.00  0.0    0  7.9 17  10   M    M   4        22  10
12  76  50  63  -8   2   0 0.00  0.0    0  3.4 13  40   M    M   0        16  40
13  72  52  62  -9   3   0 0.00  0.0    0  4.4 13 170   M    M   2        17 200
14  76  57  67  -3   0   2 0.21  0.0    0  6.7 23 150   M    M   4 12     28 150
15  72  61  67  -3   0   2 0.00  0.0    0  7.4 15  30   M    M   6 12     18  30
16  82  63  73   3   0   8 0.82  0.0    0 10.8 16 150   M    M   5 13     23 100
17  76  65  71   1   0   6 0.00  0.0    0 13.7 24 260   M    M   8        32 270
18  77  59  68  -2   0   3 0.00  0.0    0  7.0 14 340   M    M   1        19 330
19  79  56  68  -2   0   3 0.00  0.0    0  3.4 10  40   M    M   0 1      14 200
20  76  61  69  -1   0   4    T  0.0    0  5.9 17 160   M    M   2 1      27 220
21  78  62  70   0   0   5 0.10  0.0    0  7.8 20 150   M    M   2 13     24 190
================================================================================
SM 1623 1196         9  61  1.60     0.0 145.6          M       65
================================================================================
AV 77.3 57.0                               6.9 FASTST   M    M   3    MAX(MPH)
                                 MISC ---->  # 30 350               # 39  360
================================================================================
NOTES:
# LAST OF SEVERAL OCCURRENCES

COLUMN 17 PEAK WIND IN M.P.H.

PRELIMINARY LOCAL CLIMATOLOGICAL DATA (WS FORM: F-6) , PAGE 2

                                          STATION:  DUBUQUE IA
                                          MONTH:    AUGUST
                                          YEAR:     2017
                                          LATITUDE:   42 24 N
                                          LONGITUDE:  90 42 W

[TEMPERATURE DATA]      [PRECIPITATION DATA]       SYMBOLS USED IN COLUMN 16

AVERAGE MONTHLY: 67.1   TOTAL FOR MONTH:   1.60    1 = FOG OR MIST
DPTR FM NORMAL:  -3.5   DPTR FM NORMAL:   -1.45    2 = FOG REDUCING VISIBILITY
HIGHEST:    85 ON  2    GRTST 24HR  0.82 ON 16-16      TO 1/4 MILE OR LESS
LOWEST:     50 ON 12, 8                            3 = THUNDER
                        SNOW, ICE PELLETS, HAIL    4 = ICE PELLETS
                        TOTAL MONTH:   0.0 INCH    5 = HAIL
                        GRTST 24HR     0.0         6 = FREEZING RAIN OR DRIZZLE
                        GRTST DEPTH:   0           7 = DUSTSTORM OR SANDSTORM:
                                                       VSBY 1/2 MILE OR LESS
                                                   8 = SMOKE OR HAZE
[NO. OF DAYS WITH]      [WEATHER - DAYS WITH]      9 = BLOWING SNOW
                                                   X = TORNADO
MAX 32 OR BELOW:   0    0.01 INCH OR MORE:   5
MAX 90 OR ABOVE:   0    0.10 INCH OR MORE:   5
MIN 32 OR BELOW:   0    0.50 INCH OR MORE:   1
MIN  0 OR BELOW:   0    1.00 INCH OR MORE:   0

[HDD (BASE 65) ]
TOTAL THIS MO.     9    CLEAR  (SCALE 0-3)  11
DPTR FM NORMAL     3    PTCLDY (SCALE 4-7)  10
TOTAL FM JUL 1    11    CLOUDY (SCALE 8-10)  0
DPTR FM NORMAL    -3

[CDD (BASE 65) ]
TOTAL THIS MO.    61
DPTR FM NORMAL   -69    [PRESSURE DATA]
TOTAL FM JAN 1   452    HIGHEST SLP M ON M
DPTR FM NORMAL   -78    LOWEST  SLP 29.72 ON 17

[REMARKS]
