799
CXUS55 KALY 200710
CF6DDH
PRELIMINARY LOCAL CLIMATOLOGICAL DATA (WS FORM: F-6)

                                          STATION:   BENNINGTON VT
                                          MONTH:     SEPTEMBER
                                          YEAR:      2017
                                          LATITUDE:   42 53 N
                                          LONGITUDE:  73 15 W

  TEMPERATURE IN F:       :PCPN:    SNOW:  WIND      :SUNSHINE: SKY     :PK WND
================================================================================
1   2   3   4   5  6A  6B    7    8   9   10  11  12  13   14  15   16   17  18
                                     12Z  AVG MX 2MIN
DY MAX MIN AVG DEP HDD CDD  WTR  SNW DPTH SPD SPD DIR MIN PSBL S-S WX    SPD DR
================================================================================

 1  64  38  51 -13  14   0 0.00    M    M  4.3 16 280   M    M   1        26 310
 2  71  33  52 -12  13   0    T    M    0  1.5  9 230   M    M   1 18     11 280
 3  58  51  55  -8  10   0 0.87    M    M  2.8 12 110   M    M  10 18     18 150
 4  77  57  67   4   0   2 0.01    M    M  8.0 17 180   M    M   5        24 180
 5  78  59  69   6   0   4 0.85    M    M  5.0 23 270   M    M   5 138    30 270
 6  62  58  60  -2   5   0 0.72    M    M  0.7  6  60   M    M  10 1       9  40
 7  68  46  57  -5   8   0 0.39    M    M  3.2 21 280   M    M   8 123    32 260
 8  66  43  55  -7  10   0    T    M    M  3.4 15 250   M    M   6 12     20 240
 9  64  46  55  -6  10   0 0.00    M    M  4.8 12 350   M    M   9 1      15 360
10  68  44  56  -5   9   0 0.00  0.0    0  2.7 13 330   M    M   4 12     19 320
11  71  39  55  -6  10   0 0.00    M    M  2.2  9 290   M    M   1 12     14 320
12  78  43  61   1   4   0 0.00    M    M  1.6  8 220   M    M   1 12     12 270
13  80  44  62   2   3   0 0.00    M    M  1.1  9 260   M    M   2 12     13 280
14  78  61  70  10   0   5    T    M    M  2.0 12 170   M    M   8        14 260
15  81  61  71  12   0   6 0.53    M    M  1.6  9 360   M    M   8 1      12 360
16  82  58  70  11   0   5 0.00    M    M  2.5  8 270   M    M   4 12     11 290
17  83  56  70  11   0   5 0.00    M    M  1.4  8 280   M    M   2 12     12 270
18  84  57  71  13   0   6 0.00    M    M  2.3 12 140   M    M   1 13     14 140
19  77  54  66   8   0   1 0.00  0.0    0  3.9 15 130   M    M   2 1      19 110
================================================================================
SM 1390  948        96  34  3.37     0.0  55.0          M       88
================================================================================
AV 73.2 49.9                               2.9 FASTST   M    M   5    MAX(MPH)
                                 MISC ---->  # 23 270               # 32  260
================================================================================
NOTES:
# LAST OF SEVERAL OCCURRENCES

COLUMN 17 PEAK WIND IN M.P.H.

PRELIMINARY LOCAL CLIMATOLOGICAL DATA (WS FORM: F-6) , PAGE 2

                                          STATION:  BENNINGTON VT
                                          MONTH:    SEPTEMBER
                                          YEAR:     2017
                                          LATITUDE:   42 53 N
                                          LONGITUDE:  73 15 W

[TEMPERATURE DATA]      [PRECIPITATION DATA]       SYMBOLS USED IN COLUMN 16

AVERAGE MONTHLY: 61.5   TOTAL FOR MONTH:   3.37    1 = FOG OR MIST
DPTR FM NORMAL:   0.5   DPTR FM NORMAL:    1.26    2 = FOG REDUCING VISIBILITY
HIGHEST:    84 ON 18    GRTST 24HR  0.87 ON  3- 3      TO 1/4 MILE OR LESS
LOWEST:     33 ON  2                               3 = THUNDER
                        SNOW, ICE PELLETS, HAIL    4 = ICE PELLETS
                        TOTAL MONTH:   0.0 INCH    5 = HAIL
                        GRTST 24HR     0.0         6 = FREEZING RAIN OR DRIZZLE
                        GRTST DEPTH:   0           7 = DUSTSTORM OR SANDSTORM:
                                                       VSBY 1/2 MILE OR LESS
                                                   8 = SMOKE OR HAZE
[NO. OF DAYS WITH]      [WEATHER - DAYS WITH]      9 = BLOWING SNOW
                                                   X = TORNADO
MAX 32 OR BELOW:   0    0.01 INCH OR MORE:   6
MAX 90 OR ABOVE:   0    0.10 INCH OR MORE:   5
MIN 32 OR BELOW:   0    0.50 INCH OR MORE:   4
MIN  0 OR BELOW:   0    1.00 INCH OR MORE:   0

[HDD (BASE 65) ]
TOTAL THIS MO.    96    CLEAR  (SCALE 0-3)   8
DPTR FM NORMAL     0    PTCLDY (SCALE 4-7)   7
TOTAL FM JUL 1   163    CLOUDY (SCALE 8-10)  4
DPTR FM NORMAL    -5

[CDD (BASE 65) ]
TOTAL THIS MO.    34
DPTR FM NORMAL    12    [PRESSURE DATA]
TOTAL FM JAN 1   341    HIGHEST SLP M ON M
DPTR FM NORMAL    31    LOWEST  SLP 29.66 ON  5

[REMARKS]
