000
CXUS53 KIWX 300800
CF6DFI
PRELIMINARY LOCAL CLIMATOLOGICAL DATA (WS FORM: F-6)

                                          STATION:   DEFIANCE MEMORIAL
                                          MONTH:     JANUARY
                                          YEAR:      2015
                                          LATITUDE:   41 20 N
                                          LONGITUDE:  84 26 W

  TEMPERATURE IN F:       :PCPN:    SNOW:  WIND      :SUNSHINE: SKY     :PK WND
================================================================================
1   2   3   4   5  6A  6B    7    8   9   10  11  12  13   14  15   16   17  18
                                     12Z  AVG MX 2MIN
DY MAX MIN AVG DEP HDD CDD  WTR  SNW DPTH SPD SPD DIR MIN PSBL S-S WX    SPD DR
================================================================================

 1  31  18  25  -1  40   0 0.00  0.0    M 11.3 23 230   M    M   2        34 240
 2  36  20  28   3  37   0 0.00  0.0    M  4.2  9 230   M    M   0        13 230
 3  38  27  33   8  32   0 0.74    M    M  5.0 12 330   M    M   9 1      13 330
 4  38  21  30   5  35   0 0.05    M    M 10.0 22 290   M    M  10 1      32 290
 5  20   7  14 -11  51   0 0.01    M    M 10.8 23 300   M    M   6 8      33 300
 6  19   8  14 -11  51   0 0.09    M    M  6.3 14 250   M    M   6 1      23 260
 7  13   0   7 -18  58   0 0.01    M    M 11.5 23 320   M    M   5 18     31 310
 8  17  -6   6 -19  59   0    T    M    M 14.8 28 230   M    M   4        36 230
 9  20   2  11 -14  54   0    T    M    M 11.9 23 230   M    M   4 8      36 250
10  20  -2   9 -16  56   0 0.00  0.0    0  9.7 20 220   M    M   2        25 220
11  32  20  26   1  39   0 0.15    M    M  7.3 16 210   M    M  10 1      20 210
12  32  13  23  -2  42   0 0.15    M    M  7.1 18 340   M    M   8 18     23 350
13  14  -2   6 -19  59   0    T    M    M  7.1 13  50   M    M   0 18     16  20
14   9  -3   3 -22  62   0    T    M    M  2.8  7 210   M    M   7 128    10 220
15  28  -3  13 -12  52   0 0.00  0.0    M  7.9 17 220   M    M   3 18     24 220
16  34  21  28   3  37   0 0.00  0.0    M  5.3 13 100   M    M   8 18     18 100
17  43  14  29   4  36   0 0.00  0.0    M 13.5 23 200   M    M   2 18     32 190
18  42  34  38  13  27   0    T    M    M  8.4 15 230   M    M  10 18     23 230
19  40  28  34   9  31   0 0.00  0.0    M  3.4  8 230   M    M   5 18     12 250
20  33  30  32   7  33   0 0.02    M    M  7.0 13  80   M    M  10 1      17  90
21  31  27  29   4  36   0    T    M    M  4.3 14  70   M    M  10 12     17  80
22  32  28  30   5  35   0 0.00  0.0    M  3.3 10 320   M    M  10 18     14 310
23  31  28  30   5  35   0 0.00  0.0    M  6.6 13 210   M    M  10        17 240
24  37  27  32   7  33   0 0.00  0.0    M  6.7 12 230   M    M  10 18     17 240
25  37  19  28   3  37   0 0.02    M    M 11.5 22  60   M    M  10 18     28  60
26  24   7  16  -9  49   0    T    M    M  4.5 17  30   M    M   3        24  50
27  27   9  18  -7  47   0 0.00  0.0    M  3.9 12 330   M    M   2 18     14 330
28  27   2  15 -10  50   0 0.00  0.0    M  4.0 10 150   M    M   0 1      15 140
29  38  27  33   8  32   0 0.02    M    M 10.0 21 320   M    M   8 18     26 320
================================================================================
SM  843  421      1245   0  1.26     0.0 220.1          M      174
================================================================================
AV 29.1 14.5                               7.6 FASTST   M    M   6    MAX(MPH)
                                 MISC ---->  # 28 230               # 36  230
================================================================================
NOTES:
# LAST OF SEVERAL OCCURRENCES

COLUMN 17 PEAK WIND IN M.P.H.

PRELIMINARY LOCAL CLIMATOLOGICAL DATA (WS FORM: F-6) , PAGE 2

                                          STATION:  DEFIANCE MEMORIAL
                                          MONTH:    JANUARY
                                          YEAR:     2015
                                          LATITUDE:   41 20 N
                                          LONGITUDE:  84 26 W

[TEMPERATURE DATA]      [PRECIPITATION DATA]       SYMBOLS USED IN COLUMN 16

AVERAGE MONTHLY: 21.8   TOTAL FOR MONTH:   1.26    1 = FOG OR MIST
DPTR FM NORMAL:  -3.2   DPTR FM NORMAL:   -0.28    2 = FOG REDUCING VISIBILITY
HIGHEST:    43 ON 17    GRTST 24HR  0.76 ON  3- 4      TO 1/4 MILE OR LESS
LOWEST:     -6 ON  8                               3 = THUNDER
                        SNOW, ICE PELLETS, HAIL    4 = ICE PELLETS
                        TOTAL MONTH:   0.0 INCH    5 = HAIL
                        GRTST 24HR     0.0         6 = FREEZING RAIN OR DRIZZLE
                        GRTST DEPTH:   0           7 = DUSTSTORM OR SANDSTORM:
                                                       VSBY 1/2 MILE OR LESS
                                                   8 = SMOKE OR HAZE
[NO. OF DAYS WITH]      [WEATHER - DAYS WITH]      9 = BLOWING SNOW
                                                   X = TORNADO
MAX 32 OR BELOW:  18    0.01 INCH OR MORE:  10
MAX 90 OR ABOVE:   0    0.10 INCH OR MORE:   3
MIN 32 OR BELOW:  28    0.50 INCH OR MORE:   1
MIN  0 OR BELOW:   6    1.00 INCH OR MORE:   0

[HDD (BASE 65) ]
TOTAL THIS MO.  1245    CLEAR  (SCALE 0-3)   9
DPTR FM NORMAL    86    PTCLDY (SCALE 4-7)   9
TOTAL FM JUL 1  3488    CLOUDY (SCALE 8-10) 11
DPTR FM NORMAL   -41

[CDD (BASE 65) ]
TOTAL THIS MO.     0
DPTR FM NORMAL     0    [PRESSURE DATA]
TOTAL FM JAN 1     0    HIGHEST SLP M ON M
DPTR FM NORMAL     0    LOWEST  SLP 29.62 ON 17

[REMARKS]
