000
CXUS52 KTAE 250800
CF6DHN
PRELIMINARY LOCAL CLIMATOLOGICAL DATA (WS FORM: F-6)

                                          STATION:   DOTHAN
                                          MONTH:     DECEMBER
                                          YEAR:      2014
                                          LATITUDE:   31 19 N
                                          LONGITUDE:  85 27 W

  TEMPERATURE IN F:       :PCPN:    SNOW:  WIND      :SUNSHINE: SKY     :PK WND
================================================================================
1   2   3   4   5  6A  6B    7    8   9   10  11  12  13   14  15   16   17  18
                                     12Z  AVG MX 2MIN
DY MAX MIN AVG DEP HDD CDD  WTR  SNW DPTH SPD SPD DIR MIN PSBL S-S WX    SPD DR
================================================================================

 1  76  42  59   5   6   0 0.00  0.0    0  1.5  8 200   M    M   2 128    12 140
 2  77  48  63   9   2   0 0.00  0.0    0  3.2  9 140   M    M   2        14 140
 3  78  53  66  12   0   1 0.00  0.0    0  2.3  7 140   M    M   1 1       M  M
 4  78  55  67  13   0   2 0.00  0.0    0  4.0  7 120   M    M   0         M  M
 5  74  53  64  11   1   0 0.00  0.0    0  6.3 13  90   M    M   2        16 120
 6  74  54  64  11   1   0 0.02  0.0    0  7.2 20 350   M    M   9 12     24 350
 7  64  46  55   2  10   0 0.00  0.0    0 10.0 20  80   M    M   3        26  70
 8  54  37  46  -7  19   0 0.00  0.0    0  7.8 15  70   M    M   7        20  70
 9  61  34  48  -4  17   0 0.00  0.0    0  8.6 23 330   M    M   0        29 330
10  56  32  44  -8  21   0 0.00  0.0    0  7.2 15 330   M    M   0 8      18 330
11  58  33  46  -6  19   0 0.00  0.0    0  7.3 14 300   M    M   0 1      17 310
12  64  33  49  -3  16   0 0.00  0.0    0  6.2 13 320   M    M   0 8      14 320
13  65  34  50  -2  15   0 0.00  0.0    0  7.2 14 330   M    M   0        17 320
14  65  35  50  -1  15   0 0.00  0.0    0  5.4 12 340   M    M   0 18     16 290
15  70  33  52   1  13   0 0.00  0.0    0  4.2 10 200   M    M   0 1      14 190
16  69  46  58   7   7   0 0.15    M    0 10.5 22 310   M    M   3 1      25 310
17  62  38  50  -1  15   0 0.00  0.0    0  6.0 13 350   M    M   0 8       M  M
18  65  39  52   1  13   0 0.00  0.0    0  3.5 10 330   M    M   2 8      13 330
19  60  47  54   4  11   0 0.21    M    0  5.0 10 320   M    M   6 1      12 320
20  57  46  52   2  13   0 0.06    M    0  6.5 13  80   M    M  10 1      16 100
21  55  51  53   3  12   0    T  0.0    0  7.7 13  50   M    M  10 1      16  50
22  56  49  53   3  12   0 0.08    M    0  7.3 20 120   M    M  10 12     24 110
23  67  56  62  12   3   0 2.43  0.0    0 11.4 25 350   M    M  10 123    33 310
24  68  50  59   9   6   0 1.98  0.0    0 10.6 22 270   M    M   7 13     26 270
================================================================================
SM 1573 1044       247   3  4.93     0.0 156.9          M       84
================================================================================
AV 65.5 43.5                               6.5 FASTST   M    M   4    MAX(MPH)
                                 MISC ---->  # 25 350               # 33  310
================================================================================
NOTES:
# LAST OF SEVERAL OCCURRENCES

COLUMN 17 PEAK WIND IN M.P.H.

PRELIMINARY LOCAL CLIMATOLOGICAL DATA (WS FORM: F-6) , PAGE 2

                                          STATION:  DOTHAN
                                          MONTH:    DECEMBER
                                          YEAR:     2014
                                          LATITUDE:   31 19 N
                                          LONGITUDE:  85 27 W

[TEMPERATURE DATA]      [PRECIPITATION DATA]       SYMBOLS USED IN COLUMN 16

AVERAGE MONTHLY: 54.5   TOTAL FOR MONTH:   4.93    1 = FOG OR MIST
DPTR FM NORMAL:   2.7   DPTR FM NORMAL:    1.25    2 = FOG REDUCING VISIBILITY
HIGHEST:    78 ON  4, 3 GRTST 24HR  4.38 ON 23-24      TO 1/4 MILE OR LESS
LOWEST:     32 ON 10                               3 = THUNDER
                        SNOW, ICE PELLETS, HAIL    4 = ICE PELLETS
                        TOTAL MONTH:   0.0 INCH    5 = HAIL
                        GRTST 24HR     0.0         6 = FREEZING RAIN OR DRIZZLE
                        GRTST DEPTH:   0           7 = DUSTSTORM OR SANDSTORM:
                                                       VSBY 1/2 MILE OR LESS
                                                   8 = SMOKE OR HAZE
[NO. OF DAYS WITH]      [WEATHER - DAYS WITH]      9 = BLOWING SNOW
                                                   X = TORNADO
MAX 32 OR BELOW:   0    0.01 INCH OR MORE:   7
MAX 90 OR ABOVE:   0    0.10 INCH OR MORE:   4
MIN 32 OR BELOW:   1    0.50 INCH OR MORE:   2
MIN  0 OR BELOW:   0    1.00 INCH OR MORE:   2

[HDD (BASE 65) ]
TOTAL THIS MO.   247    CLEAR  (SCALE 0-3)  15
DPTR FM NORMAL   -77    PTCLDY (SCALE 4-7)   4
TOTAL FM JUL 1   668    CLOUDY (SCALE 8-10)  5
DPTR FM NORMAL    67

[CDD (BASE 65) ]
TOTAL THIS MO.     3
DPTR FM NORMAL     3    [PRESSURE DATA]
TOTAL FM JAN 1  2419    HIGHEST SLP M ON M
DPTR FM NORMAL    27    LOWEST  SLP 29.64 ON 24

[REMARKS]
