000
CXUS53 KDLH 160627
CF6DLH
PRELIMINARY LOCAL CLIMATOLOGICAL DATA (WS FORM: F-6)

                                          STATION:   DULUTH MN
                                          MONTH:     APRIL
                                          YEAR:      2014
                                          LATITUDE:   46 49 N
                                          LONGITUDE:  92 11 W

  TEMPERATURE IN F:       :PCPN:    SNOW:  WIND      :SUNSHINE: SKY     :PK WND
================================================================================
1   2   3   4   5  6A  6B    7    8   9   10  11  12  13   14  15   16   17  18
                                     12Z  AVG MX 2MIN
DY MAX MIN AVG DEP HDD CDD  WTR  SNW DPTH SPD SPD DIR MIN PSBL S-S WX    SPD DR
================================================================================

 1  36  13  25  -8  40   0 0.16  3.5   27 15.3 30 330   M    M   7 189    42 320
 2  36  11  24  -9  41   0 0.00  0.0   28  7.1 16  80   M    M   1        20  70
 3  30  24  27  -7  38   0 0.26  6.3   26 18.1 28  70   M    M  10 128    34  70
 4  39  22  31  -3  34   0 0.34  3.1   34 11.9 22 350   M    M   6 12     30 350
 5  44  15  30  -5  35   0 0.00  0.0   31  9.4 20 210   M    M   2        25 210
 6  52  32  42   7  23   0 0.00  0.0   26  6.9 14 130   M    M   4        16 220
 7  52  30  41   5  24   0 0.04  0.0   26  5.2 12 330   M    M   6 128    16 320
 8  46  29  38   2  27   0 0.00  0.0   26 10.9 18 300   M    M   2        23 330
 9  57  30  44   8  21   0    T  0.0   23 13.7 28 210   M    M   4 3      38 290
10  50  37  44   7  21   0 0.00  0.0   17 16.1 29 300   M    M   2        42 290
11  53  32  43   5  22   0 0.00  0.0   14  9.7 24 290   M    M   4        32 300
12  41  32  37  -1  28   0 0.04  0.5   10 13.8 24  80   M    M  10 126    31  70
13  39  28  34  -4  31   0    T    T    9 12.6 25 350   M    M   9 12     35 350
14  30  20  25 -14  40   0    T    T    7 13.9 25 350   M    M   5 8      35 340
15  31  12  22 -17  43   0    T    T    7  6.6 13 300   M    M   1        20 280
================================================================================
SM  636  367       468   0  0.84    13.4 171.2          M       73
================================================================================
AV 42.4 24.5                              11.4 FASTST   M    M   5    MAX(MPH)
                                 MISC ---->  # 30 330               # 42  320
================================================================================
NOTES:
# LAST OF SEVERAL OCCURRENCES

COLUMN 17 PEAK WIND IN M.P.H.

PRELIMINARY LOCAL CLIMATOLOGICAL DATA (WS FORM: F-6) , PAGE 2

                                          STATION:  DULUTH MN
                                          MONTH:    APRIL
                                          YEAR:     2014
                                          LATITUDE:   46 49 N
                                          LONGITUDE:  92 11 W

[TEMPERATURE DATA]      [PRECIPITATION DATA]       SYMBOLS USED IN COLUMN 16

AVERAGE MONTHLY: 33.4   TOTAL FOR MONTH:   0.84    1 = FOG OR MIST
DPTR FM NORMAL:  -2.6   DPTR FM NORMAL:   -0.23    2 = FOG REDUCING VISIBILITY
HIGHEST:    57 ON  9    GRTST 24HR  0.60 ON  3- 4      TO 1/4 MILE OR LESS
LOWEST:     11 ON  2                               3 = THUNDER
                        SNOW, ICE PELLETS, HAIL    4 = ICE PELLETS
                        TOTAL MONTH:  13.4 INCHES  5 = HAIL
                        GRTST 24HR   6.3 ON   M    6 = FREEZING RAIN OR DRIZZLE
                        GRTST DEPTH:  34 ON  4     7 = DUSTSTORM OR SANDSTORM:
                                                       VSBY 1/2 MILE OR LESS
                                                   8 = SMOKE OR HAZE
[NO. OF DAYS WITH]      [WEATHER - DAYS WITH]      9 = BLOWING SNOW
                                                   X = TORNADO
MAX 32 OR BELOW:   3    0.01 INCH OR MORE:   5
MAX 90 OR ABOVE:   0    0.10 INCH OR MORE:   3
MIN 32 OR BELOW:  14    0.50 INCH OR MORE:   0
MIN  0 OR BELOW:   0    1.00 INCH OR MORE:   0

[HDD (BASE 65) ]
TOTAL THIS MO.   468    CLEAR  (SCALE 0-3)   5
DPTR FM NORMAL    34    PTCLDY (SCALE 4-7)   7
TOTAL FM JUL 1  9348    CLOUDY (SCALE 8-10)  3
DPTR FM NORMAL   837

[CDD (BASE 65) ]
TOTAL THIS MO.     0
DPTR FM NORMAL     0    [PRESSURE DATA]
TOTAL FM JAN 1     0    HIGHEST SLP M ON M
DPTR FM NORMAL     0    LOWEST  SLP 29.40 ON  9

[REMARKS]
