000
CXUS53 KDLH 280631
CF6DLH
PRELIMINARY LOCAL CLIMATOLOGICAL DATA (WS FORM: F-6)

                                          STATION:   DULUTH
                                          MONTH:     SEPTEMBER
                                          YEAR:      2016
                                          LATITUDE:   46 49 N
                                          LONGITUDE:  92 11 W

  TEMPERATURE IN F:       :PCPN:    SNOW:  WIND      :SUNSHINE: SKY     :PK WND
================================================================================
1   2   3   4   5  6A  6B    7    8   9   10  11  12  13   14  15   16   17  18
                                     12Z  AVG MX 2MIN
DY MAX MIN AVG DEP HDD CDD  WTR  SNW DPTH SPD SPD DIR MIN PSBL S-S WX    SPD DR
================================================================================

 1  68  54  61   0   4   0 0.00  0.0    0  9.4 15 100   M    M   5        19  70
 2  73  51  62   1   3   0 0.00  0.0    0  8.3 18 180   M    M   3 12     23 180
 3  74  56  65   5   0   0 0.00  0.0    0 10.6 23 200   M    M   2        29 200
 4  77  57  67   7   0   2 0.04  0.0    0 12.3 23 180   M    M   3        28 180
 5  80  63  72  12   0   7 1.24  0.0    0 11.4 22 250   M    M   9 13     27 250
 6  79  61  70  11   0   5    T  0.0    0  4.5 15 350   M    M   5 13     18 320
 7  69  59  64   5   1   0 0.84  0.0    0  9.6 24 290   M    M   7 123    33 300
 8  73  57  65   6   0   0    T  0.0    0 10.8 23 270   M    M   6 13     31 280
 9  73  55  64   6   1   0    T  0.0    0  7.8 17 200   M    M   5        21 250
10  68  51  60   2   5   0 0.09  0.0    0  9.4 17 310   M    M   5        25 340
11  76  50  63   5   2   0 0.00  0.0    0 12.7 26 200   M    M   2        39 210
12  72  56  64   7   1   0 0.01  0.0    0 11.7 20 240   M    M   6 1      29 210
13  62  44  53  -4  12   0 0.00  0.0    0  8.9 17 280   M    M   5        24 310
14  64  40  52  -4  13   0 0.00  0.0    0  4.1 12 260   M    M   1        14 220
15  70  45  58   2   7   0 0.08  0.0    0  6.7 14 170   M    M   6 1      18 140
16  69  59  64   8   1   0 0.12  0.0    0  5.7 13 260   M    M   8 12     16 250
17  65  51  58   3   7   0 0.05  0.0    0  9.3 18 290   M    M   7 1      24 290
18  71  44  58   3   7   0 0.04  0.0    0  6.5 17 310   M    M   4 123    22 310
19  73  50  62   8   3   0 0.00  0.0    0 13.5 33 270   M    M   2        41 270
20  72  46  59   5   6   0    T  0.0    0  6.8 18 260   M    M   5        23 260
21  68  53  61   8   4   0 0.01  0.0    0 11.7 30 100   M    M   7 3      38 100
22  65  51  58   5   7   0 0.03  0.0    0  8.8 16  70   M    M   7 1      21  60
23  64  53  59   7   6   0 0.00  0.0    0 13.6 23 100   M    M   6        29 100
24  62  54  58   6   7   0 0.02  0.0    0 11.2 16 110   M    M   9 1      21 110
25  69  50  60   8   5   0 0.68  0.0    0 14.2 29 260   M    M   9 18     36 260
26  54  48  51   0  14   0 0.15  0.0    0 20.0 30 290   M    M   9 1      40 280
27  51  47  49  -2  16   0 0.12    M    0 14.3 23 300   M    M  10 1      32 300
================================================================================
SM 1861 1405       132  14  3.52     0.0 273.8          M      153
================================================================================
AV 68.9 52.0                              10.1 FASTST   M    M   6    MAX(MPH)
                                 MISC ---->  # 33 270               # 41  270
================================================================================
NOTES:
# LAST OF SEVERAL OCCURRENCES

COLUMN 17 PEAK WIND IN M.P.H.

PRELIMINARY LOCAL CLIMATOLOGICAL DATA (WS FORM: F-6) , PAGE 2

                                          STATION:  DULUTH
                                          MONTH:    SEPTEMBER
                                          YEAR:     2016
                                          LATITUDE:   46 49 N
                                          LONGITUDE:  92 11 W

[TEMPERATURE DATA]      [PRECIPITATION DATA]       SYMBOLS USED IN COLUMN 16

AVERAGE MONTHLY: 60.5   TOTAL FOR MONTH:   3.52    1 = FOG OR MIST
DPTR FM NORMAL:   4.3   DPTR FM NORMAL:   -0.22    2 = FOG REDUCING VISIBILITY
HIGHEST:    80 ON  5    GRTST 24HR  1.24 ON  5- 5      TO 1/4 MILE OR LESS
LOWEST:     40 ON 14                               3 = THUNDER
                        SNOW, ICE PELLETS, HAIL    4 = ICE PELLETS
                        TOTAL MONTH:   0.0 INCH    5 = HAIL
                        GRTST 24HR     0.0         6 = FREEZING RAIN OR DRIZZLE
                        GRTST DEPTH:   0           7 = DUSTSTORM OR SANDSTORM:
                                                       VSBY 1/2 MILE OR LESS
                                                   8 = SMOKE OR HAZE
[NO. OF DAYS WITH]      [WEATHER - DAYS WITH]      9 = BLOWING SNOW
                                                   X = TORNADO
MAX 32 OR BELOW:   0    0.01 INCH OR MORE:  15
MAX 90 OR ABOVE:   0    0.10 INCH OR MORE:   6
MIN 32 OR BELOW:   0    0.50 INCH OR MORE:   3
MIN  0 OR BELOW:   0    1.00 INCH OR MORE:   1

[HDD (BASE 65) ]
TOTAL THIS MO.   132    CLEAR  (SCALE 0-3)   5
DPTR FM NORMAL  -119    PTCLDY (SCALE 4-7)  16
TOTAL FM JUL 1   186    CLOUDY (SCALE 8-10)  6
DPTR FM NORMAL  -214

[CDD (BASE 65) ]
TOTAL THIS MO.    14
DPTR FM NORMAL     1    [PRESSURE DATA]
TOTAL FM JAN 1   281    HIGHEST SLP M ON M
DPTR FM NORMAL    78    LOWEST  SLP 29.68 ON 27

[REMARKS]
