000
CXUS56 KTFX 201205
CF6DLN
PRELIMINARY LOCAL CLIMATOLOGICAL DATA (WS FORM: F-6)

                                          STATION:   DILLON AIRPORT MT
                                          MONTH:     SEPTEMBER
                                          YEAR:      2017
                                          LATITUDE:   45 15 N
                                          LONGITUDE: 112 33 W

  TEMPERATURE IN F:       :PCPN:    SNOW:  WIND      :SUNSHINE: SKY     :PK WND
================================================================================
1   2   3   4   5  6A  6B    7    8   9   10  11  12  13   14  15   16   17  18
                                     12Z  AVG MX 2MIN
DY MAX MIN AVG DEP HDD CDD  WTR  SNW DPTH SPD SPD DIR MIN PSBL S-S WX    SPD DR
================================================================================

 1  86  47  67   7   0   2 0.00    M    0  5.3 13  10   M    M   0 8      16 170
 2  90  49  70  10   0   5 0.00    M    0 11.4 21 260   M    M   2 8      25 260
 3  95  51  73  13   0   8 0.00    M    0  7.4 15 230   M    M   3 8      19 200
 4  71  50  61   2   4   0 0.00    M    0 12.4 25  40   M    M   4 8      32  30
 5  77  42  60   1   5   0 0.00    M    0  4.9  9  80   M    M   0 8      10  70
 6  80  46  63   4   2   0 0.00    M    0  5.4 14 190   M    M   3 8      16 200
 7  82  46  64   6   1   0 0.00    M    0  6.5 12 210   M    M   0 8      14 210
 8  88  47  68  10   0   3 0.00    M    0  8.4 30 230   M    M   2 8      38 150
 9  82  54  68  10   0   3 0.00    M    0  9.6 20 230   M    M   1 8      22 220
10  83  53  68  11   0   3 0.00    M    0  8.1 17 200   M    M   0 8      22 210
11  87  45  66   9   0   1 0.00    M    0  5.9 14 180   M    M   0 8      16 180
12  85  50  68  12   0   3 0.00    M    0  7.5 20 270   M    M   0 8      23 280
13  76  51  64   8   1   0 0.05    M    0  9.7 26 270   M    M   5 38     33 270
14  57  39  48  -8  17   0 0.27    M    0 14.3 26  50   M    M   6 1      31  50
15  39  32  36 -19  29   0 1.03    M    0  5.9 16  40   M    M  10 2      20  30
16  47  32  40 -15  25   0 0.13    M    3  6.8 14 190   M    M   6        16 200
17  61  32  47  -7  18   0 0.00    M    T  6.9 17 230   M    M   1        23 220
18  55  41  48  -6  17   0 0.21    M    0  7.3 17 220   M    M   8 1      21 220
19  50  35  43 -11  22   0 0.08    M    0 10.5 25 230   M    M   6 13     32 320
================================================================================
SM 1391  842       141  28  1.77    M    154.2          M       57
================================================================================
AV 73.2 44.3                               8.1 FASTST   M    M   3    MAX(MPH)
                                 MISC ---->  # 30 230               # 38  150
================================================================================
NOTES:
# LAST OF SEVERAL OCCURRENCES

COLUMN 17 PEAK WIND IN M.P.H.

PRELIMINARY LOCAL CLIMATOLOGICAL DATA (WS FORM: F-6) , PAGE 2

                                          STATION:  DILLON AIRPORT MT
                                          MONTH:    SEPTEMBER
                                          YEAR:     2017
                                          LATITUDE:   45 15 N
                                          LONGITUDE: 112 33 W

[TEMPERATURE DATA]      [PRECIPITATION DATA]       SYMBOLS USED IN COLUMN 16

AVERAGE MONTHLY: 58.8   TOTAL FOR MONTH:   1.77    1 = FOG OR MIST
DPTR FM NORMAL:   1.7   DPTR FM NORMAL:    1.20    2 = FOG REDUCING VISIBILITY
HIGHEST:    95 ON  3    GRTST 24HR  1.03 ON 15-15      TO 1/4 MILE OR LESS
LOWEST:     32 ON 17,16                            3 = THUNDER
                        SNOW, ICE PELLETS, HAIL    4 = ICE PELLETS
                        TOTAL MONTH:    M          5 = HAIL
                        GRTST 24HR    M  ON   M    6 = FREEZING RAIN OR DRIZZLE
                        GRTST DEPTH:   3 ON 16     7 = DUSTSTORM OR SANDSTORM:
                                                       VSBY 1/2 MILE OR LESS
                                                   8 = SMOKE OR HAZE
[NO. OF DAYS WITH]      [WEATHER - DAYS WITH]      9 = BLOWING SNOW
                                                   X = TORNADO
MAX 32 OR BELOW:   0    0.01 INCH OR MORE:   6
MAX 90 OR ABOVE:   2    0.10 INCH OR MORE:   4
MIN 32 OR BELOW:   3    0.50 INCH OR MORE:   1
MIN  0 OR BELOW:   0    1.00 INCH OR MORE:   1

[HDD (BASE 65) ]
TOTAL THIS MO.   141    CLEAR  (SCALE 0-3)  11
DPTR FM NORMAL   -18    PTCLDY (SCALE 4-7)   7
TOTAL FM JUL 1   155    CLOUDY (SCALE 8-10)  1
DPTR FM NORMAL  -140

[CDD (BASE 65) ]
TOTAL THIS MO.    28
DPTR FM NORMAL    21    [PRESSURE DATA]
TOTAL FM JAN 1   290    HIGHEST SLP M ON M
DPTR FM NORMAL   135    LOWEST  SLP 29.64 ON M

[REMARKS]
