000
CXUS56 KTFX 241205
CF6DLN
PRELIMINARY LOCAL CLIMATOLOGICAL DATA (WS FORM: F-6)

                                          STATION:   DILLON AIRPORT MT
                                          MONTH:     MARCH
                                          YEAR:      2017
                                          LATITUDE:   45 15 N
                                          LONGITUDE: 112 33 W

  TEMPERATURE IN F:       :PCPN:    SNOW:  WIND      :SUNSHINE: SKY     :PK WND
================================================================================
1   2   3   4   5  6A  6B    7    8   9   10  11  12  13   14  15   16   17  18
                                     12Z  AVG MX 2MIN
DY MAX MIN AVG DEP HDD CDD  WTR  SNW DPTH SPD SPD DIR MIN PSBL S-S WX    SPD DR
================================================================================

 1  40  20  30   0  35   0 0.00    M    0 16.6 31 260   M    M   4        40 240
 2  46  21  34   4  31   0 0.00    M    0 13.4 25 230   M    M   3        30 230
 3  50  24  37   6  28   0 0.00    M    0 12.4 29 140   M    M   1        38 140
 4  49  31  40   9  25   0 0.00    M    0 11.6 32 200   M    M   5        41 200
 5  44  27  36   5  29   0    T    M    0 13.9 35 210   M    M   5        43 210
 6  33  21  27  -5  38   0    T    M    0 14.3 25 250   M    M   7        33 260
 7  38  15  27  -5  38   0    T    M    T 14.0 26 240   M    M   7 1      33 250
 8  51  32  42  10  23   0 0.00    M    0 19.1 39 240   M    M   2        47 230
 9  53  25  39   6  26   0 0.01    M    0  8.1 22 230   M    M   5 1      27 230
10  57  28  43  10  22   0 0.00    M    0 11.7 23 300   M    M   5 1      29 300
11  54  28  41   8  24   0    T    M    0 11.0 25 260   M    M   2        33 260
12  50  33  42   8  23   0    T    M    0 12.8 28 250   M    M   3        33 250
13  61  34  48  14  17   0 0.00    M    0 14.3 28 230   M    M   7        35 250
14  66  41  54  20  11   0 0.00    M    0 12.7 28 230   M    M   4        36 230
15  66  37  52  18  13   0 0.00    M    0 12.6 25 150   M    M   3        33 150
16  55  29  42   7  23   0    T    M    0 12.7 30 270   M    M   3        37 270
17  61  24  43   8  22   0 0.00    M    0  7.8 25 170   M    M   4        30 170
18  65  37  51  16  14   0 0.00    M    0 12.9 31 160   M    M   3        41 170
19  59  35  47  12  18   0    T    M    0  9.2 28 280   M    M   7        33 210
20  45  33  39   3  26   0    T    M    0 10.0 21  40   M    M   9 1      25  40
21  50  33  42   6  23   0 0.05    M    0  6.2 18 110   M    M   7 1      25 230
22  53  35  44   8  21   0 0.10    M    0  7.5 24 230   M    M   4 1      32 230
23  54  28  41   5  24   0 0.00    M    0  4.6 10  30   M    M   5        13  20
================================================================================
SM 1200  671       554   0  0.16    M    269.4          M      105
================================================================================
AV 52.2 29.2                              11.7 FASTST   M    M   5    MAX(MPH)
                                 MISC ---->  # 39 240               # 47  230
================================================================================
NOTES:
# LAST OF SEVERAL OCCURRENCES

COLUMN 17 PEAK WIND IN M.P.H.

PRELIMINARY LOCAL CLIMATOLOGICAL DATA (WS FORM: F-6) , PAGE 2

                                          STATION:  DILLON AIRPORT MT
                                          MONTH:    MARCH
                                          YEAR:     2017
                                          LATITUDE:   45 15 N
                                          LONGITUDE: 112 33 W

[TEMPERATURE DATA]      [PRECIPITATION DATA]       SYMBOLS USED IN COLUMN 16

AVERAGE MONTHLY: 40.7   TOTAL FOR MONTH:   0.16    1 = FOG OR MIST
DPTR FM NORMAL:   7.3   DPTR FM NORMAL:   -0.20    2 = FOG REDUCING VISIBILITY
HIGHEST:    66 ON 15,14 GRTST 24HR  0.10 ON 22-22      TO 1/4 MILE OR LESS
LOWEST:     15 ON  7                               3 = THUNDER
                        SNOW, ICE PELLETS, HAIL    4 = ICE PELLETS
                        TOTAL MONTH:    M          5 = HAIL
                        GRTST 24HR    M  ON   M    6 = FREEZING RAIN OR DRIZZLE
                        GRTST DEPTH:   T           7 = DUSTSTORM OR SANDSTORM:
                                                       VSBY 1/2 MILE OR LESS
                                                   8 = SMOKE OR HAZE
[NO. OF DAYS WITH]      [WEATHER - DAYS WITH]      9 = BLOWING SNOW
                                                   X = TORNADO
MAX 32 OR BELOW:   0    0.01 INCH OR MORE:   3
MAX 90 OR ABOVE:   0    0.10 INCH OR MORE:   1
MIN 32 OR BELOW:  14    0.50 INCH OR MORE:   0
MIN  0 OR BELOW:   0    1.00 INCH OR MORE:   0

[HDD (BASE 65) ]
TOTAL THIS MO.   554    CLEAR  (SCALE 0-3)   6
DPTR FM NORMAL  -173    PTCLDY (SCALE 4-7)  16
TOTAL FM JUL 1  6509    CLOUDY (SCALE 8-10)  1
DPTR FM NORMAL  -135

[CDD (BASE 65) ]
TOTAL THIS MO.     0
DPTR FM NORMAL     0    [PRESSURE DATA]
TOTAL FM JAN 1     0    HIGHEST SLP M ON M
DPTR FM NORMAL     0    LOWEST  SLP 29.33 ON  5

[REMARKS]
