000
CXUS55 KCAE 261400
CF6DNL
PRELIMINARY LOCAL CLIMATOLOGICAL DATA (WS FORM: F-6)

                                          STATION:   AUGUSTA DANIEL FIELD GA
                                          MONTH:     JULY
                                          YEAR:      2017
                                          LATITUDE:   33 28 N
                                          LONGITUDE:  82  2 W

  TEMPERATURE IN F:       :PCPN:    SNOW:  WIND      :SUNSHINE: SKY     :PK WND
================================================================================
1   2   3   4   5  6A  6B    7    8   9   10  11  12  13   14  15   16   17  18
                                     12Z  AVG MX 2MIN
DY MAX MIN AVG DEP HDD CDD  WTR  SNW DPTH SPD SPD DIR MIN PSBL S-S WX    SPD DR
================================================================================

 1  93  74  84   3   0  19 0.00  0.0    0  5.5 20 200   M    M   4        25 200
 2  96  74  85   3   0  20 0.05  0.0    0  4.2 10 210   M    M   1 3      16 280
 3  90  73  82   0   0  17 0.25    M    M  3.0 12  10   M    M   4 13     14  20
 4  96  76  86   4   0  21 0.10    M    M  4.3 24 310   M    M   4 18     33 310
 5  97  76  87   5   0  22 0.00    M    M  3.5 14 210   M    M   0 8      19 200
 6  98  77  88   6   0  23 0.07    M    M  4.0 14 360   M    M   1 3      19 230
 7  97  77  87   5   0  22    T    M    M  5.1 15 220   M    M   1 3      22 210
 8  95  74  85   3   0  20    T    M    M  6.4 20 340   M    M   1 3      32 320
 9  94  73  84   2   0  19 0.03    M    M  4.2 17 170   M    M   2 3      22 170
10  92  73  83   1   0  18 0.10    M    M  5.1 20 330   M    M   4 138    25 320
11  94  73  84   2   0  19 0.11    M    M  4.6 21  80   M    M   3 3      27  70
12  94  75  85   3   0  20    T    M    M  4.1 13  90   M    M   3 3      16  90
13  95  76  86   4   0  21 0.00    M    M  5.0 12 180   M    M   1        23 120
14  97  78  88   6   0  23 0.00    M    M  4.6 14 200   M    M   1 3      18 200
15  97  72  85   3   0  20 0.07    M    M  5.4 22 310   M    M   2 13     35 290
16  90  73  82   0   0  17 0.53    M    M  4.3 15 200   M    M   4 1      20 200
17  88  74  81  -1   0  16    T    M    M  4.6 13 150   M    M   6        17 190
18  93  74  84   2   0  19 0.00    M    M  3.5 13 140   M    M   5 3      15 130
19  94  75  85   3   0  20    T    M    M  3.6 12 150   M    M   1 3      16 110
20  98  76  87   5   0  22 0.15    M    M  5.4 15 180   M    M   3 3      20 160
21  96  75  86   4   0  21 0.10    M    M  4.1 17 350   M    M   0        21 360
22  95  74  85   3   0  20 0.00    M    M  6.0 12 200   M    M   0        15 200
23  97  74  86   4   0  21 0.38    M    M  7.1 22  10   M    M   3 13     31  10
24  93  74  84   2   0  19 0.35    M    M  4.7 17 310   M    M   4 3      24 290
25  94  74  84   2   0  19 0.03    M    M  2.9 18 200   M    M   3 38     26 200
================================================================================
SM 2363 1864         0 498  2.32     0.0 115.2          M       61
================================================================================
AV 94.5 74.6                               4.6 FASTST   M    M   2    MAX(MPH)
                                 MISC ---->  # 24 310               # 35  290
================================================================================
NOTES:
# LAST OF SEVERAL OCCURRENCES

COLUMN 17 PEAK WIND IN M.P.H.

PRELIMINARY LOCAL CLIMATOLOGICAL DATA (WS FORM: F-6) , PAGE 2

                                          STATION:  AUGUSTA DANIEL FIELD GA
                                          MONTH:    JULY
                                          YEAR:     2017
                                          LATITUDE:   33 28 N
                                          LONGITUDE:  82  2 W

[TEMPERATURE DATA]      [PRECIPITATION DATA]       SYMBOLS USED IN COLUMN 16

AVERAGE MONTHLY: 84.5   TOTAL FOR MONTH:   2.32    1 = FOG OR MIST
DPTR FM NORMAL:   2.6   DPTR FM NORMAL:   -1.92    2 = FOG REDUCING VISIBILITY
HIGHEST:    98 ON 20, 6 GRTST 24HR  0.98 ON 30- 1      TO 1/4 MILE OR LESS
LOWEST:     72 ON 15                               3 = THUNDER
                        SNOW, ICE PELLETS, HAIL    4 = ICE PELLETS
                        TOTAL MONTH:   0.0 INCH    5 = HAIL
                        GRTST 24HR     0.0         6 = FREEZING RAIN OR DRIZZLE
                        GRTST DEPTH:   0           7 = DUSTSTORM OR SANDSTORM:
                                                       VSBY 1/2 MILE OR LESS
                                                   8 = SMOKE OR HAZE
[NO. OF DAYS WITH]      [WEATHER - DAYS WITH]      9 = BLOWING SNOW
                                                   X = TORNADO
MAX 32 OR BELOW:   0    0.01 INCH OR MORE:  14
MAX 90 OR ABOVE:  24    0.10 INCH OR MORE:   9
MIN 32 OR BELOW:   0    0.50 INCH OR MORE:   1
MIN  0 OR BELOW:   0    1.00 INCH OR MORE:   0

[HDD (BASE 65) ]
TOTAL THIS MO.     0    CLEAR  (SCALE 0-3)  15
DPTR FM NORMAL     0    PTCLDY (SCALE 4-7)  10
TOTAL FM JUL 1     0    CLOUDY (SCALE 8-10)  0
DPTR FM NORMAL     0

[CDD (BASE 65) ]
TOTAL THIS MO.   498
DPTR FM NORMAL    75    [PRESSURE DATA]
TOTAL FM JAN 1  1635    HIGHEST SLP M ON M
DPTR FM NORMAL   421    LOWEST  SLP 29.79 ON 23

[REMARKS]
