000
CXUS55 KCAE 211400
CF6DNL
PRELIMINARY LOCAL CLIMATOLOGICAL DATA (WS FORM: F-6)

                                          STATION:   AUGUSTA DANIEL FIELD GA
                                          MONTH:     SEPTEMBER
                                          YEAR:      2017
                                          LATITUDE:   33 28 N
                                          LONGITUDE:  82  2 W

  TEMPERATURE IN F:       :PCPN:    SNOW:  WIND      :SUNSHINE: SKY     :PK WND
================================================================================
1   2   3   4   5  6A  6B    7    8   9   10  11  12  13   14  15   16   17  18
                                     12Z  AVG MX 2MIN
DY MAX MIN AVG DEP HDD CDD  WTR  SNW DPTH SPD SPD DIR MIN PSBL S-S WX    SPD DR
================================================================================

 1  91  73  82   3   0  17 0.01    M    M  9.3 21 200   M    M   5 1      29 200
 2  89  70  80   1   0  15 0.00    M    M  4.6 13 300   M    M   0        17 290
 3  90  66  78  -1   0  13 0.00    M    M  4.3 14 300   M    M   0        20 300
 4  93  65  79   1   0  14 0.00    M    M  3.4 13 290   M    M   1        21 240
 5  95  74  85   7   0  20 0.00    M    M  5.6 22 310   M    M   3 3      32 300
 6  87  66  77  -1   0  12    T    M    M  5.6 17 300   M    M   3        24 280
 7  84  59  72  -6   0   7 0.00    M    M  5.8 10  20   M    M   1 1      14 340
 8  85  62  74  -4   0   9 0.00    M    M  5.6 14  80   M    M   0        22 100
 9  85  64  75  -2   0  10 0.00    M    M 12.3 23  60   M    M   0        33  50
10  73  64  69  -8   0   4 0.01    M    M 15.1 23  40   M    M   5        31  30
11  72  60  66 -11   0   1 3.91    M    M 20.6 37  50   M    M  10 12     57  40
12  72  64  68  -9   0   3    T    M    M  8.0 20 180   M    M   8        25 140
13  87  61  74  -2   0   9 0.18    M    M  6.5 18 200   M    M   4 1      23 200
14  87  70  79   3   0  14 0.23    M    M  3.0 12 290   M    M   4 12     15 220
15  90  69  80   4   0  15 0.00    M    M  3.1  9 350   M    M   1 1      12 310
16  91  69  80   4   0  15 0.00    M    M  4.4 12  10   M    M   0        17  30
17  92  69  81   6   0  16 0.00    M    M  6.7 15  20   M    M   1        20  30
18  92  70  81   6   0  16 0.00    M    M  3.7 10 310   M    M   1        15 340
19  90  72  81   6   0  16 0.00    M    M  2.9  8  40   M    M   3        12 180
20  93  72  83   9   0  18 0.00    M    M  1.7  8 130   M    M   0 18     11 330
================================================================================
SM 1738 1339         0 244  4.34    M    132.2          M       50
================================================================================
AV 86.9 67.0                               6.6 FASTST   M    M   3    MAX(MPH)
                                 MISC ---->  # 37  50               # 57   40
================================================================================
NOTES:
# LAST OF SEVERAL OCCURRENCES

COLUMN 17 PEAK WIND IN M.P.H.

PRELIMINARY LOCAL CLIMATOLOGICAL DATA (WS FORM: F-6) , PAGE 2

                                          STATION:  AUGUSTA DANIEL FIELD GA
                                          MONTH:    SEPTEMBER
                                          YEAR:     2017
                                          LATITUDE:   33 28 N
                                          LONGITUDE:  82  2 W

[TEMPERATURE DATA]      [PRECIPITATION DATA]       SYMBOLS USED IN COLUMN 16

AVERAGE MONTHLY: 76.9   TOTAL FOR MONTH:   4.34    1 = FOG OR MIST
DPTR FM NORMAL:   0.0   DPTR FM NORMAL:    1.94    2 = FOG REDUCING VISIBILITY
HIGHEST:    95 ON  5    GRTST 24HR  3.91 ON 11-11      TO 1/4 MILE OR LESS
LOWEST:     59 ON  7                               3 = THUNDER
                        SNOW, ICE PELLETS, HAIL    4 = ICE PELLETS
                        TOTAL MONTH:    M          5 = HAIL
                        GRTST 24HR    M  ON   M    6 = FREEZING RAIN OR DRIZZLE
                        GRTST DEPTH:  M  ON   M    7 = DUSTSTORM OR SANDSTORM:
                                                       VSBY 1/2 MILE OR LESS
                                                   8 = SMOKE OR HAZE
[NO. OF DAYS WITH]      [WEATHER - DAYS WITH]      9 = BLOWING SNOW
                                                   X = TORNADO
MAX 32 OR BELOW:   0    0.01 INCH OR MORE:   5
MAX 90 OR ABOVE:  10    0.10 INCH OR MORE:   3
MIN 32 OR BELOW:   0    0.50 INCH OR MORE:   1
MIN  0 OR BELOW:   0    1.00 INCH OR MORE:   1

[HDD (BASE 65) ]
TOTAL THIS MO.     0    CLEAR  (SCALE 0-3)  14
DPTR FM NORMAL     0    PTCLDY (SCALE 4-7)   4
TOTAL FM JUL 1     0    CLOUDY (SCALE 8-10)  2
DPTR FM NORMAL     0

[CDD (BASE 65) ]
TOTAL THIS MO.   244
DPTR FM NORMAL     5    [PRESSURE DATA]
TOTAL FM JAN 1  2545    HIGHEST SLP M ON M
DPTR FM NORMAL   495    LOWEST  SLP 29.65 ON 11

[REMARKS]
