000
CXUS55 KCAE 251400
CF6DNL
PRELIMINARY LOCAL CLIMATOLOGICAL DATA (WS FORM: F-6)

                                          STATION:   AUGUSTA DANIEL FIELD GA
                                          MONTH:     AUGUST
                                          YEAR:      2016
                                          LATITUDE:   33 28 N
                                          LONGITUDE:  82  2 W

  TEMPERATURE IN F:       :PCPN:    SNOW:  WIND      :SUNSHINE: SKY     :PK WND
================================================================================
1   2   3   4   5  6A  6B    7    8   9   10  11  12  13   14  15   16   17  18
                                     12Z  AVG MX 2MIN
DY MAX MIN AVG DEP HDD CDD  WTR  SNW DPTH SPD SPD DIR MIN PSBL S-S WX    SPD DR
================================================================================

 1  94  75  85   3   0  20 0.53    M    M  5.2 26 200   M    M   2 13     33 200
 2  93  74  84   2   0  19 0.81    M    M  4.9 16  30   M    M   6 13     22 320
 3  91  74  83   1   0  18    T    M    M  4.0 15  80   M    M   3 13     19  90
 4  87  77  82   0   0  17 0.30    M    M  5.4 18 130   M    M   7 13     23 130
 5  91  75  83   1   0  18 0.00    M    M  3.2 10 170   M    M   6 3      17 160
 6  96  76  86   4   0  21 0.00    M    M  6.4 15 200   M    M   1 8      19 190
 7  93  78  86   4   0  21 0.00    M    M  6.7 13 130   M    M   3        17 140
 8  90  78  84   2   0  19 0.20    M    M  6.6 17 190   M    M   4 3      21 200
 9  91  77  84   2   0  19 0.01    M    M  8.6 22 140   M    M   6 8      32 150
10  94  76  85   4   0  20 0.00    M    M  6.9 16  90   M    M   4        21 120
11  93  77  85   4   0  20 0.01    M    M  5.6 16  90   M    M   6 13     21  70
12  95  78  87   6   0  22 0.00    M    M  5.9 14 150   M    M   5 18     21 150
13  97  76  87   6   0  22 0.00    M    M  6.5 14 170   M    M   2 138    16 150
14  97  77  87   6   0  22    T    M    M  4.7 10 180   M    M   2 3      14 170
15  97  77  87   6   0  22 0.00    M    M  4.3 17 150   M    M   1 38     23 150
16  97  77  87   6   0  22 0.00    M    M  5.0 12 130   M    M   2 1      16 170
17  97  76  87   6   0  22 0.63    M    M  3.6 17 300   M    M   1 3      24 200
18  97  76  87   6   0  22 0.41    M    M  3.1 16 270   M    M   2 38     26 260
19  94  76  85   4   0  20 0.28    M    M  3.9 20 210   M    M   3 13     24 210
20  92  76  84   4   0  19 0.03    M    M  3.5 17 300   M    M   2 3      23 300
21  95  77  86   6   0  21    T    M    M  5.6 13 280   M    M   1        20 280
22  92  76  84   4   0  19 0.00    M    M  6.5 15  70   M    M   2        20  70
23  95   M   M   M   M   M 0.00    M    M  5.5 12 160   M    M   6        17 150
24  91  77  84   4   0  19 0.00    M    M  5.4 12 120   M    M   5        14 350
================================================================================
SM 2249 1756         0 464  3.21    M    127.0          M       82
================================================================================
AV 93.7 76.3                               5.3 FASTST   M    M   3    MAX(MPH)
                                 MISC ---->  # 26 200               # 33  200
================================================================================
NOTES:
# LAST OF SEVERAL OCCURRENCES

COLUMN 17 PEAK WIND IN M.P.H.

PRELIMINARY LOCAL CLIMATOLOGICAL DATA (WS FORM: F-6) , PAGE 2

                                          STATION:  AUGUSTA DANIEL FIELD GA
                                          MONTH:    AUGUST
                                          YEAR:     2016
                                          LATITUDE:   33 28 N
                                          LONGITUDE:  82  2 W

[TEMPERATURE DATA]      [PRECIPITATION DATA]       SYMBOLS USED IN COLUMN 16

AVERAGE MONTHLY: 85.0   TOTAL FOR MONTH:   3.21    1 = FOG OR MIST
DPTR FM NORMAL:   3.9   DPTR FM NORMAL:   -0.75    2 = FOG REDUCING VISIBILITY
HIGHEST:    97 ON 18,17 GRTST 24HR  1.04 ON 17-18      TO 1/4 MILE OR LESS
LOWEST:     74 ON  3, 2                            3 = THUNDER
                        SNOW, ICE PELLETS, HAIL    4 = ICE PELLETS
                        TOTAL MONTH:    M          5 = HAIL
                        GRTST 24HR    M  ON   M    6 = FREEZING RAIN OR DRIZZLE
                        GRTST DEPTH:  M  ON   M    7 = DUSTSTORM OR SANDSTORM:
                                                       VSBY 1/2 MILE OR LESS
                                                   8 = SMOKE OR HAZE
[NO. OF DAYS WITH]      [WEATHER - DAYS WITH]      9 = BLOWING SNOW
                                                   X = TORNADO
MAX 32 OR BELOW:   0    0.01 INCH OR MORE:  10
MAX 90 OR ABOVE:  23    0.10 INCH OR MORE:   7
MIN 32 OR BELOW:   0    0.50 INCH OR MORE:   3
MIN  0 OR BELOW:   0    1.00 INCH OR MORE:   0

[HDD (BASE 65) ]
TOTAL THIS MO.     0    CLEAR  (SCALE 0-3)  13
DPTR FM NORMAL     0    PTCLDY (SCALE 4-7)  11
TOTAL FM JUL 1     0    CLOUDY (SCALE 8-10)  0
DPTR FM NORMAL     0

[CDD (BASE 65) ]
TOTAL THIS MO.   464
DPTR FM NORMAL    75    [PRESSURE DATA]
TOTAL FM JAN 1  2233    HIGHEST SLP M ON M
DPTR FM NORMAL   523    LOWEST  SLP 29.81 ON  6

[REMARKS]
