000
CXUS55 KGJT 291000
CF6DRO
PRELIMINARY LOCAL CLIMATOLOGICAL DATA (WS FORM: F-6)

                                          STATION:   DURANGO AIRPORT CO
                                          MONTH:     SEPTEMBER
                                          YEAR:      2016
                                          LATITUDE:   37  9 N
                                          LONGITUDE: 107 45 W

  TEMPERATURE IN F:       :PCPN:    SNOW:  WIND      :SUNSHINE: SKY     :PK WND
================================================================================
1   2   3   4   5  6A  6B    7    8   9   10  11  12  13   14  15   16   17  18
                                     12Z  AVG MX 2MIN
DY MAX MIN AVG DEP HDD CDD  WTR  SNW DPTH SPD SPD DIR MIN PSBL S-S WX    SPD DR
================================================================================

 1  83  52  68   4   0   3 0.16    M    M  6.3 21 250   M    M   1 13     26 250
 2  77  56  67   4   0   2 0.08    M    M  4.4 23 220   M    M   5 3      29 210
 3  77  54  66   3   0   1 0.00    M    M  4.4 22 250   M    M   5        27 250
 4  79  47  63   0   2   0 0.05    M    M  7.4 22 200   M    M   3 13     31 200
 5  82  37  60  -2   5   0 0.00    M    M  6.7 23 260   M    M   0        31 220
 6  81  46  64   2   1   0    T    M    M  5.8 22 270   M    M   3 3      26 260
 7  78  49  64   2   1   0 0.00    M    M  5.7 16 260   M    M   1        22 250
 8  84  36  60  -2   5   0 0.00    M    M  5.9 22 260   M    M   0        26 250
 9  84  38  61   0   4   0 0.00    M    M  5.3 22 290   M    M   0        26 280
10  81  38  60  -1   5   0 0.00    M    M  6.3 18 250   M    M   0        25 240
11  83  43  63   3   2   0 0.00    M    M  5.9 21 260   M    M   2        26 270
12  76  42  59  -1   6   0    T    M    M  4.8 23 230   M    M   2 3      40 230
13  76  42  59  -1   6   0 0.01    M    M  6.0 38 210   M    M   5 3      45 200
14  75  45  60   1   5   0 0.07    M    M  7.5 26 290   M    M   5 3      34 280
15  73  36  55  -4  10   0 0.00    M    M  5.2 18 290   M    M   0        23 260
16  76  30  53  -6  12   0 0.00    M    M  5.5 18 280   M    M   0        26 200
17  77  33  55  -3  10   0 0.00    M    M  5.3 21 250   M    M   0        29 270
18  81  32  57  -1   8   0 0.00    M    M  6.1 20 270   M    M   0        26 220
19  83  34  59   1   6   0 0.00    M    M  4.8 14 230   M    M   0        20 250
20  77  45  61   4   4   0 0.10    M    M  6.3 26 200   M    M   4        41 180
21  70  52  61   4   4   0 0.15    M    M  3.1 10  60   M    M   9 1      12  60
22  73  52  63   7   2   0 0.11    M    M  6.4 28 180   M    M   5 13     38 180
23  57  33  45 -11  20   0 0.28    M    M  9.1 28 270   M    M   5 13     35 270
24  60  31  46 -10  19   0 0.00    M    M  6.4 16 270   M    M   3        21 260
25  70  32  51  -4  14   0 0.00    M    M  3.6 12 260   M    M   0        15 260
26  72  35  54  -1  11   0 0.00    M    M  5.5 14 250   M    M   0        17 260
27  75  34  55   1  10   0 0.00    M    M  3.6 15 270   M    M   0        18 250
28  77  36  57   3   8   0 0.00    M    M  5.6 17 130   M    M   2        25 160
================================================================================
SM 2137 1140       180   6  1.01    M    158.9          M       60
================================================================================
AV 76.3 40.7                               5.7 FASTST   M    M   2    MAX(MPH)
                                 MISC ---->  # 38 210               # 45  200
================================================================================
NOTES:
# LAST OF SEVERAL OCCURRENCES

COLUMN 17 PEAK WIND IN M.P.H.

PRELIMINARY LOCAL CLIMATOLOGICAL DATA (WS FORM: F-6) , PAGE 2

                                          STATION:  DURANGO AIRPORT CO
                                          MONTH:    SEPTEMBER
                                          YEAR:     2016
                                          LATITUDE:   37  9 N
                                          LONGITUDE: 107 45 W

[TEMPERATURE DATA]      [PRECIPITATION DATA]       SYMBOLS USED IN COLUMN 16

AVERAGE MONTHLY: 58.5   TOTAL FOR MONTH:   1.01    1 = FOG OR MIST
DPTR FM NORMAL:  -0.6   DPTR FM NORMAL:   -0.81    2 = FOG REDUCING VISIBILITY
HIGHEST:    84 ON  9, 8 GRTST 24HR  0.29 ON 22-23      TO 1/4 MILE OR LESS
LOWEST:     30 ON 16                               3 = THUNDER
                        SNOW, ICE PELLETS, HAIL    4 = ICE PELLETS
                        TOTAL MONTH:    M          5 = HAIL
                        GRTST 24HR    M  ON   M    6 = FREEZING RAIN OR DRIZZLE
                        GRTST DEPTH:  M  ON   M    7 = DUSTSTORM OR SANDSTORM:
                                                       VSBY 1/2 MILE OR LESS
                                                   8 = SMOKE OR HAZE
[NO. OF DAYS WITH]      [WEATHER - DAYS WITH]      9 = BLOWING SNOW
                                                   X = TORNADO
MAX 32 OR BELOW:   0    0.01 INCH OR MORE:   9
MAX 90 OR ABOVE:   0    0.10 INCH OR MORE:   5
MIN 32 OR BELOW:   4    0.50 INCH OR MORE:   0
MIN  0 OR BELOW:   0    1.00 INCH OR MORE:   0

[HDD (BASE 65) ]
TOTAL THIS MO.   180    CLEAR  (SCALE 0-3)  17
DPTR FM NORMAL     9    PTCLDY (SCALE 4-7)  10
TOTAL FM JUL 1   227    CLOUDY (SCALE 8-10)  1
DPTR FM NORMAL    27

[CDD (BASE 65) ]
TOTAL THIS MO.     6
DPTR FM NORMAL     3    [PRESSURE DATA]
TOTAL FM JAN 1   319    HIGHEST SLP M ON M
DPTR FM NORMAL    79    LOWEST  SLP 29.45 ON 23

[REMARKS]
