000
CXUS55 KTWC 250855
CF6DUG
PRELIMINARY LOCAL CLIMATOLOGICAL DATA (WS FORM: F-6)

                                          STATION:   DOUGLAS AZ
                                          MONTH:     OCTOBER
                                          YEAR:      2014
                                          LATITUDE:   31 28 N
                                          LONGITUDE: 109 36 W

  TEMPERATURE IN F:       :PCPN:    SNOW:  WIND      :SUNSHINE: SKY     :PK WND
================================================================================
1   2   3   4   5  6A  6B    7    8   9   10  11  12  13   14  15   16   17  18
                                     12Z  AVG MX 2MIN
DY MAX MIN AVG DEP HDD CDD  WTR  SNW DPTH SPD SPD DIR MIN PSBL S-S WX    SPD DR
================================================================================

 1  85  46  66  -4   0   1 0.00  0.0    0  7.5 22 240   M    M   0        30 220
 2  84  48  66  -3   0   1 0.00  0.0    0  6.6 12 340   M    M   0        16 360
 3  89  43  66  -3   0   1 0.00  0.0    0  5.9 16 110   M    M   0        20 120
 4  90  46  68   0   0   3 0.00  0.0    0  4.5 14 290   M    M   0        18 230
 5  87  50  69   1   0   4 0.00  0.0    0  7.0 18 310   M    M   0        26 330
 6  85  52  69   1   0   4 0.00  0.0    0  4.4 13 220   M    M   0        16 230
 7  84  53  69   2   0   4 0.32  0.0    M  6.0 24 210   M    M   2 13     34 210
 8  82  58  70   3   0   5 1.03  0.0    0  8.8 25 190   M    M   7 13     31 190
 9  79  57  68   1   0   3 0.01  0.0    0  9.6 21 250   M    M   6 1      26 230
10  80  51  66   0   0   1    T  0.0    0  5.9 16 340   M    M   0 3      23 340
11  81  51  66   0   0   1 0.00  0.0    0  4.6 10 350   M    M   1        16 200
12  83  48  66   0   0   1 0.00  0.0    0  8.1 25 300   M    M   0        32 280
13  79  47  63  -2   2   0 0.00  0.0    0  5.2 13 140   M    M   0        18 140
14  84  42  63  -2   2   0 0.00  0.0    0  4.6 14  70   M    M   0        19 190
15  85  43  64  -1   1   0 0.00  0.0    0  5.8 16 180   M    M   0        20 170
16  85  49  67   3   0   2 0.00  0.0    0  5.5 16 210   M    M   0        23 210
17  82  49  66   2   0   1    T    M    0  3.9 12 350   M    M   1        15 330
18  84  45  65   1   0   0 0.00  0.0    0  5.6 17 180   M    M   0        22 180
19  82  52  67   4   0   2 0.00  0.0    0  7.7 26 360   M    M   1        35 230
20  77  47  62  -1   3   0 0.00  0.0    0  5.8 22 140   M    M   1        29 130
21  78  47  63   0   2   0 0.00  0.0    0  5.3 10 180   M    M   0        17 160
22  82  46  64   2   1   0 0.00  0.0    0  5.0 12 360   M    M   0        13 150
23  83  47  65   3   0   0 0.00  0.0    0  4.7 10  30   M    M   0        12 180
24  86  45  66   4   0   1 0.00  0.0    0  3.3 10 360   M    M   0        13 190
================================================================================
SM 1996 1162        11  35  1.36     0.0 141.3          M       19
================================================================================
AV 83.2 48.4                               5.9 FASTST   M    M   1    MAX(MPH)
                                 MISC ---->  # 26 360               # 35  230
================================================================================
NOTES:
# LAST OF SEVERAL OCCURRENCES

COLUMN 17 PEAK WIND IN M.P.H.

PRELIMINARY LOCAL CLIMATOLOGICAL DATA (WS FORM: F-6) , PAGE 2

                                          STATION:  DOUGLAS AZ
                                          MONTH:    OCTOBER
                                          YEAR:     2014
                                          LATITUDE:   31 28 N
                                          LONGITUDE: 109 36 W

[TEMPERATURE DATA]      [PRECIPITATION DATA]       SYMBOLS USED IN COLUMN 16

AVERAGE MONTHLY: 65.8   TOTAL FOR MONTH:   1.36    1 = FOG OR MIST
DPTR FM NORMAL:   0.2   DPTR FM NORMAL:    0.64    2 = FOG REDUCING VISIBILITY
HIGHEST:    90 ON  4    GRTST 24HR  1.05 ON  7- 8      TO 1/4 MILE OR LESS
LOWEST:     42 ON 14                               3 = THUNDER
                        SNOW, ICE PELLETS, HAIL    4 = ICE PELLETS
                        TOTAL MONTH:   0.0 INCH    5 = HAIL
                        GRTST 24HR     0.0         6 = FREEZING RAIN OR DRIZZLE
                        GRTST DEPTH:   0           7 = DUSTSTORM OR SANDSTORM:
                                                       VSBY 1/2 MILE OR LESS
                                                   8 = SMOKE OR HAZE
[NO. OF DAYS WITH]      [WEATHER - DAYS WITH]      9 = BLOWING SNOW
                                                   X = TORNADO
MAX 32 OR BELOW:   0    0.01 INCH OR MORE:   3
MAX 90 OR ABOVE:   1    0.10 INCH OR MORE:   2
MIN 32 OR BELOW:   0    0.50 INCH OR MORE:   1
MIN  0 OR BELOW:   0    1.00 INCH OR MORE:   1

[HDD (BASE 65) ]
TOTAL THIS MO.    11    CLEAR  (SCALE 0-3)  22
DPTR FM NORMAL   -34    PTCLDY (SCALE 4-7)   2
TOTAL FM JUL 1    11    CLOUDY (SCALE 8-10)  0
DPTR FM NORMAL   -36

[CDD (BASE 65) ]
TOTAL THIS MO.    35
DPTR FM NORMAL   -23    [PRESSURE DATA]
TOTAL FM JAN 1  1767    HIGHEST SLP M ON M
DPTR FM NORMAL   -42    LOWEST  SLP 29.70 ON M

[REMARKS]
