000
CXUS55 KTWC 200855
CF6DUG
PRELIMINARY LOCAL CLIMATOLOGICAL DATA (WS FORM: F-6)

                                          STATION:   DOUGLAS AZ
                                          MONTH:     DECEMBER
                                          YEAR:      2014
                                          LATITUDE:   31 28 N
                                          LONGITUDE: 109 36 W

  TEMPERATURE IN F:       :PCPN:    SNOW:  WIND      :SUNSHINE: SKY     :PK WND
================================================================================
1   2   3   4   5  6A  6B    7    8   9   10  11  12  13   14  15   16   17  18
                                     12Z  AVG MX 2MIN
DY MAX MIN AVG DEP HDD CDD  WTR  SNW DPTH SPD SPD DIR MIN PSBL S-S WX    SPD DR
================================================================================

 1  70  22  46  -2  19   0 0.00  0.0    0  4.1 12 360   M    M   0        12  20
 2  69  24  47  -1  18   0    T    M    0  4.0 12 360   M    M   3        14  10
 3  74  40  57   9   8   0 0.00  0.0    0  3.5  9 350   M    M   1        13 300
 4  60  37  49   2  16   0 0.26  0.0    0  5.8 18 340   M    M   M 18     23 320
 5  65  31  48   1  17   0 0.00  0.0    0  2.6  9 340   M    M   2 12     11 330
 6  60  37  49   2  16   0    T    M    0  7.1 24  20   M    M   2        28  30
 7  70  30  50   3  15   0 0.00  0.0    0  5.8 14  70   M    M   0 12     17  90
 8  73  36  55   9  10   0 0.00  0.0    0  7.0 17 120   M    M   0        23 120
 9  75  45  60  14   5   0 0.00  0.0    0  6.1 16  90   M    M   0        18  90
10  72  38  55   9  10   0 0.00  0.0    0  5.9 20 170   M    M   0        23 170
11  73  28  51   5  14   0 0.00  0.0    0  5.5 17 240   M    M   0        21 250
12  72  34  53   7  12   0 0.00  0.0    0  6.3 21 190   M    M   0        25 190
13  67  39  53   7  12   0    T    M    0 12.1 26 230   M    M   4        34 230
14  60  24  42  -4  23   0 0.00  0.0    0  5.5 13 330   M    M   0 1      16 340
15  64  24  44  -2  21   0 0.00  0.0    0  5.1 15 170   M    M   0        18 180
16  65  38  52   6  13   0 0.00  0.0    0  7.0 16 170   M    M   1        22 190
17  56  43  50   4  15   0 0.06    M    0  9.2 28 220   M    M   8        34 220
18  56  33  45  -1  20   0 0.03    M    0  6.7 22 230   M    M   7 3      27 230
19  57  23  40  -5  25   0 0.00  0.0    0  3.9 10  10   M    M   1 12     12  30
================================================================================
SM 1258  626       289   0  0.35     0.0 113.2          M       29
================================================================================
AV 66.2 32.9                               6.0 FASTST   M    M   2    MAX(MPH)
                                 MISC ---->  # 28 220               # 34  230
================================================================================
NOTES:
# LAST OF SEVERAL OCCURRENCES

COLUMN 17 PEAK WIND IN M.P.H.

PRELIMINARY LOCAL CLIMATOLOGICAL DATA (WS FORM: F-6) , PAGE 2

                                          STATION:  DOUGLAS AZ
                                          MONTH:    DECEMBER
                                          YEAR:     2014
                                          LATITUDE:   31 28 N
                                          LONGITUDE: 109 36 W

[TEMPERATURE DATA]      [PRECIPITATION DATA]       SYMBOLS USED IN COLUMN 16

AVERAGE MONTHLY: 49.6   TOTAL FOR MONTH:   0.35    1 = FOG OR MIST
DPTR FM NORMAL:   3.1   DPTR FM NORMAL:   -0.26    2 = FOG REDUCING VISIBILITY
HIGHEST:    75 ON  9    GRTST 24HR  0.26 ON  4- 4      TO 1/4 MILE OR LESS
LOWEST:     22 ON  1                               3 = THUNDER
                        SNOW, ICE PELLETS, HAIL    4 = ICE PELLETS
                        TOTAL MONTH:   0.0 INCH    5 = HAIL
                        GRTST 24HR     0.0         6 = FREEZING RAIN OR DRIZZLE
                        GRTST DEPTH:   0           7 = DUSTSTORM OR SANDSTORM:
                                                       VSBY 1/2 MILE OR LESS
                                                   8 = SMOKE OR HAZE
[NO. OF DAYS WITH]      [WEATHER - DAYS WITH]      9 = BLOWING SNOW
                                                   X = TORNADO
MAX 32 OR BELOW:   0    0.01 INCH OR MORE:   3
MAX 90 OR ABOVE:   0    0.10 INCH OR MORE:   1
MIN 32 OR BELOW:   8    0.50 INCH OR MORE:   0
MIN  0 OR BELOW:   0    1.00 INCH OR MORE:   0

[HDD (BASE 65) ]
TOTAL THIS MO.   289    CLEAR  (SCALE 0-3)  15
DPTR FM NORMAL   -63    PTCLDY (SCALE 4-7)   3
TOTAL FM JUL 1   683    CLOUDY (SCALE 8-10)  0
DPTR FM NORMAL  -104

[CDD (BASE 65) ]
TOTAL THIS MO.     0
DPTR FM NORMAL     0    [PRESSURE DATA]
TOTAL FM JAN 1  1780    HIGHEST SLP M ON M
DPTR FM NORMAL   -33    LOWEST  SLP 29.88 ON 10

[REMARKS]
