000
CXUS53 KFGF 280915
CF6DVL
PRELIMINARY LOCAL CLIMATOLOGICAL DATA (WS FORM: F-6)

                                          STATION:   DEVIL`S LAKE
                                          MONTH:     NOVEMBER
                                          YEAR:      2014
                                          LATITUDE:   48  7 N
                                          LONGITUDE:  98 54 W

  TEMPERATURE IN F:       :PCPN:    SNOW:  WIND      :SUNSHINE: SKY     :PK WND
================================================================================
1   2   3   4   5  6A  6B    7    8   9   10  11  12  13   14  15   16   17  18
                                     12Z  AVG MX 2MIN
DY MAX MIN AVG DEP HDD CDD  WTR  SNW DPTH SPD SPD DIR MIN PSBL S-S WX    SPD DR
================================================================================

 1  46  32  39   M  26   0 0.00  0.0    0 20.6 30 170   M    M   0        36 170
 2  54  36  45   M  20   0 0.00  0.0    0 11.8 20 170   M    M   0        22 140
 3  43  34  39   M  26   0 0.00  0.0    0 14.5 22 280   M    M   6        30 290
 4  43  34  39   M  26   0 0.00  0.0    0 12.8 23 320   M    M   6        30 320
 5  36  30  33   M  32   0 0.02    M    0  9.4 14  80   M    M  10         M  M
 6  37  28  33   M  32   0 0.08    M    0  9.1 16 150   M    M   5        22 150
 7  55  36  46   M  19   0 0.01    M    0 22.2 33 330   M    M   8        45 330
 8  37  30  34   M  31   0 0.00  0.0    0 16.0 24 330   M    M   6        30 330
 9  30  21  26   M  39   0 0.00  0.0    0  9.0 14 340   M    M   0         M  M
10  21  12  17   M  48   0 0.00  0.0    0 13.5 18 360   M    M   3        23 360
11  21  16  19   M  46   0 0.00  0.0    0 14.8 18  10   M    M   9        23  10
12  21  16  19   M  46   0 0.00  0.0    0 19.6 24 330   M    M   7        30 350
13  18   9  14   M  51   0 0.00  0.0    0 11.9 18 330   M    M   1         M  M
14  16   1   9   M  56   0 0.00  0.0    0  7.5 10 260   M    M   0         M  M
15  14   1   8   M  57   0 0.00  0.0    0 11.1 20 270   M    M   1        28 270
16  19   9  14   M  51   0 0.00  0.0    0 22.0 27 330   M    M   3        36 330
17  16   7  12   M  53   0 0.00  0.0    0 15.8 22 330   M    M   7        29 330
18  23  10  17   M  48   0 0.00  0.0    0 16.5 30 320   M    M   7        38 330
19  25  10  18   M  47   0 0.00  0.0    0 20.2 28 310   M    M   5        33 330
20  19   1  10   M  55   0 0.00  0.0    0  9.0 14 180   M    M   0         M  M
21  43  14  29   M  36   0 0.00  0.0    0 13.7 18 220   M    M   2        23 190
22  39  19  29   M  36   0 0.00  0.0    0  7.4 13 120   M    M   4         M  M
23  37  12  25   M  40   0 0.00  0.0    0 15.2 24 330   M    M   9        31 330
24  19   7  13   M  52   0 0.00  0.0    0 15.4 25 340   M    M   4        29 340
25  25   9  17   M  48   0 0.00  0.0    0  9.5 17  40   M    M  10        23  50
26   7  -9  -1   M  66   0 0.00  0.0    0  8.1 15  20   M    M   4         M  M
27   9 -11  -1   M  66   0 0.00  0.0    0  9.4 15 140   M    M   5        21 150
================================================================================
SM  773  414      1153   0  0.11     0.0 366.0          M      122
================================================================================
AV 28.6 15.3                              13.6 FASTST   M    M   5    MAX(MPH)
                                 MISC ---->    33   M                 45    M
================================================================================
NOTES:
# LAST OF SEVERAL OCCURRENCES

COLUMN 17 PEAK WIND IN M.P.H.

PRELIMINARY LOCAL CLIMATOLOGICAL DATA (WS FORM: F-6) , PAGE 2

                                          STATION:  DEVIL`S LAKE
                                          MONTH:    NOVEMBER
                                          YEAR:     2014
                                          LATITUDE:   48  7 N
                                          LONGITUDE:  98 54 W

[TEMPERATURE DATA]      [PRECIPITATION DATA]       SYMBOLS USED IN COLUMN 16

AVERAGE MONTHLY: 22.0   TOTAL FOR MONTH:   0.11    1 = FOG OR MIST
DPTR FM NORMAL:     M   DPTR FM NORMAL:       M    2 = FOG REDUCING VISIBILITY
HIGHEST:    55 ON  7    GRTST 24HR  0.08 ON  6- 6      TO 1/4 MILE OR LESS
LOWEST:    -11 ON 27                               3 = THUNDER
                        SNOW, ICE PELLETS, HAIL    4 = ICE PELLETS
                        TOTAL MONTH:   0.0 INCH    5 = HAIL
                        GRTST 24HR     0.0         6 = FREEZING RAIN OR DRIZZLE
                        GRTST DEPTH:   0           7 = DUSTSTORM OR SANDSTORM:
                                                       VSBY 1/2 MILE OR LESS
                                                   8 = SMOKE OR HAZE
[NO. OF DAYS WITH]      [WEATHER - DAYS WITH]      9 = BLOWING SNOW
                                                   X = TORNADO
MAX 32 OR BELOW:  16    0.01 INCH OR MORE:   3
MAX 90 OR ABOVE:   0    0.10 INCH OR MORE:   0
MIN 32 OR BELOW:  23    0.50 INCH OR MORE:   0
MIN  0 OR BELOW:   2    1.00 INCH OR MORE:   0

[HDD (BASE 65) ]
TOTAL THIS MO.  1153    CLEAR  (SCALE 0-3)  10
DPTR FM NORMAL     M    PTCLDY (SCALE 4-7)  13
TOTAL FM JUL 1  2001    CLOUDY (SCALE 8-10)  4
DPTR FM NORMAL     M

[CDD (BASE 65) ]
TOTAL THIS MO.     0
DPTR FM NORMAL     M    [PRESSURE DATA]
TOTAL FM JAN 1   339    HIGHEST SLP M ON M
DPTR FM NORMAL     M    LOWEST  SLP M ON M

[REMARKS]
