000
CXUS53 KFGF 250915
CF6DVL
PRELIMINARY LOCAL CLIMATOLOGICAL DATA (WS FORM: F-6)

                                          STATION:   DEVIL`S LAKE
                                          MONTH:     JUNE
                                          YEAR:      2017
                                          LATITUDE:   48  7 N
                                          LONGITUDE:  98 54 W

  TEMPERATURE IN F:       :PCPN:    SNOW:  WIND      :SUNSHINE: SKY     :PK WND
================================================================================
1   2   3   4   5  6A  6B    7    8   9   10  11  12  13   14  15   16   17  18
                                     12Z  AVG MX 2MIN
DY MAX MIN AVG DEP HDD CDD  WTR  SNW DPTH SPD SPD DIR MIN PSBL S-S WX    SPD DR
================================================================================

 1  83  48  66   M   0   1 0.00  0.0    0 11.0 21 170   M    M   0        25 170
 2  92  63  78   M   0  13 0.05  0.0    0 15.8 20 180   M    M   0 3      25 160
 3  80  59  70   M   0   5 0.00  0.0    0 14.6 25 290   M    M   0        32 290
 4  81  55  68   M   0   3 0.00  0.0    0 11.2 16 350   M    M   0        23  10
 5  81  54  68   M   0   3 0.00  0.0    0  7.6 14 150   M    M   0         M  M
 6  73  62  68   M   0   3    T  0.0    0  9.5 15 290   M    M   2        18 290
 7  73  55  64   M   1   0 0.00  0.0    0  7.2 12  10   M    M   6        16 330
 8  79  51  65   M   0   0 0.00  0.0    0  9.4 17 100   M    M   0        25 100
 9  84  61  73   M   0   8 0.02  0.0    0 12.8 22 110   M    M   2 3      31  80
10  79  60  70   M   0   5 0.13  0.0    0 13.8 32 300   M    M   1 13     43 310
11  82  59  71   M   0   6    T  0.0    0 14.3 24 260   M    M   0        32 280
12  76  49  63   M   2   0 0.00  0.0    0  6.2 13  90   M    M   1         M  M
13  70  55  63   M   2   0 1.17  0.0    0 11.7 23  70   M    M   7 13     33  40
14  70  57  64   M   1   0 0.01  0.0    0 15.8 32 270   M    M   6 13     40 270
15  71  58  65   M   0   0    T  0.0    0 17.4 29 270   M    M   4        35 260
16  74  54  64   M   1   0 0.02  0.0    0  9.0 14 260   M    M   4        21 260
17  66  55  61   M   4   0 0.07  0.0    0  6.4 14 360   M    M   7 3       M  M
18  65  55  60   M   5   0 0.15  0.0    0  8.2 13 360   M    M   8        18 340
19  72  50  61   M   4   0 0.02  0.0    0  6.9 13 270   M    M   5 1      17 280
20  69  46  58   M   7   0 0.00  0.0    0  6.0 12 330   M    M   1         M  M
21  81  54  68   M   0   3    T  0.0    0 13.5 23 290   M    M   1        30 300
22  72  53  63   M   2   0    T  0.0    0 18.5 32 290   M    M   3        43 280
23  62  49  56   M   9   0    T    M    0 20.1 25 310   M    M   9        35 320
24  57  46  52   M  13   0    T    M    0 15.9 23 340   M    M   8        33 340
================================================================================
SM 1792 1308        51  50  1.64     0.0 282.8          M       75
================================================================================
AV 74.7 54.5                              11.8 FASTST   M    M   3    MAX(MPH)
                                 MISC ---->    32   M                 43    M
================================================================================
NOTES:
# LAST OF SEVERAL OCCURRENCES

COLUMN 17 PEAK WIND IN M.P.H.

PRELIMINARY LOCAL CLIMATOLOGICAL DATA (WS FORM: F-6) , PAGE 2

                                          STATION:  DEVIL`S LAKE
                                          MONTH:    JUNE
                                          YEAR:     2017
                                          LATITUDE:   48  7 N
                                          LONGITUDE:  98 54 W

[TEMPERATURE DATA]      [PRECIPITATION DATA]       SYMBOLS USED IN COLUMN 16

AVERAGE MONTHLY: 64.6   TOTAL FOR MONTH:   1.64    1 = FOG OR MIST
DPTR FM NORMAL:     M   DPTR FM NORMAL:       M    2 = FOG REDUCING VISIBILITY
HIGHEST:    92 ON  2    GRTST 24HR  1.17 ON 13-13      TO 1/4 MILE OR LESS
LOWEST:     46 ON 24,20                            3 = THUNDER
                        SNOW, ICE PELLETS, HAIL    4 = ICE PELLETS
                        TOTAL MONTH:   0.0 INCH    5 = HAIL
                        GRTST 24HR     0.0         6 = FREEZING RAIN OR DRIZZLE
                        GRTST DEPTH:   0           7 = DUSTSTORM OR SANDSTORM:
                                                       VSBY 1/2 MILE OR LESS
                                                   8 = SMOKE OR HAZE
[NO. OF DAYS WITH]      [WEATHER - DAYS WITH]      9 = BLOWING SNOW
                                                   X = TORNADO
MAX 32 OR BELOW:   0    0.01 INCH OR MORE:   9
MAX 90 OR ABOVE:   1    0.10 INCH OR MORE:   3
MIN 32 OR BELOW:   0    0.50 INCH OR MORE:   1
MIN  0 OR BELOW:   0    1.00 INCH OR MORE:   1

[HDD (BASE 65) ]
TOTAL THIS MO.    51    CLEAR  (SCALE 0-3)  14
DPTR FM NORMAL     M    PTCLDY (SCALE 4-7)   8
TOTAL FM JUL 1  8395    CLOUDY (SCALE 8-10)  2
DPTR FM NORMAL     M

[CDD (BASE 65) ]
TOTAL THIS MO.    50
DPTR FM NORMAL     M    [PRESSURE DATA]
TOTAL FM JAN 1    50    HIGHEST SLP M ON M
DPTR FM NORMAL     M    LOWEST  SLP M ON M

[REMARKS]
