000
CXUS55 KDVN 271100
CF6DVN
PRELIMINARY LOCAL CLIMATOLOGICAL DATA (WS FORM: F-6)

                                          STATION:   DAVENPORT IA
                                          MONTH:     MAY
                                          YEAR:      2015
                                          LATITUDE:   41 37 N
                                          LONGITUDE:  90 35 W

  TEMPERATURE IN F:       :PCPN:    SNOW:  WIND      :SUNSHINE: SKY     :PK WND
================================================================================
1   2   3   4   5  6A  6B    7    8   9   10  11  12  13   14  15   16   17  18
                                     12Z  AVG MX 2MIN
DY MAX MIN AVG DEP HDD CDD  WTR  SNW DPTH SPD SPD DIR MIN PSBL S-S WX    SPD DR
================================================================================

 1  68  36  52  -4  13   0 0.00  0.0    0  3.5 10 180   M    M   1        14 190
 2  78  45  62   6   3   0 0.00  0.0    0 10.3 21 220   M    M   2        24 220
 3  83  59  71  15   0   6 0.22  0.0    0 11.5 32 350   M    M   6 3      42 350
 4  74  59  67  10   0   2 0.80  0.0    0 10.0 30 280   M    M   6 13     33 280
 5  69  57  63   6   2   0 0.62  0.0    0 11.5 17 100   M    M  10 138    22 100
 6  83  55  69  12   0   4    T  0.0    0 12.2 30 230   M    M   6 128    39 220
 7  84  63  74  16   0   9 0.20  0.0    0 14.5 33 200   M    M   3 13     41 200
 8  69  61  65   7   0   0 0.06  0.0    0  6.7 14 190   M    M   6 1      18 180
 9  74  53  64   6   1   0 0.00  0.0    0  8.7 17  90   M    M   4 1      22  80
10  64  53  59   0   6   0 0.31  0.0    0 12.1 22  70   M    M  10 138    25  70
11  66  49  58  -1   7   0 0.09  0.0    0 19.6 33 270   M    M   8 1      40 280
12  62  44  53  -7  12   0 0.00  0.0    0 18.2 31 300   M    M   5        40 290
13  67  36  52  -8  13   0 0.00  0.0    0 10.3 20 120   M    M   0 8      25 110
14  67  47  57  -3   8   0 0.43  0.0    0 14.6 24 150   M    M   5 1      30 150
15  77  59  68   8   0   3 0.00  0.0    0  6.7 13 320   M    M   5 128    19 300
16  83  64  74  13   0   9    T  0.0    0  9.9 20 150   M    M   4 1      26 160
17  82  68  75  14   0  10    T  0.0    0 17.2 30 220   M    M   4        39 220
18  69  45  57  -5   8   0 0.01  0.0    0 19.5 31 280   M    M   2        38 290
19  62  42  52 -10  13   0 0.00  0.0    0 11.2 23 300   M    M   6        27 300
20  50  43  47 -15  18   0 0.12    T    0  9.6 20  40   M    M   8 4      24  40
21  73  41  57  -6   8   0 0.00  0.0    0 10.0 22 280   M    M   3        26 290
22  77  44  61  -2   4   0 0.00  0.0    0  4.8 13 190   M    M   0        16 220
23  80  54  67   4   0   2 0.00  0.0    0  8.9 17 160   M    M   2        22 150
24  75  58  67   3   0   2 1.02  0.0    0 10.4 29 210   M    M   9 138    42 200
25  79  64  72   8   0   7 0.10  0.0    0 14.3 24 230   M    M   5 1      31 230
26  76  64  70   6   0   5 1.12  0.0    0 15.1 32 260   M    M   6 13     41 240
================================================================================
SM 1891 1363       116  59  5.10    T    301.3          M      126
================================================================================
AV 72.7 52.4                              11.6 FASTST   M    M   5    MAX(MPH)
                                 MISC ---->  # 33 200               # 42  350
================================================================================
NOTES:
# LAST OF SEVERAL OCCURRENCES

COLUMN 17 PEAK WIND IN M.P.H.

PRELIMINARY LOCAL CLIMATOLOGICAL DATA (WS FORM: F-6) , PAGE 2

                                          STATION:  DAVENPORT IA
                                          MONTH:    MAY
                                          YEAR:     2015
                                          LATITUDE:   41 37 N
                                          LONGITUDE:  90 35 W

[TEMPERATURE DATA]      [PRECIPITATION DATA]       SYMBOLS USED IN COLUMN 16

AVERAGE MONTHLY: 62.6   TOTAL FOR MONTH:   5.10    1 = FOG OR MIST
DPTR FM NORMAL:   2.6   DPTR FM NORMAL:    1.51    2 = FOG REDUCING VISIBILITY
HIGHEST:    84 ON  7    GRTST 24HR  1.16 ON  4- 5      TO 1/4 MILE OR LESS
LOWEST:     36 ON 13, 1                            3 = THUNDER
                        SNOW, ICE PELLETS, HAIL    4 = ICE PELLETS
                        TOTAL MONTH:    T          5 = HAIL
                        GRTST 24HR    T  ON 20-20  6 = FREEZING RAIN OR DRIZZLE
                        GRTST DEPTH:   0           7 = DUSTSTORM OR SANDSTORM:
                                                       VSBY 1/2 MILE OR LESS
                                                   8 = SMOKE OR HAZE
[NO. OF DAYS WITH]      [WEATHER - DAYS WITH]      9 = BLOWING SNOW
                                                   X = TORNADO
MAX 32 OR BELOW:   0    0.01 INCH OR MORE:  13
MAX 90 OR ABOVE:   0    0.10 INCH OR MORE:  10
MIN 32 OR BELOW:   0    0.50 INCH OR MORE:   4
MIN  0 OR BELOW:   0    1.00 INCH OR MORE:   2

[HDD (BASE 65) ]
TOTAL THIS MO.   116    CLEAR  (SCALE 0-3)   8
DPTR FM NORMAL   -53    PTCLDY (SCALE 4-7)  14
TOTAL FM JUL 1  6902    CLOUDY (SCALE 8-10)  4
DPTR FM NORMAL   429

[CDD (BASE 65) ]
TOTAL THIS MO.    59
DPTR FM NORMAL    19    [PRESSURE DATA]
TOTAL FM JAN 1    60    HIGHEST SLP M ON M
DPTR FM NORMAL    14    LOWEST  SLP 29.70 ON M

[REMARKS]
