000
CXUS55 KDVN 291100
CF6DVN
PRELIMINARY LOCAL CLIMATOLOGICAL DATA (WS FORM: F-6)

                                          STATION:   DAVENPORT IA
                                          MONTH:     JULY
                                          YEAR:      2015
                                          LATITUDE:   41 37 N
                                          LONGITUDE:  90 35 W

  TEMPERATURE IN F:       :PCPN:    SNOW:  WIND      :SUNSHINE: SKY     :PK WND
================================================================================
1   2   3   4   5  6A  6B    7    8   9   10  11  12  13   14  15   16   17  18
                                     12Z  AVG MX 2MIN
DY MAX MIN AVG DEP HDD CDD  WTR  SNW DPTH SPD SPD DIR MIN PSBL S-S WX    SPD DR
================================================================================

 1  74  59  67  -6   0   2 0.00  0.0    0  8.6 14  50   M    M   6 128    18  50
 2  73  53  63 -10   2   0 0.00  0.0    0  8.9 17  50   M    M   1        21  50
 3  78  56  67  -6   0   2 0.00  0.0    0  3.9  9  50   M    M   0 1      12  50
 4  79  55  67  -6   0   2 0.00  0.0    0  3.2 10 240   M    M   0 18     13 230
 5  82  59  71  -2   0   6 0.00  0.0    0  7.8 15 190   M    M   0 1      18 170
 6  79  65  72  -1   0   7 3.82  0.0    0  9.7 18 360   M    M   6 138    25 350
 7  73  58  66  -7   0   1 0.00  0.0    0  9.3 18 360   M    M   5 18     25  20
 8  67  57  62 -11   3   0 0.02  0.0    0  7.9 13 110   M    M   7 1      17 120
 9  77  59  68  -5   0   3 0.00  0.0    0  3.5 10 340   M    M   3 1      13 350
10  82  58  70  -3   0   5 0.00  0.0    0  2.7 10 110   M    M   1        15 100
11  74  63  69  -4   0   4 1.69  0.0    0  7.3 15 130   M    M   7 12     20 150
12  86  67  77   4   0  12 0.00  0.0    0  6.6 12 160   M    M   7 12     17 180
13  91  70  81   8   0  16 0.06  0.0    0  7.4 18  20   M    M   5 13     22  20
14  85  68  77   4   0  12 0.00  0.0    0  8.3 15  30   M    M   0        20 360
15  77  59  68  -5   0   3    T  0.0    0  6.8 14  90   M    M   2        17 100
16  79  63  71  -2   0   6 0.46  0.0    0  9.2 23 130   M    M   9 13     35 140
17  91  70  81   8   0  16    T  0.0    0  7.2 13 250   M    M   1        16 250
18  88  76  82   9   0  17 0.00  0.0    0  8.5 20 250   M    M   1        27 250
19  82  66  74   1   0   9 0.00  0.0    0  5.5 14 360   M    M   0        19 260
20  83  63  73   0   0   8    T  0.0    0  6.4 15 250   M    M   3 12     20 250
21  81  59  70  -3   0   5 0.00  0.0    0  5.2 12 330   M    M   0        14 340
22  82  57  70  -3   0   5    T  0.0    0  1.4  7 230   M    M   3        10 250
23  84  59  72  -1   0   7 0.00  0.0    0  3.0  9 140   M    M   2        13 140
24  82  60  71  -2   0   6    T  0.0    0  5.5 24 180   M    M   1 1      33 190
25  90  70  80   7   0  15 0.00  0.0    0  5.6 14 300   M    M   2 1      19 250
26  84  69  77   4   0  12 0.01  0.0    0  8.0 16  70   M    M   3        21 110
27  86  66  76   3   0  11 0.00  0.0    0  7.0 14 100   M    M   1 18     18 110
28  85  70  78   5   0  13 0.83  0.0    0  6.5 17 300   M    M   3 138    24 290
================================================================================
SM 2274 1754         5 205  6.89     0.0 180.9          M       79
================================================================================
AV 81.2 62.6                               6.5 FASTST   M    M   3    MAX(MPH)
                                 MISC ---->  # 24 180               # 35  140
================================================================================
NOTES:
# LAST OF SEVERAL OCCURRENCES

COLUMN 17 PEAK WIND IN M.P.H.

PRELIMINARY LOCAL CLIMATOLOGICAL DATA (WS FORM: F-6) , PAGE 2

                                          STATION:  DAVENPORT IA
                                          MONTH:    JULY
                                          YEAR:     2015
                                          LATITUDE:   41 37 N
                                          LONGITUDE:  90 35 W

[TEMPERATURE DATA]      [PRECIPITATION DATA]       SYMBOLS USED IN COLUMN 16

AVERAGE MONTHLY: 71.9   TOTAL FOR MONTH:   6.89    1 = FOG OR MIST
DPTR FM NORMAL:  -1.1   DPTR FM NORMAL:    3.08    2 = FOG REDUCING VISIBILITY
HIGHEST:    91 ON 17,13 GRTST 24HR  3.82 ON  6- 6      TO 1/4 MILE OR LESS
LOWEST:     53 ON  2                               3 = THUNDER
                        SNOW, ICE PELLETS, HAIL    4 = ICE PELLETS
                        TOTAL MONTH:   0.0 INCH    5 = HAIL
                        GRTST 24HR     0.0         6 = FREEZING RAIN OR DRIZZLE
                        GRTST DEPTH:   0           7 = DUSTSTORM OR SANDSTORM:
                                                       VSBY 1/2 MILE OR LESS
                                                   8 = SMOKE OR HAZE
[NO. OF DAYS WITH]      [WEATHER - DAYS WITH]      9 = BLOWING SNOW
                                                   X = TORNADO
MAX 32 OR BELOW:   0    0.01 INCH OR MORE:   7
MAX 90 OR ABOVE:   3    0.10 INCH OR MORE:   4
MIN 32 OR BELOW:   0    0.50 INCH OR MORE:   3
MIN  0 OR BELOW:   0    1.00 INCH OR MORE:   2

[HDD (BASE 65) ]
TOTAL THIS MO.     5    CLEAR  (SCALE 0-3)  19
DPTR FM NORMAL     5    PTCLDY (SCALE 4-7)   8
TOTAL FM JUL 1     5    CLOUDY (SCALE 8-10)  1
DPTR FM NORMAL     5

[CDD (BASE 65) ]
TOTAL THIS MO.   205
DPTR FM NORMAL   -28    [PRESSURE DATA]
TOTAL FM JAN 1   471    HIGHEST SLP M ON M
DPTR FM NORMAL    -5    LOWEST  SLP 29.57 ON 13

[REMARKS]
