000
CXUS55 KDVN 011100
CF6DVN
PRELIMINARY LOCAL CLIMATOLOGICAL DATA (WS FORM: F-6)

                                          STATION:   DAVENPORT IA
                                          MONTH:     JUNE
                                          YEAR:      2015
                                          LATITUDE:   41 37 N
                                          LONGITUDE:  90 35 W

  TEMPERATURE IN F:       :PCPN:    SNOW:  WIND      :SUNSHINE: SKY     :PK WND
================================================================================
1   2   3   4   5  6A  6B    7    8   9   10  11  12  13   14  15   16   17  18
                                     12Z  AVG MX 2MIN
DY MAX MIN AVG DEP HDD CDD  WTR  SNW DPTH SPD SPD DIR MIN PSBL S-S WX    SPD DR
================================================================================

 1  71  48  60  -6   5   0 0.00  0.0    0  8.8 17  60   M    M   4        21  50
 2  75  50  63  -4   2   0 0.00  0.0    0  7.5 15 140   M    M   1        20 130
 3  80  55  68   1   0   3 0.00  0.0    0 11.1 22 150   M    M   1        28 180
 4  85  63  74   7   0   9 0.00  0.0    0  6.3 13 220   M    M   4        17 220
 5  83  62  73   5   0   8 0.00  0.0    0 11.5 20  60   M    M   3        23  80
 6  80  54  67  -1   0   2 0.00  0.0    0 10.3 15 130   M    M   0        20 110
 7  85  66  76   8   0  11 0.71  0.0    0 12.2 28 280   M    M   5 13     37 280
 8  84  62  73   4   0   8 0.00  0.0    0 10.4 25 290   M    M   0        32 290
 9  91  58  75   6   0  10 0.00  0.0    0  9.1 18 220   M    M   0 18     24 240
10  92  71  82  13   0  17 0.16  0.0    0  9.5 20 230   M    M   1 3      26 240
11  80  65  73   4   0   8 1.43  0.0    0  8.9 37 290   M    M   5 13     55 290
12  71  64  68  -2   0   3 0.35  0.0    0  8.5 15  30   M    M  10 1      19  10
13  81  62  72   2   0   7 1.07  0.0    0  4.6 17 190   M    M   8 123    22 160
14  84  70  77   7   0  12 0.08  0.0    0  6.7 12 190   M    M   6 1      14 240
15  82  67  75   5   0  10 1.50  0.0    0  5.4 26 250   M    M   8 13     35 260
16  81  62  72   1   0   7 0.00  0.0    0  9.0 17 140   M    M   1        22  50
17  77  56  67  -4   0   2 0.23  0.0    0  7.5 17 100   M    M   6 1      21 100
18  81  65  73   2   0   8    T  0.0    0  8.4 15 320   M    M   1 1      20 320
19  79  58  69  -2   0   4 0.00  0.0    0 11.3 18  60   M    M   0        21  70
20  84  56  70  -2   0   5 0.01  0.0    0  8.7 23  40   M    M   2 3      29 180
21  84  64  74   2   0   9 0.00  0.0    0  5.1 12 250   M    M   2 1      14 210
22  79  68  74   2   0   9 0.07  0.0    0 10.1 23 200   M    M   6 13     30 230
23  79  61  70  -2   0   5 0.00  0.0    0  6.6 15 360   M    M   0        20  20
24  72  60  66  -6   0   1 0.70  0.0    0  5.4 25 140   M    M   7 13     33 150
25  80  67  74   2   0   9 0.02  0.0    0  6.7 16 130   M    M   7 1      20 150
26  72  61  67  -5   0   2 0.05  0.0    0  9.1 17  30   M    M   4 1      23  20
27  80  59  70  -3   0   5    T  0.0    0  4.9 15  60   M    M   2 1      17  60
28  76  58  67  -6   0   2 0.76  0.0    0  5.6 15 190   M    M   3 123    19 190
29  80  57  69  -4   0   4 0.54  0.0    0  4.1 30 240   M    M   7 123    37 240
30  81  60  71  -2   0   6 0.00  0.0    0  5.9 12 360   M    M   2 1      14 360
================================================================================
SM 2409 1829         7 186  7.68     0.0 239.2          M      106
================================================================================
AV 80.3 61.0                               8.0 FASTST   M    M   4    MAX(MPH)
                                 MISC ---->  # 37 290               # 55  290
================================================================================
NOTES:
# LAST OF SEVERAL OCCURRENCES

COLUMN 17 PEAK WIND IN M.P.H.

PRELIMINARY LOCAL CLIMATOLOGICAL DATA (WS FORM: F-6) , PAGE 2

                                          STATION:  DAVENPORT IA
                                          MONTH:    JUNE
                                          YEAR:     2015
                                          LATITUDE:   41 37 N
                                          LONGITUDE:  90 35 W

[TEMPERATURE DATA]      [PRECIPITATION DATA]       SYMBOLS USED IN COLUMN 16

AVERAGE MONTHLY: 70.6   TOTAL FOR MONTH:   7.68    1 = FOG OR MIST
DPTR FM NORMAL:   0.4   DPTR FM NORMAL:    3.49    2 = FOG REDUCING VISIBILITY
HIGHEST:    92 ON 10    GRTST 24HR  1.77 ON 11-12      TO 1/4 MILE OR LESS
LOWEST:     48 ON  1                               3 = THUNDER
                        SNOW, ICE PELLETS, HAIL    4 = ICE PELLETS
                        TOTAL MONTH:   0.0 INCH    5 = HAIL
                        GRTST 24HR     0.0         6 = FREEZING RAIN OR DRIZZLE
                        GRTST DEPTH:   0           7 = DUSTSTORM OR SANDSTORM:
                                                       VSBY 1/2 MILE OR LESS
                                                   8 = SMOKE OR HAZE
[NO. OF DAYS WITH]      [WEATHER - DAYS WITH]      9 = BLOWING SNOW
                                                   X = TORNADO
MAX 32 OR BELOW:   0    0.01 INCH OR MORE:  15
MAX 90 OR ABOVE:   2    0.10 INCH OR MORE:  10
MIN 32 OR BELOW:   0    0.50 INCH OR MORE:   7
MIN  0 OR BELOW:   0    1.00 INCH OR MORE:   3

[HDD (BASE 65) ]
TOTAL THIS MO.     7    CLEAR  (SCALE 0-3)  16
DPTR FM NORMAL   -17    PTCLDY (SCALE 4-7)  12
TOTAL FM JUL 1  6924    CLOUDY (SCALE 8-10)  2
DPTR FM NORMAL   413

[CDD (BASE 65) ]
TOTAL THIS MO.   186
DPTR FM NORMAL     4    [PRESSURE DATA]
TOTAL FM JAN 1   266    HIGHEST SLP 30.25 ON  1
DPTR FM NORMAL    23    LOWEST  SLP 29.62 ON  7

[REMARKS]
#FINAL-06-15#
