000
CXUS55 KPSR 231005
CF6DVT
PRELIMINARY LOCAL CLIMATOLOGICAL DATA (WS FORM: F-6)

                                          STATION:   DEER VLY/PHOENIX AZ
                                          MONTH:     JULY
                                          YEAR:      2016
                                          LATITUDE:   33 41 N
                                          LONGITUDE: 112  4 W

  TEMPERATURE IN F:       :PCPN:    SNOW:  WIND      :SUNSHINE: SKY     :PK WND
================================================================================
1   2   3   4   5  6A  6B    7    8   9   10  11  12  13   14  15   16   17  18
                                     12Z  AVG MX 2MIN
DY MAX MIN AVG DEP HDD CDD  WTR  SNW DPTH SPD SPD DIR MIN PSBL S-S WX    SPD DR
================================================================================

 1  95  79  87  -4   0  22 0.01  0.0    0  7.3 23 130   M    M   2 3      30 140
 2 101  80  91   0   0  26 0.00  0.0    0  6.9 16 210   M    M   1        22  60
 3 105  82  94   3   0  29 0.00  0.0    0  5.7 18 270   M    M   0        22 220
 4 107  81  94   3   0  29 0.00  0.0    0  6.7 20 240   M    M   0        24 250
 5 107  84  96   5   0  31 0.00  0.0    0  6.5 17 250   M    M   0        24 220
 6 104  81  93   1   0  28 0.00  0.0    0  7.0 17 260   M    M   0        23 240
 7 103  80  92   0   0  27 0.00  0.0    0  7.0 16 260   M    M   0        24 240
 8 106  77  92   0   0  27 0.00  0.0    0  4.4 17 250   M    M   0        23 270
 9 108  79  94   2   0  29 0.00  0.0    0  6.9 18 240   M    M   0        22 220
10 109  83  96   4   0  31 0.00  0.0    0  8.0 23 220   M    M   0        28 210
11 106  78  92   0   0  27 0.00  0.0    0  6.3 21 240   M    M   0 8      26 240
12 106  74  90  -2   0  25 0.00  0.0    0  6.7 20 250   M    M   0        23 220
13 106  78  92   0   0  27 0.00  0.0    0  4.7 16 250   M    M   0        21 260
14 109  84  97   5   0  32 0.00  0.0    0  5.7 17 240   M    M   0        21 250
15 109  80  95   3   0  30 0.00  0.0    0  7.1 17 230   M    M   0        23 210
16 106  87  97   5   0  32 0.00  0.0    0  7.5 17 250   M    M   0        22 240
17 102  85  94   2   0  29 0.00  0.0    0  7.3 22 190   M    M   0        26 190
18 104  79  92   0   0  27 0.03  0.0    0  6.8 22 180   M    M   1 3      27 180
19 106  86  96   4   0  31 0.00  0.0    0  7.3 20  30   M    M   0 78     25 250
20 105  85  95   3   0  30    T  0.0    0  8.1 28 350   M    M   0 7      35 360
21 110  87  99   7   0  34 0.00  0.0    M  4.7 15 240   M    M   0        20 240
22 111  90 101   9   0  36 0.00  0.0    0  9.1 30 360   M    M   0 78     38 360
================================================================================
SM 2325 1799         0 639  0.04     0.0 147.7          M        4
================================================================================
AV105.7 81.8                               6.7 FASTST   M    M   0    MAX(MPH)
                                 MISC ---->  # 30 360               # 38  360
================================================================================
NOTES:
# LAST OF SEVERAL OCCURRENCES

COLUMN 17 PEAK WIND IN M.P.H.

PRELIMINARY LOCAL CLIMATOLOGICAL DATA (WS FORM: F-6) , PAGE 2

                                          STATION:  DEER VLY/PHOENIX AZ
                                          MONTH:    JULY
                                          YEAR:     2016
                                          LATITUDE:   33 41 N
                                          LONGITUDE: 112  4 W

[TEMPERATURE DATA]      [PRECIPITATION DATA]       SYMBOLS USED IN COLUMN 16

AVERAGE MONTHLY: 93.7   TOTAL FOR MONTH:   0.04    1 = FOG OR MIST
DPTR FM NORMAL:   2.0   DPTR FM NORMAL:   -0.70    2 = FOG REDUCING VISIBILITY
HIGHEST:   111 ON 22    GRTST 24HR  0.03 ON 18-18      TO 1/4 MILE OR LESS
LOWEST:     74 ON 12                               3 = THUNDER
                        SNOW, ICE PELLETS, HAIL    4 = ICE PELLETS
                        TOTAL MONTH:   0.0 INCH    5 = HAIL
                        GRTST 24HR     0.0         6 = FREEZING RAIN OR DRIZZLE
                        GRTST DEPTH:   0           7 = DUSTSTORM OR SANDSTORM:
                                                       VSBY 1/2 MILE OR LESS
                                                   8 = SMOKE OR HAZE
[NO. OF DAYS WITH]      [WEATHER - DAYS WITH]      9 = BLOWING SNOW
                                                   X = TORNADO
MAX 32 OR BELOW:   0    0.01 INCH OR MORE:   2
MAX 90 OR ABOVE:  22    0.10 INCH OR MORE:   0
MIN 32 OR BELOW:   0    0.50 INCH OR MORE:   0
MIN  0 OR BELOW:   0    1.00 INCH OR MORE:   0

[HDD (BASE 65) ]
TOTAL THIS MO.     0    CLEAR  (SCALE 0-3)  22
DPTR FM NORMAL     0    PTCLDY (SCALE 4-7)   0
TOTAL FM JUL 1     0    CLOUDY (SCALE 8-10)  0
DPTR FM NORMAL     0

[CDD (BASE 65) ]
TOTAL THIS MO.   639
DPTR FM NORMAL    50    [PRESSURE DATA]
TOTAL FM JAN 1  2097    HIGHEST SLP M ON M
DPTR FM NORMAL   217    LOWEST  SLP 29.60 ON 10

[REMARKS]
