000
CXUS55 KPSR 181005
CF6DVT
PRELIMINARY LOCAL CLIMATOLOGICAL DATA (WS FORM: F-6)

                                          STATION:   DEER VLY/PHOENIX AZ
                                          MONTH:     DECEMBER
                                          YEAR:      2014
                                          LATITUDE:   33 41 N
                                          LONGITUDE: 112  4 W

  TEMPERATURE IN F:       :PCPN:    SNOW:  WIND      :SUNSHINE: SKY     :PK WND
================================================================================
1   2   3   4   5  6A  6B    7    8   9   10  11  12  13   14  15   16   17  18
                                     12Z  AVG MX 2MIN
DY MAX MIN AVG DEP HDD CDD  WTR  SNW DPTH SPD SPD DIR MIN PSBL S-S WX    SPD DR
================================================================================

 1  73  47  60   5   5   0 0.00  0.0    0  2.5 12  20   M    M   0        14  30
 2  67  54  61   7   4   0    T  0.0    0  2.6 13 130   M    M   4        16 140
 3  70  59  65  11   0   0 0.01  0.0    0  4.4 13  30   M    M  10        17  10
 4  64  57  61   7   4   0 0.70  0.0    0  2.9 10 320   M    M   9 1      14 310
 5  70  55  63   9   2   0 0.00  0.0    0  3.0 10  40   M    M   2        13  30
 6  71  55  63   9   2   0 0.00  0.0    0  2.4  8  30   M    M   0        10  40
 7  77  51  64  11   1   0 0.00  0.0    0  2.6 12  30   M    M   0        21 140
 8  76  55  66  13   0   1 0.00  0.0    0  3.8 12  30   M    M   0        15  30
 9  78  55  67  14   0   2 0.00  0.0    0  1.4  8 320   M    M   0         9 350
10  76  51  64  11   1   0 0.00  0.0    0  2.3 12 240   M    M   0        14 260
11  73  52  63  10   2   0 0.00  0.0    0  2.9  9 160   M    M   0        14 120
12  74  56  65  13   0   0    T  0.0    0  7.0 16 140   M    M   1        18 130
13  62  45  54   2  11   0 0.25    M    0  5.8 25 290   M    M   6 13     33 290
14  58  41  50  -2  15   0 0.00  0.0    0  2.4 10  30   M    M   0        13  30
15  61  43  52   0  13   0 0.00  0.0    0  2.3 10  40   M    M   0        13  30
16  62  46  54   2  11   0 0.00  0.0    0  0.7  6  80   M    M   0         8 110
17  56  48  52   0  13   0 0.03    M    0  3.3 12 340   M    M   9        15 340
================================================================================
SM 1168  870        84   3  0.99     0.0  52.3          M       41
================================================================================
AV 68.7 51.2                               3.1 FASTST   M    M   2    MAX(MPH)
                                 MISC ---->  # 25 290               # 33  290
================================================================================
NOTES:
# LAST OF SEVERAL OCCURRENCES

COLUMN 17 PEAK WIND IN M.P.H.

PRELIMINARY LOCAL CLIMATOLOGICAL DATA (WS FORM: F-6) , PAGE 2

                                          STATION:  DEER VLY/PHOENIX AZ
                                          MONTH:    DECEMBER
                                          YEAR:     2014
                                          LATITUDE:   33 41 N
                                          LONGITUDE: 112  4 W

[TEMPERATURE DATA]      [PRECIPITATION DATA]       SYMBOLS USED IN COLUMN 16

AVERAGE MONTHLY: 59.9   TOTAL FOR MONTH:   0.99    1 = FOG OR MIST
DPTR FM NORMAL:   6.9   DPTR FM NORMAL:    0.43    2 = FOG REDUCING VISIBILITY
HIGHEST:    78 ON  9    GRTST 24HR  0.70 ON  3- 4      TO 1/4 MILE OR LESS
LOWEST:     41 ON 14                               3 = THUNDER
                        SNOW, ICE PELLETS, HAIL    4 = ICE PELLETS
                        TOTAL MONTH:   0.0 INCH    5 = HAIL
                        GRTST 24HR     0.0         6 = FREEZING RAIN OR DRIZZLE
                        GRTST DEPTH:   0           7 = DUSTSTORM OR SANDSTORM:
                                                       VSBY 1/2 MILE OR LESS
                                                   8 = SMOKE OR HAZE
[NO. OF DAYS WITH]      [WEATHER - DAYS WITH]      9 = BLOWING SNOW
                                                   X = TORNADO
MAX 32 OR BELOW:   0    0.01 INCH OR MORE:   4
MAX 90 OR ABOVE:   0    0.10 INCH OR MORE:   2
MIN 32 OR BELOW:   0    0.50 INCH OR MORE:   1
MIN  0 OR BELOW:   0    1.00 INCH OR MORE:   0

[HDD (BASE 65) ]
TOTAL THIS MO.    84    CLEAR  (SCALE 0-3)  12
DPTR FM NORMAL  -119    PTCLDY (SCALE 4-7)   2
TOTAL FM JUL 1   196    CLOUDY (SCALE 8-10)  3
DPTR FM NORMAL  -180

[CDD (BASE 65) ]
TOTAL THIS MO.     3
DPTR FM NORMAL     3    [PRESSURE DATA]
TOTAL FM JAN 1  4015    HIGHEST SLP M ON M
DPTR FM NORMAL   128    LOWEST  SLP 29.87 ON 10

[REMARKS]
