000
CXUS54 KHGX 220742
CF6DWH
PRELIMINARY LOCAL CLIMATOLOGICAL DATA (WS FORM: F-6)

                                          STATION:   HOUSTON/D.W._HOOKS
                                          MONTH:     OCTOBER
                                          YEAR:      2017
                                          LATITUDE:   30  4 N
                                          LONGITUDE:  95 33 W

  TEMPERATURE IN F:       :PCPN:    SNOW:  WIND      :SUNSHINE: SKY     :PK WND
================================================================================
1   2   3   4   5  6A  6B    7    8   9   10  11  12  13   14  15   16   17  18
                                     12Z  AVG MX 2MIN
DY MAX MIN AVG DEP HDD CDD  WTR  SNW DPTH SPD SPD DIR MIN PSBL S-S WX    SPD DR
================================================================================

 1  91  65  78   4   0  13 0.00  0.0    0  1.4  7 110   M    M   0 1      11 150
 2  89  69  79   5   0  14 0.02  0.0    0  5.7 15  80   M    M   5 1      19  80
 3  86  76  81   7   0  16 0.12  0.0    0  6.6 17 110   M    M   7 13     23  90
 4  89  73  81   7   0  16 0.00  0.0    0  5.7 15 100   M    M   4        22  80
 5  88  68  78   5   0  13 0.00  0.0    0  3.6 10  80   M    M   2        14  80
 6  87  64  76   3   0  11 0.00  0.0    0  2.3 10 110   M    M   0 1      14 110
 7  91  66  79   6   0  14 0.00  0.0    0  2.8  9 350   M    M   4 1      13  10
 8  92  68  80   8   0  15 0.00  0.0    0  2.2  9 290   M    M   1 1      13 290
 9  94  68  81   9   0  16 0.00  0.0    0  4.1 10 210   M    M   2 12     15 150
10  78  67  73   1   0   8 0.00  0.0    0  7.5 15 320   M    M   5 1      22 340
11  81  61  71  -1   0   6 0.00  0.0    0  5.5 13 350   M    M   1        17 360
12  90  62  76   5   0  11 0.00  0.0    0  1.5  7  80   M    M   2 1      10 130
13  93  68  81  10   0  16 0.00  0.0    0  1.5  8 100   M    M   3 128    10 140
14  91  68  80   9   0  15 0.00  0.0    0  2.8 12 130   M    M   3 128    16 140
15  90  66  78   8   0  13 0.00  0.0    0  6.9 18 360   M    M   3 1      26 360
16  77  55  66  -4   0   1 0.00  0.0    0  8.1 16  10   M    M   1        24  40
17  79  50  65  -5   0   0 0.00  0.0    0  3.2 12  70   M    M   0        17  70
18  83  47  65  -5   0   0 0.00  0.0    0  1.5 10 150   M    M   0 128    16 220
19  84  58  71   2   0   6 0.00  0.0    0  4.9 13 100   M    M   3 12     17  80
20  81  67  74   5   0   9 0.32  0.0    0  8.0 20 100   M    M   8 13     25 100
21  88  72  80  11   0  15    T  0.0    0  5.3 13 130   M    M   7 13     19 150
================================================================================
SM 1822 1358         0 228  0.46     0.0  91.1          M       61
================================================================================
AV 86.8 64.7                               4.3 FASTST   M    M   3    MAX(MPH)
                                 MISC ---->  # 20 100               # 26  360
================================================================================
NOTES:
# LAST OF SEVERAL OCCURRENCES

COLUMN 17 PEAK WIND IN M.P.H.

PRELIMINARY LOCAL CLIMATOLOGICAL DATA (WS FORM: F-6) , PAGE 2

                                          STATION:  HOUSTON/D.W._HOOKS
                                          MONTH:    OCTOBER
                                          YEAR:     2017
                                          LATITUDE:   30  4 N
                                          LONGITUDE:  95 33 W

[TEMPERATURE DATA]      [PRECIPITATION DATA]       SYMBOLS USED IN COLUMN 16

AVERAGE MONTHLY: 75.7   TOTAL FOR MONTH:   0.46    1 = FOG OR MIST
DPTR FM NORMAL:   4.1   DPTR FM NORMAL:   -3.03    2 = FOG REDUCING VISIBILITY
HIGHEST:    94 ON  9    GRTST 24HR  0.32 ON 20-20      TO 1/4 MILE OR LESS
LOWEST:     47 ON 18                               3 = THUNDER
                        SNOW, ICE PELLETS, HAIL    4 = ICE PELLETS
                        TOTAL MONTH:   0.0 INCH    5 = HAIL
                        GRTST 24HR     0.0         6 = FREEZING RAIN OR DRIZZLE
                        GRTST DEPTH:   0           7 = DUSTSTORM OR SANDSTORM:
                                                       VSBY 1/2 MILE OR LESS
                                                   8 = SMOKE OR HAZE
[NO. OF DAYS WITH]      [WEATHER - DAYS WITH]      9 = BLOWING SNOW
                                                   X = TORNADO
MAX 32 OR BELOW:   0    0.01 INCH OR MORE:   3
MAX 90 OR ABOVE:   8    0.10 INCH OR MORE:   2
MIN 32 OR BELOW:   0    0.50 INCH OR MORE:   0
MIN  0 OR BELOW:   0    1.00 INCH OR MORE:   0

[HDD (BASE 65) ]
TOTAL THIS MO.     0    CLEAR  (SCALE 0-3)  12
DPTR FM NORMAL   -15    PTCLDY (SCALE 4-7)   9
TOTAL FM JUL 1     0    CLOUDY (SCALE 8-10)  0
DPTR FM NORMAL   -16

[CDD (BASE 65) ]
TOTAL THIS MO.   228
DPTR FM NORMAL    74    [PRESSURE DATA]
TOTAL FM JAN 1  3231    HIGHEST SLP M ON M
DPTR FM NORMAL   585    LOWEST  SLP 29.64 ON  8

[REMARKS]
