000
CXUS54 KEWX 260910
CF6ECU
PRELIMINARY LOCAL CLIMATOLOGICAL DATA (WS FORM: F-6)

                                          STATION:   Edwards County Airport
                                          MONTH:     FEBRUARY
                                          YEAR:      2015
                                          LATITUDE:   29 57 N
                                          LONGITUDE: 100 10 W

  TEMPERATURE IN F:       :PCPN:    SNOW:  WIND      :SUNSHINE: SKY     :PK WND
================================================================================
1   2   3   4   5  6A  6B    7    8   9   10  11  12  13   14  15   16   17  18
                                     12Z  AVG MX 2MIN
DY MAX MIN AVG DEP HDD CDD  WTR  SNW DPTH SPD SPD DIR MIN PSBL S-S WX    SPD DR
================================================================================

 1  66  39  53   M  12   0    M    M    M  9.4 16 320   M    M   4 12     25 350
 2  48  32  40   M  25   0    M    M    M  6.2 14  40   M    M   1        24  40
 3  46  39  43   M  22   0    M    M    M  6.2 10 170   M    M   7 1       M  M
 4  64  41  53   M  12   0    M    M    M  6.0 10 170   M    M   6 12      M  M
 5  46  32  39   M  26   0    M    M    M  7.0 13 360   M    M   9 1      21  30
 6  52  39  46   M  19   0    M    M    M  6.4 10 160   M    M   7 1       M  M
 7  66  43  55   M  10   0    M    M    M  9.3 12 180   M    M   5 12     16 170
 8  81  48  65   M   0   0    M    M    M  8.7 16 330   M    M   0 12     22 290
 9  79  48  64   M   1   0    M    M    M  5.2 12  90   M    M   0         M  M
10  79  52  66   M   0   1    M    M    M  9.8 16 180   M    M   0        23 180
11  75  52  64   M   1   0    M    M    M  8.6 17 150   M    M   0        23 150
12  54  41  48   M  17   0    M    M    M  8.8 16  40   M    M   5        25  20
13  66  43  55   M  10   0    M    M    M  4.8 13 210   M    M   3 8       M  M
14  68  46  57   M   8   0    M    M    M  6.2 10 150   M    M   0         M  M
15  64  55  60   M   5   0    M    M    M 10.8 14 160   M    M   4 1      20 160
16  59  32  46   M  19   0    M    M    M 11.8 20 340   M    M   6 1      28 340
17  52  32  42   M  23   0    M    M    M  7.0 14  20   M    M   6        18  20
18  61  34  48   M  17   0    M    M    M  8.0 16 150   M    M   0        22 150
19  64  39  52   M  13   0    M    M    M 12.8 18 170   M    M   1        25 180
20  73  54  64   M   1   0    M    M    M 13.9 18 170   M    M   4 1      27 160
21  77  57  67   M   0   2    M    M    M  8.9 17 310   M    M   2 1      27 310
22  64  32  48   M  17   0    M    M    M 12.5 18  20   M    M  10 12     32  30
23  32  27  30   M  35   0    M    M    M  1.8 18  30   M    M  10 1      27  30
24  36  27  32   M  33   0    M    M    M  1.1  5 350   M    M  10 1       M  M
25  63  32  48   M  17   0 0.00  0.0    0  9.2 18 320   M    M   2 1      25 330
================================================================================
SM 1535 1016       343   3  0.00     0.0 200.4          M      102
================================================================================
AV 61.4 40.6                               8.0 FASTST   M    M   4    MAX(MPH)
                                 MISC ---->    20   M                 32    M
================================================================================
NOTES:
# LAST OF SEVERAL OCCURRENCES

COLUMN 17 PEAK WIND IN M.P.H.

PRELIMINARY LOCAL CLIMATOLOGICAL DATA (WS FORM: F-6) , PAGE 2

                                          STATION:  Edwards County Airport
                                          MONTH:    FEBRUARY
                                          YEAR:     2015
                                          LATITUDE:   29 57 N
                                          LONGITUDE: 100 10 W

[TEMPERATURE DATA]      [PRECIPITATION DATA]       SYMBOLS USED IN COLUMN 16

AVERAGE MONTHLY: 51.0   TOTAL FOR MONTH:   0.00    1 = FOG OR MIST
DPTR FM NORMAL:     M   DPTR FM NORMAL:       M    2 = FOG REDUCING VISIBILITY
HIGHEST:    81 ON  8    GRTST 24HR  0.00 ON 25-25      TO 1/4 MILE OR LESS
LOWEST:     27 ON 24,23                            3 = THUNDER
                        SNOW, ICE PELLETS, HAIL    4 = ICE PELLETS
                        TOTAL MONTH:   0.0 INCH    5 = HAIL
                        GRTST 24HR     0.0         6 = FREEZING RAIN OR DRIZZLE
                        GRTST DEPTH:   0           7 = DUSTSTORM OR SANDSTORM:
                                                       VSBY 1/2 MILE OR LESS
                                                   8 = SMOKE OR HAZE
[NO. OF DAYS WITH]      [WEATHER - DAYS WITH]      9 = BLOWING SNOW
                                                   X = TORNADO
MAX 32 OR BELOW:   1    0.01 INCH OR MORE:   0
MAX 90 OR ABOVE:   0    0.10 INCH OR MORE:   0
MIN 32 OR BELOW:   8    0.50 INCH OR MORE:   0
MIN  0 OR BELOW:   0    1.00 INCH OR MORE:   0

[HDD (BASE 65) ]
TOTAL THIS MO.   343    CLEAR  (SCALE 0-3)  11
DPTR FM NORMAL     M    PTCLDY (SCALE 4-7)  10
TOTAL FM JUL 1  1648    CLOUDY (SCALE 8-10)  4
DPTR FM NORMAL     M

[CDD (BASE 65) ]
TOTAL THIS MO.     3
DPTR FM NORMAL     M    [PRESSURE DATA]
TOTAL FM JAN 1     4    HIGHEST SLP M ON M
DPTR FM NORMAL     M    LOWEST  SLP M ON M

[REMARKS]
