000
CXUS55 KGJT 301000
CF6EEO
PRELIMINARY LOCAL CLIMATOLOGICAL DATA (WS FORM: F-6)

                                          STATION:   MEEKER CO
                                          MONTH:     JUNE
                                          YEAR:      2015
                                          LATITUDE:   40  2 N
                                          LONGITUDE: 107 53 W

  TEMPERATURE IN F:       :PCPN:    SNOW:  WIND      :SUNSHINE: SKY     :PK WND
================================================================================
1   2   3   4   5  6A  6B    7    8   9   10  11  12  13   14  15   16   17  18
                                     12Z  AVG MX 2MIN
DY MAX MIN AVG DEP HDD CDD  WTR  SNW DPTH SPD SPD DIR MIN PSBL S-S WX    SPD DR
================================================================================

 1  84  49  67  10   0   2    T    M    M  8.6 22 220   M    M   2        28 200
 2  81  44  63   6   2   0 0.00    M    M  7.2 24 230   M    M   0        30 240
 3  82  42  62   4   3   0 0.00    M    M  6.7 20 220   M    M   0        25 210
 4  82  39  61   3   4   0 0.00    M    M  5.3 17 200   M    M   0        23 180
 5  72  45  59   1   6   0 0.02    M    M  5.4 31 210   M    M   4        38 200
 6  67  43  55  -3  10   0    T    M    M  6.8 22 220   M    M   4        27 220
 7  73  41  57  -2   8   0 0.00    M    M  5.8 22  40   M    M   2 3      29  40
 8  81  40  61   2   4   0 0.00    M    M  3.5 12 230   M    M   0        18 230
 9  83  43  63   4   2   0 0.00    M    M  4.2 14 220   M    M   1        18 220
10  70  53  62   3   3   0 0.18    M    M  4.4 22 320   M    M   9 13     29 330
11  67  51  59  -1   6   0 0.19    M    M  2.8 18  80   M    M   9 13     27  70
12  77  51  64   4   1   0 0.00    M    M  3.0 15  30   M    M   5        20  20
13  81  49  65   5   0   0 0.17    M    M  6.2 29 200   M    M   2 3      38 200
14  81  44  63   3   2   0 0.00    M    M  3.5 23  10   M    M   0        28  20
15  83  48  66   5   0   1 0.14    M    M  4.9 26 240   M    M   1 3      40 250
16  83  52  68   7   0   3 0.20    M    M  7.5 23 310   M    M   3 13     33 320
17  88  48  68   7   0   3 0.00    M    M  3.3 15 210   M    M   0        19 220
18  91  46  69   7   0   4 0.00    M    M  4.8 14 220   M    M   0        19 190
19  91  45  68   6   0   3 0.00    M    M  6.6 22 240   M    M   0        30 240
20  90  46  68   6   0   3 0.00    M    M  4.9 18 250   M    M   0        26 250
21  93  47  70   8   0   5 0.00    M    M  7.7 28 220   M    M   0        41 210
22  91  51  71   9   0   6 0.00    M    M  5.5 17 240   M    M   0        26 210
23  92  46  69   6   0   4 0.00    M    M  6.2 21 210   M    M   0        26 210
24  92  53  73  10   0   8    T    M    M  6.9 26 340   M    M   1 3      31 340
25  92  49  71   8   0   6 0.00    M    M  5.8 18 310   M    M   0        25 290
26  89  48  69   5   0   4 0.00    M    M  4.4 15 320   M    M   0        24 360
27  91  46  69   5   0   4 0.00    M    M  4.2 14  90   M    M   0        22 100
28  93  49  71   7   0   6 0.00    M    M  4.2 13  60   M    M   0        17 130
29  92  55  74  10   0   9 0.00    M    M  5.6 17 110   M    M   0        27 110
================================================================================
SM 2432 1363        51  71  0.90    M    155.9          M       43
================================================================================
AV 83.9 47.0                               5.4 FASTST   M    M   1    MAX(MPH)
                                 MISC ---->  # 31 210               # 41  210
================================================================================
NOTES:
# LAST OF SEVERAL OCCURRENCES

COLUMN 17 PEAK WIND IN M.P.H.

PRELIMINARY LOCAL CLIMATOLOGICAL DATA (WS FORM: F-6) , PAGE 2

                                          STATION:  MEEKER CO
                                          MONTH:    JUNE
                                          YEAR:     2015
                                          LATITUDE:   40  2 N
                                          LONGITUDE: 107 53 W

[TEMPERATURE DATA]      [PRECIPITATION DATA]       SYMBOLS USED IN COLUMN 16

AVERAGE MONTHLY: 65.4   TOTAL FOR MONTH:   0.90    1 = FOG OR MIST
DPTR FM NORMAL:   4.7   DPTR FM NORMAL:   -0.31    2 = FOG REDUCING VISIBILITY
HIGHEST:    93 ON 28,21 GRTST 24HR  0.35 ON 10-11      TO 1/4 MILE OR LESS
LOWEST:     39 ON  4                               3 = THUNDER
                        SNOW, ICE PELLETS, HAIL    4 = ICE PELLETS
                        TOTAL MONTH:    M          5 = HAIL
                        GRTST 24HR    M  ON   M    6 = FREEZING RAIN OR DRIZZLE
                        GRTST DEPTH:  M  ON   M    7 = DUSTSTORM OR SANDSTORM:
                                                       VSBY 1/2 MILE OR LESS
                                                   8 = SMOKE OR HAZE
[NO. OF DAYS WITH]      [WEATHER - DAYS WITH]      9 = BLOWING SNOW
                                                   X = TORNADO
MAX 32 OR BELOW:   0    0.01 INCH OR MORE:   6
MAX 90 OR ABOVE:  11    0.10 INCH OR MORE:   5
MIN 32 OR BELOW:   0    0.50 INCH OR MORE:   0
MIN  0 OR BELOW:   0    1.00 INCH OR MORE:   0

[HDD (BASE 65) ]
TOTAL THIS MO.    51    CLEAR  (SCALE 0-3)  24
DPTR FM NORMAL   -91    PTCLDY (SCALE 4-7)   3
TOTAL FM JUL 1  6899    CLOUDY (SCALE 8-10)  2
DPTR FM NORMAL -1076

[CDD (BASE 65) ]
TOTAL THIS MO.    71
DPTR FM NORMAL    53    [PRESSURE DATA]
TOTAL FM JAN 1    71    HIGHEST SLP M ON M
DPTR FM NORMAL    52    LOWEST  SLP 29.63 ON  3

[REMARKS]
