000
CXUS54 KBMX 291216
CF6EET
PRELIMINARY LOCAL CLIMATOLOGICAL DATA (WS FORM: F-6)

                                          STATION:   SHELBY COUNTY AIRPORT
                                          MONTH:     AUGUST
                                          YEAR:      2015
                                          LATITUDE:   33 10 N
                                          LONGITUDE:  86 47 W

  TEMPERATURE IN F:       :PCPN:    SNOW:  WIND      :SUNSHINE: SKY     :PK WND
================================================================================
1   2   3   4   5  6A  6B    7    8   9   10  11  12  13   14  15   16   17  18
                                     12Z  AVG MX 2MIN
DY MAX MIN AVG DEP HDD CDD  WTR  SNW DPTH SPD SPD DIR MIN PSBL S-S WX    SPD DR
================================================================================

 1  93  69  81   0   0  16 0.00  0.0    0  4.0 13 350   M    M   0        21 360
 2  95  67  81   0   0  16 0.00  0.0    0  2.1  9 340   M    M   0        13  10
 3  95  67  81   0   0  16 0.00  0.0    0  1.4 10 300   M    M   0        17 310
 4  97  69  83   2   0  18 0.00  0.0    0  1.2  8 200   M    M   0        11 190
 5  95  73  84   3   0  19 0.03  0.0    0  3.3 14 190   M    M   1 138    20 200
 6  88  75  82   1   0  17 0.84  0.0    0  3.0 18 310   M    M   6 13     27 310
 7  88  75  82   1   0  17 0.00  0.0    0  2.6 13 310   M    M   5 1      18 300
 8  93  75  84   3   0  19 1.09  0.0    0  1.9 22 360   M    M   3 13     31 360
 9  95  74  85   4   0  20 0.00  0.0    0  2.2  8 170   M    M   1 1      11 160
10  93  70  82   1   0  17 0.99  0.0    0  4.4 25 330   M    M   1 13     43 330
11  91  72  82   1   0  17 0.35  0.0    0  3.8 12 310   M    M   4 13     15 310
12  91  70  81   1   0  16 0.00  0.0    0  2.8 12 360   M    M   0 1      17 350
13  90  67  79  -1   0  14 0.00  0.0    0  2.7  9 310   M    M   1        18 350
14  90  71  81   1   0  16    T  0.0    0  3.1 17 170   M    M   1        23 160
15  92  73  83   3   0  18 0.00  0.0    0  2.7 13 170   M    M   3        17 160
16  86  71  79  -1   0  14 0.53  0.0    0  2.6  9  80   M    M   3 13     16  90
17  81  70  76  -4   0  11 0.38  0.0    0  3.5 20 200   M    M   6 138    29 200
18  88  74  81   1   0  16 0.02  0.0    0  6.4 14 200   M    M   6 138    20 210
19  89  74  82   2   0  17 0.09  0.0    0  5.7 21 170   M    M   6 13     24 150
20  87  74  81   1   0  16 0.65  0.0    0  3.0 12 150   M    M   8 13     15 160
21  90  72  81   1   0  16 0.01  0.0    0  2.1  8  10   M    M   6 123    13  50
22  91  74  83   3   0  18 0.02  0.0    0  0.9  6 150   M    M   2 13      M  M
23  86  73  80   0   0  15    T  0.0    0  4.8 16 300   M    M   3 13     22 300
24  89  69  79  -1   0  14 0.00  0.0    0  5.1 13 310   M    M   5 128    18 290
25  83  63  73  -7   0   8 0.00  0.0    0  4.9 15 310   M    M   0        21 350
26  83  60  72  -7   0   7 0.00  0.0    0  5.2 15 360   M    M   0        21 350
27  87  62  75  -4   0  10 0.00  0.0    0  2.4  8 360   M    M   1        14  60
28  88  68  78  -1   0  13 0.10  0.0    0  3.2 14 140   M    M   3 13     22 140
================================================================================
SM 2514 1971         0 431  5.10     0.0  91.0          M       75
================================================================================
AV 89.8 70.4                               3.2 FASTST   M    M   3    MAX(MPH)
                                 MISC ---->  # 25 330               # 43  330
================================================================================
NOTES:
# LAST OF SEVERAL OCCURRENCES

COLUMN 17 PEAK WIND IN M.P.H.

PRELIMINARY LOCAL CLIMATOLOGICAL DATA (WS FORM: F-6) , PAGE 2

                                          STATION:  SHELBY COUNTY AIRPORT
                                          MONTH:    AUGUST
                                          YEAR:     2015
                                          LATITUDE:   33 10 N
                                          LONGITUDE:  86 47 W

[TEMPERATURE DATA]      [PRECIPITATION DATA]       SYMBOLS USED IN COLUMN 16

AVERAGE MONTHLY: 80.1   TOTAL FOR MONTH:   5.10    1 = FOG OR MIST
DPTR FM NORMAL:  -0.2   DPTR FM NORMAL:    0.79    2 = FOG REDUCING VISIBILITY
HIGHEST:    97 ON  4    GRTST 24HR  1.34 ON 10-11      TO 1/4 MILE OR LESS
LOWEST:     60 ON 26                               3 = THUNDER
                        SNOW, ICE PELLETS, HAIL    4 = ICE PELLETS
                        TOTAL MONTH:   0.0 INCH    5 = HAIL
                        GRTST 24HR     0.0         6 = FREEZING RAIN OR DRIZZLE
                        GRTST DEPTH:   0           7 = DUSTSTORM OR SANDSTORM:
                                                       VSBY 1/2 MILE OR LESS
                                                   8 = SMOKE OR HAZE
[NO. OF DAYS WITH]      [WEATHER - DAYS WITH]      9 = BLOWING SNOW
                                                   X = TORNADO
MAX 32 OR BELOW:   0    0.01 INCH OR MORE:  13
MAX 90 OR ABOVE:  15    0.10 INCH OR MORE:   8
MIN 32 OR BELOW:   0    0.50 INCH OR MORE:   5
MIN  0 OR BELOW:   0    1.00 INCH OR MORE:   1

[HDD (BASE 65) ]
TOTAL THIS MO.     0    CLEAR  (SCALE 0-3)  17
DPTR FM NORMAL     0    PTCLDY (SCALE 4-7)  11
TOTAL FM JUL 1     0    CLOUDY (SCALE 8-10)  0
DPTR FM NORMAL     0

[CDD (BASE 65) ]
TOTAL THIS MO.   431
DPTR FM NORMAL     3    [PRESSURE DATA]
TOTAL FM JAN 1  1730    HIGHEST SLP M ON M
DPTR FM NORMAL   172    LOWEST  SLP 29.85 ON M

[REMARKS]
