000
CXUS56 KEKA 261230
CF6EKA
PRELIMINARY LOCAL CLIMATOLOGICAL DATA (WS FORM: F-6)

                                          STATION:   EUREKA CA
                                          MONTH:     AUGUST
                                          YEAR:      2016
                                          LATITUDE:   40 47 N
                                          LONGITUDE: 124 10 W

  TEMPERATURE IN F:       :PCPN:    SNOW:  WIND      :SUNSHINE: SKY     :PK WND
================================================================================
1   2   3   4   5  6A  6B    7    8   9   10  11  12  13   14  15   16   17  18
                                     12Z  AVG MX 2MIN
DY MAX MIN AVG DEP HDD CDD  WTR  SNW DPTH SPD SPD DIR MIN PSBL S-S WX    SPD DR
================================================================================

 1  62  49  56  -2   9   0 0.00  0.0    0  3.6  9 300   M    M   3 1       9  M
 2  64  53  59   1   6   0 0.00  0.0    0  6.1 14 360   M    M   4        21  M
 3  62  49  56  -2   9   0 0.00  0.0    0  5.0 10 290   M    M   3 2      12  M
 4  59  51  55  -3  10   0 0.00  0.0    0  7.8 14 270   M    M   9 1      16  M
 5  59  52  56  -3   9   0 0.00  0.0    0  6.1 10 260   M    M   9 1      14  M
 6  61  51  56  -3   9   0 0.00  0.0    0  4.9  9 340   M    M   4 1      14  M
 7  64  49  57  -2   8   0 0.00  0.0    0  4.5  7  40   M    M   4 1      14  M
 8  64  53  59   0   6   0 0.00  0.0    0  5.8 12 280   M    M   6 1      14  M
 9  65  55  60   1   5   0 0.00  0.0    0  7.3 16 330   M    M   4 1      23 330
10  65  55  60   1   5   0 0.00  0.0    0  4.8 10 310   M    M   5 1       8 310
11  60  52  56  -3   9   0 0.00  0.0    0  4.9 10 300   M    M   9 2      10  M
12  61  50  56  -3   9   0    T  0.0    0  4.5 12 230   M    M   6 2      12  M
13  62  50  56  -3   9   0 0.00  0.0    0  4.2  8 240   M    M   9 2       9 240
14  60  52  56  -3   9   0    T  0.0    0  3.5  8 320   M    M  10 1       9 320
15  62  52  57  -2   8   0    T  0.0    0  4.2  9 310   M    M   5 1       9 310
16  62  53  58  -1   7   0    T  0.0    0  3.5  9 210   M    M   9 1      14 210
17  65  53  59   0   6   0    T  0.0    0  4.7 10 330   M    M   4 1      16  M
18  61  51  56  -3   9   0 0.00  0.0    0  4.3 10 290   M    M   5 1      12  M
19  62  49  56  -3   9   0 0.00  0.0    0  3.8  9 270   M    M   8 1      12 120
20  62  51  57  -2   8   0 0.00  0.0    0  2.7  8 290   M    M   4 2       9  M
21  62  50  56  -3   9   0 0.00  0.0    0  3.4  8 260   M    M  10 2      12  M
22  59  50  55  -4  10   0    T  0.0    0  3.2 12 300   M    M   8 2      12  M
23  59  48  54  -5  11   0    T    M    0  3.7  9 270   M    M   9 2      12  M
24  58  48  53  -6  12   0 0.00  0.0    0  2.9 10 340   M    M  10 2      10  M
25  60  50  55  -4  10   0 0.00  0.0    0  4.5 13 260   M    M   9 2      13  M
================================================================================
SM 1540 1276       211   0    T      0.0 113.9          M      166
================================================================================
AV 61.6 51.0                               4.6 FASTST   M    M   7    MAX(MPH)
                                 MISC ---->    16   M               # 23  330
================================================================================
NOTES:
# LAST OF SEVERAL OCCURRENCES

COLUMN 17 PEAK WIND IN M.P.H.

PRELIMINARY LOCAL CLIMATOLOGICAL DATA (WS FORM: F-6) , PAGE 2

                                          STATION:  EUREKA CA
                                          MONTH:    AUGUST
                                          YEAR:     2016
                                          LATITUDE:   40 47 N
                                          LONGITUDE: 124 10 W

[TEMPERATURE DATA]      [PRECIPITATION DATA]       SYMBOLS USED IN COLUMN 16

AVERAGE MONTHLY: 56.3   TOTAL FOR MONTH:      T    1 = FOG OR MIST
DPTR FM NORMAL:  -2.5   DPTR FM NORMAL:   -0.22    2 = FOG REDUCING VISIBILITY
HIGHEST:    65 ON 17,10 GRTST 24HR    T  ON 23-23      TO 1/4 MILE OR LESS
LOWEST:     48 ON 24,23                            3 = THUNDER
                        SNOW, ICE PELLETS, HAIL    4 = ICE PELLETS
                        TOTAL MONTH:   0.0 INCH    5 = HAIL
                        GRTST 24HR     0.0         6 = FREEZING RAIN OR DRIZZLE
                        GRTST DEPTH:   0           7 = DUSTSTORM OR SANDSTORM:
                                                       VSBY 1/2 MILE OR LESS
                                                   8 = SMOKE OR HAZE
[NO. OF DAYS WITH]      [WEATHER - DAYS WITH]      9 = BLOWING SNOW
                                                   X = TORNADO
MAX 32 OR BELOW:   0    0.01 INCH OR MORE:   0
MAX 90 OR ABOVE:   0    0.10 INCH OR MORE:   0
MIN 32 OR BELOW:   0    0.50 INCH OR MORE:   0
MIN  0 OR BELOW:   0    1.00 INCH OR MORE:   0

[HDD (BASE 65) ]
TOTAL THIS MO.   211    CLEAR  (SCALE 0-3)   2
DPTR FM NORMAL    55    PTCLDY (SCALE 4-7)  13
TOTAL FM JUL 1   415    CLOUDY (SCALE 8-10) 10
DPTR FM NORMAL    33

[CDD (BASE 65) ]
TOTAL THIS MO.     0
DPTR FM NORMAL     0    [PRESSURE DATA]
TOTAL FM JAN 1     0    HIGHEST SLP M ON M
DPTR FM NORMAL     0    LOWEST  SLP M ON M

[REMARKS]
