000
CXUS56 KEKA 281230
CF6EKA
PRELIMINARY LOCAL CLIMATOLOGICAL DATA (WS FORM: F-6)

                                          STATION:   EUREKA CA
                                          MONTH:     JULY
                                          YEAR:      2015
                                          LATITUDE:   40 47 N
                                          LONGITUDE: 124 10 W

  TEMPERATURE IN F:       :PCPN:    SNOW:  WIND      :SUNSHINE: SKY     :PK WND
================================================================================
1   2   3   4   5  6A  6B    7    8   9   10  11  12  13   14  15   16   17  18
                                     12Z  AVG MX 2MIN
DY MAX MIN AVG DEP HDD CDD  WTR  SNW DPTH SPD SPD DIR MIN PSBL S-S WX    SPD DR
================================================================================

 1  62  54  58   1   7   0 0.00  0.0    0  3.2 12 280   M    M   6 1       9  M
 2  64  54  59   2   6   0    T  0.0    0  4.8 12 280   M    M   8 1      13  M
 3  66  54  60   3   5   0 0.02  0.0    0  2.4  7 360   M    M   9 2       8  M
 4  65  53  59   2   6   0 0.00  0.0    0  3.2 10 280   M    M   6 2      10  M
 5  65  55  60   3   5   0 0.00  0.0    0  4.2  9 260   M    M   9 1      13  M
 6  64  56  60   3   5   0 0.00  0.0    0  4.3  9 280   M    M  10        10  M
 7  67  56  62   5   3   0 0.00  0.0    0  5.3 12 360   M    M   8        12  M
 8  61  55  58   1   7   0 0.08  0.0    0  3.3  7 300   M    M  10         9  M
 9  65  57  61   4   4   0 0.02  0.0    0  2.1  9 330   M    M  10         9  M
10  65  58  62   4   3   0 0.01  0.0    0  1.5  5 280   M    M  10        10  M
11  71  60  66   8   0   1 0.00  0.0    0  2.3  9 270   M    M  10        12  M
12  69  57  63   5   2   0 0.00  0.0    0  3.1 10 300   M    M   8        10  M
13  68  55  62   4   3   0 0.00  0.0    0  4.9 12 360   M    M   9 2      14  M
14  68  58  63   5   2   0 0.02  0.0    0  3.8 10 340   M    M   8 1      15  M
15  68  57  63   5   2   0 0.00  0.0    0  4.0 12  40   M    M   4        13  M
16  70  53  62   4   3   0 0.00  0.0    0  5.8 22 330   M    M   1 8      29 330
17  68  53  61   3   4   0 0.00  0.0    0  3.5  9 340   M    M   3        10  M
18  66  54  60   2   5   0 0.00  0.0    0  4.8 13 360   M    M   4 1      15  M
19  71  53  62   4   3   0 0.00  0.0    0  2.9 10 340   M    M   0        10  M
20  63  56  60   2   5   0 0.00  0.0    0  5.4 13  30   M    M   0 2      13  M
21  64  56  60   2   5   0 0.00  0.0    0  3.2 10 340   M    M   6 1      14  M
22  65  56  61   3   4   0 0.00  0.0    0  5.0 10 340   M    M   6        14 340
23  67  55  61   3   4   0 0.00  0.0    0  3.9 12 300   M    M   5        14  M
24  67  53  60   2   5   0 0.00  0.0    0  2.9 12 280   M    M   4 1      12  M
25  67  58  63   5   2   0 0.00  0.0    0  5.8 12  10   M    M   8        15  M
26  67  55  61   3   4   0 0.00  0.0    0  4.8 14 330   M    M   3        18 330
27  68  55  62   4   3   0 0.00  0.0    0  6.3 15 340   M    M   4        28 360
================================================================================
SM 1791 1496       107   1  0.15     0.0 106.7          M      169
================================================================================
AV 66.3 55.4                               4.0 FASTST   M    M   6    MAX(MPH)
                                 MISC ---->    22   M               # 29  330
================================================================================
NOTES:
# LAST OF SEVERAL OCCURRENCES

COLUMN 17 PEAK WIND IN M.P.H.

PRELIMINARY LOCAL CLIMATOLOGICAL DATA (WS FORM: F-6) , PAGE 2

                                          STATION:  EUREKA CA
                                          MONTH:    JULY
                                          YEAR:     2015
                                          LATITUDE:   40 47 N
                                          LONGITUDE: 124 10 W

[TEMPERATURE DATA]      [PRECIPITATION DATA]       SYMBOLS USED IN COLUMN 16

AVERAGE MONTHLY: 60.9   TOTAL FOR MONTH:   0.15    1 = FOG OR MIST
DPTR FM NORMAL:   3.2   DPTR FM NORMAL:   -0.01    2 = FOG REDUCING VISIBILITY
HIGHEST:    71 ON 19,11 GRTST 24HR  0.08 ON  8- 8      TO 1/4 MILE OR LESS
LOWEST:     53 ON 24,19                            3 = THUNDER
                        SNOW, ICE PELLETS, HAIL    4 = ICE PELLETS
                        TOTAL MONTH:   0.0 INCH    5 = HAIL
                        GRTST 24HR     0.0         6 = FREEZING RAIN OR DRIZZLE
                        GRTST DEPTH:   0           7 = DUSTSTORM OR SANDSTORM:
                                                       VSBY 1/2 MILE OR LESS
                                                   8 = SMOKE OR HAZE
[NO. OF DAYS WITH]      [WEATHER - DAYS WITH]      9 = BLOWING SNOW
                                                   X = TORNADO
MAX 32 OR BELOW:   0    0.01 INCH OR MORE:   5
MAX 90 OR ABOVE:   0    0.10 INCH OR MORE:   0
MIN 32 OR BELOW:   0    0.50 INCH OR MORE:   0
MIN  0 OR BELOW:   0    1.00 INCH OR MORE:   0

[HDD (BASE 65) ]
TOTAL THIS MO.   107    CLEAR  (SCALE 0-3)   5
DPTR FM NORMAL   -93    PTCLDY (SCALE 4-7)  14
TOTAL FM JUL 1   107    CLOUDY (SCALE 8-10)  8
DPTR FM NORMAL   -93

[CDD (BASE 65) ]
TOTAL THIS MO.     1
DPTR FM NORMAL     1    [PRESSURE DATA]
TOTAL FM JAN 1     1    HIGHEST SLP M ON M
DPTR FM NORMAL     1    LOWEST  SLP M ON M

[REMARKS]
