847
CXUS51 KRLX 221211
CF6EKN
PRELIMINARY LOCAL CLIMATOLOGICAL DATA (WS FORM: F-6)

                                          STATION:   ELKINS WV
                                          MONTH:     MAY
                                          YEAR:      2015
                                          LATITUDE:   38 52 N
                                          LONGITUDE:  79 51 W

  TEMPERATURE IN F:       :PCPN:    SNOW:  WIND      :SUNSHINE: SKY     :PK WND
================================================================================
1   2   3   4   5  6A  6B    7    8   9   10  11  12  13   14  15   16   17  18
                                     12Z  AVG MX 2MIN
DY MAX MIN AVG DEP HDD CDD  WTR  SNW DPTH SPD SPD DIR MIN PSBL S-S WX    SPD DR
================================================================================

 1  64  43  54   0  11   0 0.26  0.0    0  9.6 26 330   M    M   8 1      35 300
 2  69  39  54   0  11   0 0.00  0.0    0  2.5 16 320   M    M   5 1      22 320
 3  73  37  55   0  10   0 0.00  0.0    0  1.6  9 330   M    M   4        13 360
 4  79  39  59   4   6   0 0.00  0.0    0  3.7 15 270   M    M   2 1      21 230
 5  78  51  65  10   0   0 0.07  0.0    0  3.1 15 310   M    M   6 12     21 310
 6  82  47  65  10   0   0 0.00  0.0    0  2.4 13 330   M    M   2 12     17 330
 7  85  49  67  11   0   2    T    M    0  2.0 15 140   M    M   2 18     22 150
 8  85  51  68  12   0   3 0.00  0.0    0  1.9 12 330   M    M   1 12     17 310
 9  87  52  70  14   0   5 0.00  0.0    0  4.4 13 230   M    M   1 1      19 220
10  85  52  69  13   0   4 0.00  0.0    0  3.9 15 150   M    M   2        19 230
11  85  55  70  13   0   5 0.29  0.0    0  2.6 25 290   M    M   3 1      35 280
12  76  56  66   9   0   1    T  0.0    0 10.9 25 250   M    M   4 1      36 250
13  60  46  53  -4  12   0 0.00  0.0    0  8.2 16 310   M    M   9        21 310
14  75  36  56  -2   9   0 0.00  0.0    0  2.1  9 330   M    M   2 12     11 320
15  78  53  66   8   0   1 0.00  0.0    0  4.8 16 260   M    M   3        23 240
16  77  54  66   8   0   1 0.13  0.0    0  2.4 18 320   M    M   7 1      22 320
17  79  58  69  11   0   4 0.36  0.0    0  2.3 15 220   M    M   9 12     20 220
18  82  58  70  11   0   5 0.03  0.0    0  2.8 15 290   M    M   8 12     18 310
19  79  53  66   7   0   1 0.07  0.0    0  6.1 17 290   M    M   5 1      26 300
20  64  48  56  -3   9   0 0.00  0.0    M  4.7 13 350   M    M   3        17 350
21  56  47  52  -7  13   0 0.14  0.0    0  4.1 14 310   M    M  10 1      19 300
================================================================================
SM 1598 1024        81  32  1.35     0.0  86.1          M       96
================================================================================
AV 76.1 48.8                               4.1 FASTST   M    M   5    MAX(MPH)
                                 MISC ---->  # 26 330               # 36  250
================================================================================
NOTES:
# LAST OF SEVERAL OCCURRENCES

COLUMN 17 PEAK WIND IN M.P.H.

PRELIMINARY LOCAL CLIMATOLOGICAL DATA (WS FORM: F-6) , PAGE 2

                                          STATION:  ELKINS WV
                                          MONTH:    MAY
                                          YEAR:     2015
                                          LATITUDE:   38 52 N
                                          LONGITUDE:  79 51 W

[TEMPERATURE DATA]      [PRECIPITATION DATA]       SYMBOLS USED IN COLUMN 16

AVERAGE MONTHLY: 62.4   TOTAL FOR MONTH:   1.35    1 = FOG OR MIST
DPTR FM NORMAL:   5.7   DPTR FM NORMAL:   -2.09    2 = FOG REDUCING VISIBILITY
HIGHEST:    87 ON  9    GRTST 24HR  0.49 ON 30- 1      TO 1/4 MILE OR LESS
LOWEST:     36 ON 14                               3 = THUNDER
                        SNOW, ICE PELLETS, HAIL    4 = ICE PELLETS
                        TOTAL MONTH:   0.0 INCH    5 = HAIL
                        GRTST 24HR     0.0         6 = FREEZING RAIN OR DRIZZLE
                        GRTST DEPTH:   0           7 = DUSTSTORM OR SANDSTORM:
                                                       VSBY 1/2 MILE OR LESS
                                                   8 = SMOKE OR HAZE
[NO. OF DAYS WITH]      [WEATHER - DAYS WITH]      9 = BLOWING SNOW
                                                   X = TORNADO
MAX 32 OR BELOW:   0    0.01 INCH OR MORE:   8
MAX 90 OR ABOVE:   0    0.10 INCH OR MORE:   5
MIN 32 OR BELOW:   0    0.50 INCH OR MORE:   0
MIN  0 OR BELOW:   0    1.00 INCH OR MORE:   0

[HDD (BASE 65) ]
TOTAL THIS MO.    81    CLEAR  (SCALE 0-3)  10
DPTR FM NORMAL  -102    PTCLDY (SCALE 4-7)   8
TOTAL FM JUL 1  5908    CLOUDY (SCALE 8-10)  3
DPTR FM NORMAL   162

[CDD (BASE 65) ]
TOTAL THIS MO.    32
DPTR FM NORMAL    24    [PRESSURE DATA]
TOTAL FM JAN 1    35    HIGHEST SLP M ON M
DPTR FM NORMAL    24    LOWEST  SLP 29.87 ON 21

[REMARKS]
