000
CXUS51 KRLX 011400
CF6EKN
PRELIMINARY LOCAL CLIMATOLOGICAL DATA (WS FORM: F-6)

                                          STATION:   ELKINS WV
                                          MONTH:     JULY
                                          YEAR:      2014
                                          LATITUDE:   38 52 N
                                          LONGITUDE:  79 51 W

  TEMPERATURE IN F:       :PCPN:    SNOW:  WIND      :SUNSHINE: SKY     :PK WND
================================================================================
1   2   3   4   5  6A  6B    7    8   9   10  11  12  13   14  15   16   17  18
                                     12Z  AVG MX 2MIN
DY MAX MIN AVG DEP HDD CDD  WTR  SNW DPTH SPD SPD DIR MIN PSBL S-S WX    SPD DR
================================================================================

 1  87  63  75   6   0  10 0.00  0.0    0  4.2 14 250   M    M   3 12     20 260
 2  85  64  75   6   0  10    T  0.0    0  3.1 17 270   M    M   3 18     21 260
 3  82  59  71   1   0   6 0.00  0.0    0  4.5 17 290   M    M   7 1      23 290
 4  74  50  62  -8   3   0    T  0.0    0  5.2 17 300   M    M   6 1      23 310
 5  78  45  62  -8   3   0 0.00  0.0    0  2.8 10 280   M    M   2 12     13 300
 6  82  47  65  -5   0   0 0.00  0.0    0  2.6 15 250   M    M   4 1      21 300
 7  85  63  74   4   0   9 0.00  0.0    0  6.6 17 230   M    M   5        29 200
 8  87  63  75   5   0  10 0.41  0.0    0  7.2 39 250   M    M   4 1      62 250
 9  81  59  70   0   0   5 0.42  0.0    0  4.2 17 250   M    M   5 18     22 260
10  83  57  70   0   0   5 0.00  0.0    0  3.0 16 320   M    M   2 18     21 290
11  84  57  71   1   0   6 0.00  0.0    0  2.1 12 300   M    M   3 128    15 320
12  85  58  72   2   0   7 0.00  0.0    0  2.3 13 300   M    M   2 18     17 320
13  88  60  74   4   0   9 0.55  0.0    0  3.9 17 310   M    M   7 18     26 300
14  84  67  76   6   0  11 0.31  0.0    0  4.6 17 250   M    M   7 18     25 250
15  74  60  67  -3   0   2 0.04  0.0    0  3.9 10 310   M    M   8 18     16 240
16  72  50  61  -9   4   0 0.00  0.0    0  3.1 13 280   M    M   5 1      16 310
17  74  47  61  -9   4   0 0.00  0.0    0  2.7 10 300   M    M   5 12     14 300
18  77  49  63  -7   2   0 0.38  0.0    0  1.2 13 270   M    M   7 12     18 270
19  70  58  64  -6   1   0 0.20  0.0    0  2.9 10 190   M    M  10 1      16 170
20  81  57  69  -1   0   4 0.28  0.0    0  1.7  9 170   M    M   8 1      12 180
21  85  63  74   4   0   9 0.58  0.0    0  2.4 15  10   M    M   6 12     18  10
22  87  64  76   6   0  11 0.18  0.0    0  1.9 10 320   M    M   4 12     14 320
23  87  63  75   5   0  10 0.01  0.0    0  3.0 16 330   M    M   4 12     25 330
24  71  56  64  -6   1   0 0.58  0.0    0  3.1 10 360   M    M   7 18     13 320
25  78  55  67  -3   0   2 0.00  0.0    0  3.0 10 300   M    M   5 12     15 320
26  85  60  73   3   0   8 0.07  0.0    0  2.5 14 150   M    M   5 1      24 280
27  82  64  73   3   0   8 1.03  0.0    0  5.1 28 270   M    M   7 18     37 270
28  70  52  61  -9   4   0 0.24  0.0    0  8.7 21 290   M    M   7 1      26 260
29  67  49  58 -12   7   0    T  0.0    0  3.3 13 290   M    M   7 12     17 300
30  73  49  61  -9   4   0    T  0.0    0  1.6  9 270   M    M   6 1      13 250
31  80  51  66  -4   0   1 0.00  0.0    0  2.5 14 310   M    M   3 128    17 300
================================================================================
SM 2478 1759        33 143  5.28     0.0 108.9          M      164
================================================================================
AV 79.9 56.7                               3.5 FASTST   M    M   5    MAX(MPH)
                                 MISC ---->  # 39 250               # 62  250
================================================================================
NOTES:
# LAST OF SEVERAL OCCURRENCES

COLUMN 17 PEAK WIND IN M.P.H.

PRELIMINARY LOCAL CLIMATOLOGICAL DATA (WS FORM: F-6) , PAGE 2

                                          STATION:  ELKINS WV
                                          MONTH:    JULY
                                          YEAR:     2014
                                          LATITUDE:   38 52 N
                                          LONGITUDE:  79 51 W

[TEMPERATURE DATA]      [PRECIPITATION DATA]       SYMBOLS USED IN COLUMN 16

AVERAGE MONTHLY: 68.3   TOTAL FOR MONTH:   5.28    1 = FOG OR MIST
DPTR FM NORMAL:  -1.7   DPTR FM NORMAL:   -0.08    2 = FOG REDUCING VISIBILITY
HIGHEST:    88 ON 13    GRTST 24HR  1.08 ON 27-28      TO 1/4 MILE OR LESS
LOWEST:     45 ON  5                               3 = THUNDER
                        SNOW, ICE PELLETS, HAIL    4 = ICE PELLETS
                        TOTAL MONTH:   0.0 INCH    5 = HAIL
                        GRTST 24HR     0.0         6 = FREEZING RAIN OR DRIZZLE
                        GRTST DEPTH:   0           7 = DUSTSTORM OR SANDSTORM:
                                                       VSBY 1/2 MILE OR LESS
                                                   8 = SMOKE OR HAZE
[NO. OF DAYS WITH]      [WEATHER - DAYS WITH]      9 = BLOWING SNOW
                                                   X = TORNADO
MAX 32 OR BELOW:   0    0.01 INCH OR MORE:  15
MAX 90 OR ABOVE:   0    0.10 INCH OR MORE:  12
MIN 32 OR BELOW:   0    0.50 INCH OR MORE:   4
MIN  0 OR BELOW:   0    1.00 INCH OR MORE:   1

[HDD (BASE 65) ]
TOTAL THIS MO.    33    CLEAR  (SCALE 0-3)   5
DPTR FM NORMAL    21    PTCLDY (SCALE 4-7)  25
TOTAL FM JUL 1    33    CLOUDY (SCALE 8-10)  1
DPTR FM NORMAL    21

[CDD (BASE 65) ]
TOTAL THIS MO.   143
DPTR FM NORMAL   -23    [PRESSURE DATA]
TOTAL FM JAN 1   324    HIGHEST SLP 30.39 ON  5
DPTR FM NORMAL    43    LOWEST  SLP 29.69 ON 27

[REMARKS]
#FINAL-07-14#
