000
CXUS56 KLKN 301009
CF6EKO
PRELIMINARY LOCAL CLIMATOLOGICAL DATA (WS FORM: F-6)

                                          STATION:   ELKO AIRPORT NV
                                          MONTH:     APRIL
                                          YEAR:      2017
                                          LATITUDE:   40 49 N
                                          LONGITUDE: 115 47 W

  TEMPERATURE IN F:       :PCPN:    SNOW:  WIND      :SUNSHINE: SKY     :PK WND
================================================================================
1   2   3   4   5  6A  6B    7    8   9   10  11  12  13   14  15   16   17  18
                                     12Z  AVG MX 2MIN
DY MAX MIN AVG DEP HDD CDD  WTR  SNW DPTH SPD SPD DIR MIN PSBL S-S WX    SPD DR
================================================================================

 1  60  30  45   3  20   0 0.00  0.0    0  4.9 16 320   M    M   0        21 320
 2  58  34  46   4  19   0 0.04  0.0    0  6.9 20 320   M    M   4        24 360
 3  51  29  40  -2  25   0 0.00  0.0    0  5.4 22 280   M    M   1        33 260
 4  54  23  39  -4  26   0 0.00  0.0    0  2.8  9  60   M    M   0        12  40
 5  68  34  51   8  14   0 0.00  0.0    0  4.1 14 210   M    M   3        20 180
 6  69  50  60  17   5   0 0.00  0.0    0 12.6 32 170   M    M   3        47 160
 7  62  43  53  10  12   0 0.17  0.0    0 11.7 30 210   M    M  10 1      40 220
 8  50  28  39  -4  26   0    T    T    0 10.5 35 260   M    M   5        42 260
 9  49  23  36  -8  29   0 0.00  0.0    0  4.9 14 190   M    M   1        21 250
10  56  25  41  -3  24   0 0.00  0.0    0  5.9 21 250   M    M   1        27 260
11  59  29  44   0  21   0 0.00  0.0    0  4.8 23 210   M    M   6        29 220
12  74  31  53   9  12   0 0.00  0.0    0 11.1 26 170   M    M   1        36 160
13  57  32  45   1  20   0 0.17    T    0  8.5 24 310   M    M   6 1      34 280
14  48  30  39  -6  26   0    T    T    0  8.1 21 270   M    M   6        25 260
15  57  23  40  -5  25   0 0.00  0.0    0  3.4 10 210   M    M   0        15 280
16  72  33  53   8  12   0 0.00  0.0    0  7.4 28 270   M    M   3        36 240
17  61  43  52   7  13   0 0.25  0.0    0  7.1 28 260   M    M   7 1      33 260
18  50  38  44  -2  21   0 0.36  0.0    0  4.3 15 180   M    M   8 1      19 340
19  60  35  48   2  17   0    T  0.0    0  4.2 15 240   M    M   4        18 240
20  54  33  44  -2  21   0    T  0.0    0  9.5 30 280   M    M   7        39 280
21  57  27  42  -4  23   0 0.00  0.0    0  3.9 10  50   M    M   1        14  40
22  67  29  48   1  17   0 0.00  0.0    0  4.5 12  20   M    M   1        15 170
23  65  40  53   6  12   0 0.00  0.0    0  7.5 25 260   M    M   2        31 230
24  51  38  45  -2  20   0 0.17  0.0    0 11.5 36 280   M    M   8 13     45 280
25  52  35  44  -3  21   0    T  0.0    0  7.9 23 260   M    M   7        27 260
26  53  40  47  -1  18   0 0.15  0.0    0 10.0 32 320   M    M   9 3      38 320
27  48  32  40  -8  25   0    T    T    0  7.4 28 270   M    M   7        32 340
28  48  31  40  -8  25   0    T    T    0  8.8 25 340   M    M   5 8      34 340
29  58  26  42  -7  23   0 0.00  0.0    0  4.3 15 240   M    M   0        24 280
================================================================================
SM 1668  944       572   0  1.31    T    203.9          M      116
================================================================================
AV 57.5 32.6                               7.0 FASTST   M    M   4    MAX(MPH)
                                 MISC ---->  # 36 280               # 47  160
================================================================================
NOTES:
# LAST OF SEVERAL OCCURRENCES

COLUMN 17 PEAK WIND IN M.P.H.

PRELIMINARY LOCAL CLIMATOLOGICAL DATA (WS FORM: F-6) , PAGE 2

                                          STATION:  ELKO AIRPORT NV
                                          MONTH:    APRIL
                                          YEAR:     2017
                                          LATITUDE:   40 49 N
                                          LONGITUDE: 115 47 W

[TEMPERATURE DATA]      [PRECIPITATION DATA]       SYMBOLS USED IN COLUMN 16

AVERAGE MONTHLY: 45.0   TOTAL FOR MONTH:   1.31    1 = FOG OR MIST
DPTR FM NORMAL:   0.0   DPTR FM NORMAL:    0.37    2 = FOG REDUCING VISIBILITY
HIGHEST:    74 ON 12    GRTST 24HR  0.36 ON 18-18      TO 1/4 MILE OR LESS
LOWEST:     23 ON 15, 9                            3 = THUNDER
                        SNOW, ICE PELLETS, HAIL    4 = ICE PELLETS
                        TOTAL MONTH:    T          5 = HAIL
                        GRTST 24HR    T  ON 28-28  6 = FREEZING RAIN OR DRIZZLE
                        GRTST DEPTH:   0           7 = DUSTSTORM OR SANDSTORM:
                                                       VSBY 1/2 MILE OR LESS
                                                   8 = SMOKE OR HAZE
[NO. OF DAYS WITH]      [WEATHER - DAYS WITH]      9 = BLOWING SNOW
                                                   X = TORNADO
MAX 32 OR BELOW:   0    0.01 INCH OR MORE:   7
MAX 90 OR ABOVE:   0    0.10 INCH OR MORE:   6
MIN 32 OR BELOW:  16    0.50 INCH OR MORE:   0
MIN  0 OR BELOW:   0    1.00 INCH OR MORE:   0

[HDD (BASE 65) ]
TOTAL THIS MO.   572    CLEAR  (SCALE 0-3)  12
DPTR FM NORMAL    -6    PTCLDY (SCALE 4-7)  15
TOTAL FM JUL 1  5943    CLOUDY (SCALE 8-10)  2
DPTR FM NORMAL  -612

[CDD (BASE 65) ]
TOTAL THIS MO.     0
DPTR FM NORMAL     0    [PRESSURE DATA]
TOTAL FM JAN 1     0    HIGHEST SLP M ON M
DPTR FM NORMAL     0    LOWEST  SLP 29.59 ON 13

[REMARKS]
