000
CXUS53 KTOP 300800
CF6EMP
PRELIMINARY LOCAL CLIMATOLOGICAL DATA (WS FORM: F-6)

                                          STATION:   Emporia KS
                                          MONTH:     MAY
                                          YEAR:      2016
                                          LATITUDE:   38 19 N
                                          LONGITUDE:  96 12 W

  TEMPERATURE IN F:       :PCPN:    SNOW:  WIND      :SUNSHINE: SKY     :PK WND
================================================================================
1   2   3   4   5  6A  6B    7    8   9   10  11  12  13   14  15   16   17  18
                                     12Z  AVG MX 2MIN
DY MAX MIN AVG DEP HDD CDD  WTR  SNW DPTH SPD SPD DIR MIN PSBL S-S WX    SPD DR
================================================================================

 1  61  43  52  -9  13   0 0.00    M    M 10.3 20 320   M    M   5        28 290
 2  62  45  54  -7  11   0    T    M    M  8.1 16  30   M    M   8        22 340
 3  71  40  56  -6   9   0 0.00    M    M  4.9 15 230   M    M   2 1      18 250
 4  72  51  62   0   3   0 0.00    M    M  9.1 22  10   M    M   0        27 340
 5  77  44  61  -1   4   0 0.00    M    M  5.5 12  40   M    M   0        16 340
 6  83  47  65   2   0   0 0.00    M    M  9.8 17 170   M    M   0        24 160
 7  86  55  71   8   0   6 0.00    M    M 10.8 21 190   M    M   0        26 200
 8  67  60  64   1   1   0 0.94    M    M 11.5 22 160   M    M   6 13     30 160
 9  77  57  67   3   0   2 0.10    M    M 15.2 41 220   M    M   6 3      55 220
10  83  51  67   3   0   2 0.00    M    M  6.4 13 180   M    M   1        19 150
11  70  57  64   0   1   0 0.03    M    M  8.3 16 320   M    M   5 3      22 330
12  74  51  63  -1   2   0 0.00    M    M  8.3 20 290   M    M   0        27 350
13  83  47  65   0   0   0 0.11    M    M 15.5 33 220   M    M   0 3      45 220
14  61  42  52 -13  13   0    T    M    M  9.1 20 340   M    M   2        27 340
15  64  39  52 -13  13   0 0.03    M    M  5.6 15 170   M    M   4        20 180
16  54  50  52 -14  13   0 0.82    M    M 10.3 17  80   M    M  10 1      22 120
17  60  44  52 -14  13   0 0.10    M    M 11.8 20  30   M    M   8 1      26  20
18  68  41  55 -11  10   0 0.00    M    M  5.0 12  90   M    M   2 12     15 110
19  64  45  55 -11  10   0 0.04    M    M  5.7 15 120   M    M   5        20 130
20  66  53  60  -7   5   0 0.04    M    M  6.4 12 110   M    M   9 1      15 140
21  72  51  62  -5   3   0 0.00    M    M  9.0 17 100   M    M   4        23 110
22  81  57  69   2   0   4 0.00    M    M 12.0 21 160   M    M   3        27 150
23  72  63  68   0   0   3 0.50    M    M 11.5 28 150   M    M   3 13     40 140
24  81  60  71   3   0   6 0.48    M    M 12.2 32 270   M    M   5 13     45 270
25  81  62  72   4   0   7 0.24    M    M 14.0 26 140   M    M   5 13     34 130
26  84  56  70   2   0   5 2.41    M    M 12.7 28  20   M    M   9 138    39 300
27  73  57  65  -3   0   0 0.56    M    M 11.3 29  40   M    M   7 13     36  50
28  78  58  68  -1   0   3 0.00    M    M  7.0 16 260   M    M   3        21 290
29  85  58  72   3   0   7 0.00    M    M  6.4 16 190   M    M   0        19 180
================================================================================
SM 2110 1484       124  45  6.40    M    273.7          M      112
================================================================================
AV 72.8 51.2                               9.4 FASTST   M    M   4    MAX(MPH)
                                 MISC ---->  # 41 220               # 55  220
================================================================================
NOTES:
# LAST OF SEVERAL OCCURRENCES

COLUMN 17 PEAK WIND IN M.P.H.

PRELIMINARY LOCAL CLIMATOLOGICAL DATA (WS FORM: F-6) , PAGE 2

                                          STATION:  Emporia KS
                                          MONTH:    MAY
                                          YEAR:     2016
                                          LATITUDE:   38 19 N
                                          LONGITUDE:  96 12 W

[TEMPERATURE DATA]      [PRECIPITATION DATA]       SYMBOLS USED IN COLUMN 16

AVERAGE MONTHLY: 62.0   TOTAL FOR MONTH:   6.40    1 = FOG OR MIST
DPTR FM NORMAL:  -3.2   DPTR FM NORMAL:    1.88    2 = FOG REDUCING VISIBILITY
HIGHEST:    86 ON  7    GRTST 24HR  2.68 ON 26-27      TO 1/4 MILE OR LESS
LOWEST:     39 ON 15                               3 = THUNDER
                        SNOW, ICE PELLETS, HAIL    4 = ICE PELLETS
                        TOTAL MONTH:    M          5 = HAIL
                        GRTST 24HR    M  ON   M    6 = FREEZING RAIN OR DRIZZLE
                        GRTST DEPTH:  M  ON   M    7 = DUSTSTORM OR SANDSTORM:
                                                       VSBY 1/2 MILE OR LESS
                                                   8 = SMOKE OR HAZE
[NO. OF DAYS WITH]      [WEATHER - DAYS WITH]      9 = BLOWING SNOW
                                                   X = TORNADO
MAX 32 OR BELOW:   0    0.01 INCH OR MORE:  14
MAX 90 OR ABOVE:   0    0.10 INCH OR MORE:  10
MIN 32 OR BELOW:   0    0.50 INCH OR MORE:   5
MIN  0 OR BELOW:   0    1.00 INCH OR MORE:   1

[HDD (BASE 65) ]
TOTAL THIS MO.   124    CLEAR  (SCALE 0-3)  13
DPTR FM NORMAL    44    PTCLDY (SCALE 4-7)  13
TOTAL FM JUL 1  3902    CLOUDY (SCALE 8-10)  3
DPTR FM NORMAL  -907

[CDD (BASE 65) ]
TOTAL THIS MO.    45
DPTR FM NORMAL   -40    [PRESSURE DATA]
TOTAL FM JAN 1    65    HIGHEST SLP M ON M
DPTR FM NORMAL   -43    LOWEST  SLP 29.52 ON  9

[REMARKS]
