000
CXUS56 KOTX 230945
CF6EPH
PRELIMINARY LOCAL CLIMATOLOGICAL DATA (WS FORM: F-6)

                                          STATION:   EPHRATA WA AIRPORT
                                          MONTH:     JANUARY
                                          YEAR:      2018
                                          LATITUDE:   47 18 N
                                          LONGITUDE: 119 31 W

  TEMPERATURE IN F:       :PCPN:    SNOW:  WIND      :SUNSHINE: SKY     :PK WND
================================================================================
1   2   3   4   5  6A  6B    7    8   9   10  11  12  13   14  15   16   17  18
                                     12Z  AVG MX 2MIN
DY MAX MIN AVG DEP HDD CDD  WTR  SNW DPTH SPD SPD DIR MIN PSBL S-S WX    SPD DR
================================================================================

 1  29  19  24  -2  41   0 0.00    M    M  5.5 12  10   M    M   9        13  10
 2  27  24  26  -1  39   0 0.00    M    M  9.3 14 310   M    M   9        16  10
 3  35  21  28   1  37   0 0.00    M    M  5.6 13 320   M    M   3        15 310
 4  34  25  30   3  35   0    T    M    M  3.6 10  10   M    M   8        12  10
 5  37  30  34   7  31   0 0.01    M    M  3.7 12 200   M    M   9 18     14 200
 6  33  31  32   5  33   0 0.00    M    M  1.7  7 160   M    M  10 128     8 160
 7  36  32  34   7  31   0 0.09    M    M  2.5  8 360   M    M  10 18      9 360
 8  39  34  37  10  28   0 0.01    M    M  5.4 10 330   M    M   8 18     13 330
 9  38  33  36   8  29   0 0.04    M    M  2.1  8 150   M    M   9 128     9 150
10  48  31  40  12  25   0 0.01    M    M  7.8 22 300   M    M   3 1      25 300
11  35  33  34   6  31   0 0.49    M    M  8.6 16 350   M    M  10 18     18 350
12  35  30  33   5  32   0 0.00    M    M  5.8 12 310   M    M   7        14 300
13  38  32  35   7  30   0 0.00    M    M  8.6 14 340   M    M   9        17 340
14  46  33  40  12  25   0 0.00    M    M  9.9 16 350   M    M   3        18 350
15  48  33  41  12  24   0 0.00    M    M  7.2 14  30   M    M   4        17  40
16  39  33  36   7  29   0 0.16    M    M  5.6 14  10   M    M  10 128    15  10
17  42  37  40  11  25   0 0.04    M    M  7.6 16 310   M    M  10 1      19 310
18  46  34  40  11  25   0 0.03    M    M  4.2 12 210   M    M   6 128    13 210
19  44  32  38   9  27   0 0.00    M    M  2.9  8 200   M    M   8 128    10 180
20  47  28  38   8  27   0    T    M    M  4.3 14 220   M    M   6        16 220
21  40  28  34   4  31   0 0.01    M    M  5.2 15 150   M    M   5 18     18 150
22  48  23  36   6  29   0 0.00    M    M  5.1 13 310   M    M   1        16 230
================================================================================
SM  864  656       664   0  0.89    M    122.2          M      157
================================================================================
AV 39.3 29.8                               5.6 FASTST   M    M   7    MAX(MPH)
                                 MISC ---->  # 22 300               # 25  300
================================================================================
NOTES:
# LAST OF SEVERAL OCCURRENCES

COLUMN 17 PEAK WIND IN M.P.H.

PRELIMINARY LOCAL CLIMATOLOGICAL DATA (WS FORM: F-6) , PAGE 2

                                          STATION:  EPHRATA WA AIRPORT
                                          MONTH:    JANUARY
                                          YEAR:     2018
                                          LATITUDE:   47 18 N
                                          LONGITUDE: 119 31 W

[TEMPERATURE DATA]      [PRECIPITATION DATA]       SYMBOLS USED IN COLUMN 16

AVERAGE MONTHLY: 34.6   TOTAL FOR MONTH:   0.89    1 = FOG OR MIST
DPTR FM NORMAL:   6.5   DPTR FM NORMAL:    0.21    2 = FOG REDUCING VISIBILITY
HIGHEST:    48 ON 22,15 GRTST 24HR  0.49 ON 11-11      TO 1/4 MILE OR LESS
LOWEST:     19 ON  1                               3 = THUNDER
                        SNOW, ICE PELLETS, HAIL    4 = ICE PELLETS
                        TOTAL MONTH:    M          5 = HAIL
                        GRTST 24HR    M  ON   M    6 = FREEZING RAIN OR DRIZZLE
                        GRTST DEPTH:  M  ON   M    7 = DUSTSTORM OR SANDSTORM:
                                                       VSBY 1/2 MILE OR LESS
                                                   8 = SMOKE OR HAZE
[NO. OF DAYS WITH]      [WEATHER - DAYS WITH]      9 = BLOWING SNOW
                                                   X = TORNADO
MAX 32 OR BELOW:   2    0.01 INCH OR MORE:  10
MAX 90 OR ABOVE:   0    0.10 INCH OR MORE:   2
MIN 32 OR BELOW:  14    0.50 INCH OR MORE:   0
MIN  0 OR BELOW:   0    1.00 INCH OR MORE:   0

[HDD (BASE 65) ]
TOTAL THIS MO.   664    CLEAR  (SCALE 0-3)   2
DPTR FM NORMAL  -148    PTCLDY (SCALE 4-7)   9
TOTAL FM JUL 1  3152    CLOUDY (SCALE 8-10) 11
DPTR FM NORMAL  -246

[CDD (BASE 65) ]
TOTAL THIS MO.     0
DPTR FM NORMAL     0    [PRESSURE DATA]
TOTAL FM JAN 1     0    HIGHEST SLP M ON M
DPTR FM NORMAL     0    LOWEST  SLP 29.58 ON  9

[REMARKS]
