000
CXUS51 KCLE 260800
CF6ERI
PRELIMINARY LOCAL CLIMATOLOGICAL DATA (WS FORM: F-6)

                                          STATION:   ERIE PA
                                          MONTH:     JUNE
                                          YEAR:      2017
                                          LATITUDE:   42  4 N
                                          LONGITUDE:  80 11 W

  TEMPERATURE IN F:       :PCPN:    SNOW:  WIND      :SUNSHINE: SKY     :PK WND
================================================================================
1   2   3   4   5  6A  6B    7    8   9   10  11  12  13   14  15   16   17  18
                                     12Z  AVG MX 2MIN
DY MAX MIN AVG DEP HDD CDD  WTR  SNW DPTH SPD SPD DIR MIN PSBL S-S WX    SPD DR
================================================================================

 1  65  51  58  -5   7   0 0.00  0.0    0  8.1 17 260   M    M   1        23 290
 2  68  50  59  -4   6   0 0.00  0.0    0  6.8 13 280   M    M   4        18 280
 3  72  55  64   1   1   0 0.00  0.0    0  4.1  9 350   M    M   2        12  40
 4  77  62  70   6   0   5 0.61  0.0    0 10.3 20 320   M    M   7 138    29 320
 5  67  58  63  -1   2   0    T  0.0    0  7.7 18  20   M    M   7 12     21  30
 6  62  54  58  -6   7   0 0.03  0.0    0 10.9 20  40   M    M  10 1      27  40
 7  66  51  59  -6   6   0 0.09  0.0    0  9.4 21  60   M    M   6 1      26  30
 8  69  47  58  -7   7   0 0.00  0.0    0  4.5 10 160   M    M   3        12  20
 9  74  51  63  -2   2   0 0.08  0.0    0  9.7 20 250   M    M   3 38     30 260
10  83  61  72   6   0   7 0.16  0.0    0 10.8 20 200   M    M   1 13     28 200
11  83  71  77  11   0  12 0.00  0.0    0 11.7 22 260   M    M   0        33 270
12  87  73  80  14   0  15 0.00  0.0    0  9.8 17 270   M    M   1        25 270
13  87  67  77  11   0  12 0.00  0.0    0  9.2 22  40   M    M   1 8      27  50
14  79  62  71   4   0   6 0.00  0.0    0  7.3 22  40   M    M   1 1      26  60
15  79  67  73   6   0   8 0.92  0.0    0  8.1 17 210   M    M   3 13     23 210
16  85  69  77  10   0  12    T  0.0    0  5.9 15 290   M    M   2        18 280
17  90  70  80  12   0  15 0.15  0.0    0 10.6 18 340   M    M   2 3      23 340
18  86  68  77   9   0  12 3.58  0.0    0 12.7 18 210   M    M   5 13     36 190
19  77  61  69   1   0   4 0.07  0.0    0  8.0 22 260   M    M   5 13     33 270
20  73  60  67  -1   0   2 0.23  0.0    0 11.5 22 260   M    M   5 13     31 260
21  70  57  64  -5   1   0 0.02  0.0    0  5.8 12 320   M    M   3 1      16 300
22  85  56  71   2   0   6 0.18  0.0    0 10.1 21 200   M    M   2 3      27 200
23  77  69  73   4   0   8 1.19  0.0    0 11.7 21 200   M    M   8 13     27 250
24  74  60  67  -3   0   2    T  0.0    0 10.3 21 260   M    M   3 8      29 260
25  73  58  66  -4   0   1 0.06  0.0    0  9.7 25 260   M    M   4 3      37 260
================================================================================
SM 1908 1508        39 127  7.37     0.0 224.7          M       89
================================================================================
AV 76.3 60.3                               9.0 FASTST   M    M   4    MAX(MPH)
                                 MISC ---->  # 25 260               # 37  260
================================================================================
NOTES:
# LAST OF SEVERAL OCCURRENCES

COLUMN 17 PEAK WIND IN M.P.H.

PRELIMINARY LOCAL CLIMATOLOGICAL DATA (WS FORM: F-6) , PAGE 2

                                          STATION:  ERIE PA
                                          MONTH:    JUNE
                                          YEAR:     2017
                                          LATITUDE:   42  4 N
                                          LONGITUDE:  80 11 W

[TEMPERATURE DATA]      [PRECIPITATION DATA]       SYMBOLS USED IN COLUMN 16

AVERAGE MONTHLY: 68.3   TOTAL FOR MONTH:   7.37    1 = FOG OR MIST
DPTR FM NORMAL:   1.9   DPTR FM NORMAL:    4.23    2 = FOG REDUCING VISIBILITY
HIGHEST:    90 ON 17    GRTST 24HR  3.58 ON 18-18      TO 1/4 MILE OR LESS
LOWEST:     47 ON  8                               3 = THUNDER
                        SNOW, ICE PELLETS, HAIL    4 = ICE PELLETS
                        TOTAL MONTH:   0.0 INCH    5 = HAIL
                        GRTST 24HR     0.0         6 = FREEZING RAIN OR DRIZZLE
                        GRTST DEPTH:   0           7 = DUSTSTORM OR SANDSTORM:
                                                       VSBY 1/2 MILE OR LESS
                                                   8 = SMOKE OR HAZE
[NO. OF DAYS WITH]      [WEATHER - DAYS WITH]      9 = BLOWING SNOW
                                                   X = TORNADO
MAX 32 OR BELOW:   0    0.01 INCH OR MORE:  14
MAX 90 OR ABOVE:   1    0.10 INCH OR MORE:   8
MIN 32 OR BELOW:   0    0.50 INCH OR MORE:   4
MIN  0 OR BELOW:   0    1.00 INCH OR MORE:   2

[HDD (BASE 65) ]
TOTAL THIS MO.    39    CLEAR  (SCALE 0-3)  13
DPTR FM NORMAL   -18    PTCLDY (SCALE 4-7)  11
TOTAL FM JUL 1  5096    CLOUDY (SCALE 8-10)  1
DPTR FM NORMAL -1047

[CDD (BASE 65) ]
TOTAL THIS MO.   127
DPTR FM NORMAL    34    [PRESSURE DATA]
TOTAL FM JAN 1   171    HIGHEST SLP M ON M
DPTR FM NORMAL    39    LOWEST  SLP 29.62 ON 23

[REMARKS]
