000
CXUS54 KEWX 260910
CF6ERV
PRELIMINARY LOCAL CLIMATOLOGICAL DATA (WS FORM: F-6)

                                          STATION:   KERRVILLE
                                          MONTH:     SEPTEMBER
                                          YEAR:      2016
                                          LATITUDE:   29 58 N
                                          LONGITUDE:  99  5 W

  TEMPERATURE IN F:       :PCPN:    SNOW:  WIND      :SUNSHINE: SKY     :PK WND
================================================================================
1   2   3   4   5  6A  6B    7    8   9   10  11  12  13   14  15   16   17  18
                                     12Z  AVG MX 2MIN
DY MAX MIN AVG DEP HDD CDD  WTR  SNW DPTH SPD SPD DIR MIN PSBL S-S WX    SPD DR
================================================================================

 1  92  69  81   M   0  16 0.01    M    0  3.6 13 290   M    M   3 3      20 290
 2  84  72  78   M   0  13 0.64    M    0  2.1  8 150   M    M   6 13      M  M
 3  89  66  78   M   0  13 0.00  0.0    0  3.0  9 110   M    M   4 1       M  M
 4  89  72  81   M   0  16 0.03  0.0    0  5.6 14 150   M    M   5        18 150
 5  89  69  79   M   0  14 0.00  0.0    0  9.9 15 150   M    M   6        20 190
 6  92  76  84   M   0  19 0.00  0.0    0 12.0 16 160   M    M   6        23 170
 7  92  74  83   M   0  18 0.00  0.0    0 10.7 16 170   M    M   6        23 170
 8  92  72  82   M   0  17 0.00  0.0    0  8.9 14 160   M    M   4        18 160
 9  92  72  82   M   0  17 0.00  0.0    0  7.0 14 170   M    M   2        21 170
10  89  69  79   M   0  14 0.00  0.0    0  8.1 23  40   M    M   4        35  40
11  92  63  78   M   0  13 0.00  0.0    0  1.8  7 100   M    M   3         M  M
12  92  64  78   M   0  13 0.00  0.0    0  4.3 14 160   M    M   2        16 150
13  84  72  78   M   0  13 0.03  0.0    0  4.4  8 140   M    M   6 3       M  M
14  92  69  81   M   0  16    T  0.0    0  2.8  9  70   M    M   6 1       M  M
15  92  66  79   M   0  14 0.00  0.0    0  3.0 10  90   M    M   3         M  M
16  92  69  81   M   0  16 0.00  0.0    0  2.8  8 160   M    M   4 1       M  M
17  94  66  80   M   0  15 0.00    M    0  2.1  9 150   M    M   1         M  M
18  95  67  81   M   0  16 0.00    M    0  3.0  8 180   M    M   1 1       M  M
19  97  72  85   M   0  20 0.00    M    0  4.5  9 180   M    M   0         M  M
20  94  69  82   M   0  17 0.00    M    0  4.4 10 140   M    M   1         M  M
21  94  64  79   M   0  14 0.00    M    0  2.7 10 120   M    M   2         M  M
22  92  61  77   M   0  12 0.00  0.0    0  3.8  9 110   M    M   2        18 110
23  92  72  82   M   0  17 0.00  0.0    0 10.0 16 170   M    M   6        23 150
24  93  74  84   M   0  19 0.00  0.0    0 11.5 16 150   M    M   6 3      23 160
25  79  67  73   M   0   8 1.08  0.0    0  6.6 15  60   M    M   9 3      23  40
================================================================================
SM 2274 1726         0 380  1.79     0.0 138.6          M       98
================================================================================
AV 91.0 69.0                               5.5 FASTST   M    M   4    MAX(MPH)
                                 MISC ---->  # 23  40               # 35   40
================================================================================
NOTES:
# LAST OF SEVERAL OCCURRENCES

COLUMN 17 PEAK WIND IN M.P.H.

PRELIMINARY LOCAL CLIMATOLOGICAL DATA (WS FORM: F-6) , PAGE 2

                                          STATION:  KERRVILLE
                                          MONTH:    SEPTEMBER
                                          YEAR:     2016
                                          LATITUDE:   29 58 N
                                          LONGITUDE:  99  5 W

[TEMPERATURE DATA]      [PRECIPITATION DATA]       SYMBOLS USED IN COLUMN 16

AVERAGE MONTHLY: 80.0   TOTAL FOR MONTH:   1.79    1 = FOG OR MIST
DPTR FM NORMAL:     M   DPTR FM NORMAL:       M    2 = FOG REDUCING VISIBILITY
HIGHEST:    97 ON 19    GRTST 24HR  1.08 ON 25-25      TO 1/4 MILE OR LESS
LOWEST:     61 ON 22                               3 = THUNDER
                        SNOW, ICE PELLETS, HAIL    4 = ICE PELLETS
                        TOTAL MONTH:   0.0 INCH    5 = HAIL
                        GRTST 24HR     0.0         6 = FREEZING RAIN OR DRIZZLE
                        GRTST DEPTH:   0           7 = DUSTSTORM OR SANDSTORM:
                                                       VSBY 1/2 MILE OR LESS
                                                   8 = SMOKE OR HAZE
[NO. OF DAYS WITH]      [WEATHER - DAYS WITH]      9 = BLOWING SNOW
                                                   X = TORNADO
MAX 32 OR BELOW:   0    0.01 INCH OR MORE:   5
MAX 90 OR ABOVE:  18    0.10 INCH OR MORE:   2
MIN 32 OR BELOW:   0    0.50 INCH OR MORE:   2
MIN  0 OR BELOW:   0    1.00 INCH OR MORE:   1

[HDD (BASE 65) ]
TOTAL THIS MO.     0    CLEAR  (SCALE 0-3)  11
DPTR FM NORMAL     M    PTCLDY (SCALE 4-7)  13
TOTAL FM JUL 1     0    CLOUDY (SCALE 8-10)  1
DPTR FM NORMAL     M

[CDD (BASE 65) ]
TOTAL THIS MO.   380
DPTR FM NORMAL     M    [PRESSURE DATA]
TOTAL FM JAN 1  2335    HIGHEST SLP M ON M
DPTR FM NORMAL     M    LOWEST  SLP M ON M

[REMARKS]
