000
CXUS53 KPAH 012302
CF6EVV
PRELIMINARY LOCAL CLIMATOLOGICAL DATA (WS FORM: F-6)

                                          STATION:   EVANSVILLE IN
                                          MONTH:     AUGUST
                                          YEAR:      2014
                                          LATITUDE:   38  2 N
                                          LONGITUDE:  87 32 W

  TEMPERATURE IN F:       :PCPN:    SNOW:  WIND      :SUNSHINE: SKY     :PK WND
================================================================================
1   2   3   4   5  6A  6B    7    8   9   10  11  12  13   14  15   16   17  18
                                     12Z  AVG MX 2MIN
DY MAX MIN AVG DEP HDD CDD  WTR  SNW DPTH SPD SPD DIR MIN PSBL S-S WX    SPD DR
================================================================================

 1  86  63  75  -3   0  10    T  0.0    0  3.5 13 340   M    M   2 18     16 340
 2  87  66  77  -1   0  12 0.00  0.0    0  5.1 14 340   M    M   2        18 330
 3  88  63  76  -2   0  11 0.00  0.0    0  2.3 12  20   M    M   1 18     17  30
 4  90  64  77  -1   0  12 0.00  0.0    0  1.4 10  70   M    M   2 18     13  40
 5  84  64  74  -4   0   9 0.04  0.0    0  2.4 10 230   M    M   4 18     14 290
 6  90  69  80   3   0  15 0.00  0.0    0  4.7 14 330   M    M   2 18     19 340
 7  84  71  78   1   0  13 0.78  0.0    0  6.3 28 230   M    M   4 138    34 230
 8  85  70  78   1   0  13 0.75  0.0    0  5.6 13  50   M    M   9 18     16  40
 9  83  73  78   1   0  13 0.01  0.0    0  5.1 13 340   M    M   9 18     18 310
10  84  73  79   2   0  14 0.00  0.0    0  3.9 13 240   M    M   6 18     15 240
11  86  71  79   2   0  14 0.01  0.0    0  4.8 15 310   M    M   5 18     22 340
12  80  63  72  -5   0   7 0.00  0.0    0  8.4 18 340   M    M   3 8      24 330
13  83  58  71  -6   0   6 0.00  0.0    0  3.0 13  30   M    M   1 1      15  30
14  84  61  73  -4   0   8 0.00  0.0    0  3.8 13 260   M    M   2        15 280
15  84  64  74  -3   0   9    T  0.0    0  3.6  9  80   M    M   2        11  90
16  80  70  75  -2   0  10    T  0.0    0  3.3 10 270   M    M   6        13 260
17  78  70  74  -3   0   9 2.33  0.0    0  4.1 16 280   M    M  10 138    24 280
18  82  70  76  -1   0  11    T  0.0    0  2.9  8 250   M    M   8 1      13 290
19  88  67  78   1   0  13 0.00  0.0    0  5.3 14 220   M    M   2 12     18 210
20  87  70  79   2   0  14 0.00  0.0    0  3.9 18 340   M    M   0 1      26 330
21  92  73  83   6   0  18 0.02  0.0    0  7.7 16 210   M    M   2 3      21 250
22  91  75  83   7   0  18 0.01  0.0    0  5.9 14  80   M    M   1 3      19  80
23  95  75  85   9   0  20 0.02  0.0    0  5.4 30  50   M    M   4 138    37  40
24  91  73  82   6   0  17 0.00  0.0    0  2.6  9  50   M    M   1 1      11  90
25  93  73  83   7   0  18 0.00  0.0    0  1.7  8  90   M    M   2 128    11  90
26  94  74  84   8   0  19 0.00  0.0    0  2.2  9  40   M    M   1 18     13 100
27  96  74  85   9   0  20 0.00  0.0    0  3.4 13  40   M    M   1 138    16 320
28  92  73  83   8   0  18 0.26  0.0    0  4.2 29 220   M    M   3 138    36 220
29  91  73  82   7   0  17 0.00  0.0    0  5.6 20 220   M    M   1 18     24 220
30  80  71  76   1   0  11 0.48  0.0    0  4.7 13 210   M    M   3 1      17 210
31  83  72  78   3   0  13 0.09  0.0    0  4.7  8 190   M    M   7 18     11 210
================================================================================
SM 2691 2146         0 412  4.80     0.0 131.5          M      106
================================================================================
AV 86.8 69.2                               4.2 FASTST   M    M   3    MAX(MPH)
                                 MISC ---->  # 30  50               # 37   40
================================================================================
NOTES:
# LAST OF SEVERAL OCCURRENCES

COLUMN 17 PEAK WIND IN M.P.H.

PRELIMINARY LOCAL CLIMATOLOGICAL DATA (WS FORM: F-6) , PAGE 2

                                          STATION:  EVANSVILLE IN
                                          MONTH:    AUGUST
                                          YEAR:     2014
                                          LATITUDE:   38  2 N
                                          LONGITUDE:  87 32 W

[TEMPERATURE DATA]      [PRECIPITATION DATA]       SYMBOLS USED IN COLUMN 16

AVERAGE MONTHLY: 78.0   TOTAL FOR MONTH:   4.80    1 = FOG OR MIST
DPTR FM NORMAL:   1.3   DPTR FM NORMAL:    1.82    2 = FOG REDUCING VISIBILITY
HIGHEST:    96 ON 27    GRTST 24HR  2.33 ON 17-17      TO 1/4 MILE OR LESS
LOWEST:     58 ON 13                               3 = THUNDER
                        SNOW, ICE PELLETS, HAIL    4 = ICE PELLETS
                        TOTAL MONTH:   0.0 INCH    5 = HAIL
                        GRTST 24HR     0.0         6 = FREEZING RAIN OR DRIZZLE
                        GRTST DEPTH:   0           7 = DUSTSTORM OR SANDSTORM:
                                                       VSBY 1/2 MILE OR LESS
                                                   8 = SMOKE OR HAZE
[NO. OF DAYS WITH]      [WEATHER - DAYS WITH]      9 = BLOWING SNOW
                                                   X = TORNADO
MAX 32 OR BELOW:   0    0.01 INCH OR MORE:  12
MAX 90 OR ABOVE:  11    0.10 INCH OR MORE:   5
MIN 32 OR BELOW:   0    0.50 INCH OR MORE:   3
MIN  0 OR BELOW:   0    1.00 INCH OR MORE:   1

[HDD (BASE 65) ]
TOTAL THIS MO.     0    CLEAR  (SCALE 0-3)  19
DPTR FM NORMAL    -1    PTCLDY (SCALE 4-7)   9
TOTAL FM JUL 1     0    CLOUDY (SCALE 8-10)  3
DPTR FM NORMAL    -1

[CDD (BASE 65) ]
TOTAL THIS MO.   412
DPTR FM NORMAL    49    [PRESSURE DATA]
TOTAL FM JAN 1  1280    HIGHEST SLP 30.16 ON  3
DPTR FM NORMAL    81    LOWEST  SLP 29.77 ON 19

[REMARKS]
#FINAL-08-14#
