000
CXUS53 KIND 300730
CF6EYE
PRELIMINARY LOCAL CLIMATOLOGICAL DATA (WS FORM: F-6)

                                          STATION:   INDIANAPOLIS EAGLE CREEK IN
                                          MONTH:     JUNE
                                          YEAR:      2015
                                          LATITUDE:   39 49 N
                                          LONGITUDE:  86 18 W

  TEMPERATURE IN F:       :PCPN:    SNOW:  WIND      :SUNSHINE: SKY     :PK WND
================================================================================
1   2   3   4   5  6A  6B    7    8   9   10  11  12  13   14  15   16   17  18
                                     12Z  AVG MX 2MIN
DY MAX MIN AVG DEP HDD CDD  WTR  SNW DPTH SPD SPD DIR MIN PSBL S-S WX    SPD DR
================================================================================

 1  62  51  57 -11   8   0    T    M    M  8.1 13  50   M    M   9        19  80
 2  70  48  59  -9   6   0 0.00    M    M  5.9 13 100   M    M   1        18  70
 3  72  49  61  -8   4   0 0.00    M    M  2.3 10 110   M    M   4 18     14 100
 4  81  56  69   0   0   4 0.00    M    M  2.2  8 240   M    M   3 1      12 270
 5  86  62  74   4   0   9 0.00    M    M  6.3 16 340   M    M   3        27 340
 6  74  60  67  -3   0   2 0.00    M    M  5.5 14 330   M    M   5        23 150
 7  87  61  74   4   0   9 0.00    M    M  8.3 18 330   M    M   2 138    25 210
 8  78  59  69  -1   0   4 0.79    M    M  6.5 23 310   M    M   5 13     31  10
 9  81  57  69  -2   0   4 0.00    M    M  3.3 13 300   M    M   0 18     17 300
10  89  63  76   5   0  11 0.00    M    M  6.4 16 210   M    M   0        26 210
11  90  70  80   9   0  15 0.00    M    M  5.4 14 210   M    M   1        19 210
12  88  72  80   8   0  15 0.05    M    M  7.9 20 270   M    M   2 3      25 270
13  88  71  80   8   0  15 0.08    M    M  7.7 16 200   M    M   1        30 280
14  86  72  79   7   0  14 0.04    M    M  7.6 17 220   M    M   4        26 200
15  86  71  79   6   0  14 0.38    M    M  8.7 20 270   M    M   4 13     29 260
16  82  70  76   3   0  11 0.51    M    M  5.1 14 270   M    M   6 1      23 270
17  79  71  75   2   0  10 0.26    M    M  4.6 16 240   M    M   7 13     27 240
18  85  69  77   4   0  12 0.26    M    M  6.7 23 250   M    M   6 13     42 240
19  79  68  74   0   0   9 0.81    M    M  5.4 13 130   M    M   8 13     19 140
20  78  69  74   0   0   9 0.00    M    M  6.4 14 340   M    M   8        19 230
21  82  65  74   0   0   9 0.22    M    M  5.6 33 310   M    M   2 13     46 280
22  86  68  77   3   0  12 0.00    M    M  7.4 20 200   M    M   2 1      30 200
23  82  66  74   0   0   9    T    M    M  8.7 17 340   M    M   3        23 270
24  79  62  71  -3   0   6    T    M    M  3.0  9 300   M    M   1        13 330
25  82  66  74  -1   0   9 0.55    M    M  5.7 17 300   M    M   6 13     21 300
26  76  65  71  -4   0   6 1.07    M    M  4.2 16 220   M    M   8 13     22 240
27  71  60  66  -9   0   1 0.01    M    M 13.9 26 340   M    M   8 1      33 330
28  78  57  68  -7   0   3    T    M    M  6.4 13 210   M    M   3        18 220
29  76  63  70  -5   0   5 0.13    M    M  5.1 12 310   M    M   8 1      16 150
================================================================================
SM 2333 1841        18 227  5.16    M    180.3          M      120
================================================================================
AV 80.4 63.5                               6.2 FASTST   M    M   4    MAX(MPH)
                                 MISC ---->  # 33 310               # 46  280
================================================================================
NOTES:
# LAST OF SEVERAL OCCURRENCES

COLUMN 17 PEAK WIND IN M.P.H.

PRELIMINARY LOCAL CLIMATOLOGICAL DATA (WS FORM: F-6) , PAGE 2

                                          STATION:  INDIANAPOLIS EAGLE CREEK IN
                                          MONTH:    JUNE
                                          YEAR:     2015
                                          LATITUDE:   39 49 N
                                          LONGITUDE:  86 18 W

[TEMPERATURE DATA]      [PRECIPITATION DATA]       SYMBOLS USED IN COLUMN 16

AVERAGE MONTHLY: 72.0   TOTAL FOR MONTH:   5.16    1 = FOG OR MIST
DPTR FM NORMAL:  -0.2   DPTR FM NORMAL:    0.89    2 = FOG REDUCING VISIBILITY
HIGHEST:    90 ON 11    GRTST 24HR  1.08 ON 26-27      TO 1/4 MILE OR LESS
LOWEST:     48 ON  2                               3 = THUNDER
                        SNOW, ICE PELLETS, HAIL    4 = ICE PELLETS
                        TOTAL MONTH:    M          5 = HAIL
                        GRTST 24HR    M  ON   M    6 = FREEZING RAIN OR DRIZZLE
                        GRTST DEPTH:  M  ON   M    7 = DUSTSTORM OR SANDSTORM:
                                                       VSBY 1/2 MILE OR LESS
                                                   8 = SMOKE OR HAZE
[NO. OF DAYS WITH]      [WEATHER - DAYS WITH]      9 = BLOWING SNOW
                                                   X = TORNADO
MAX 32 OR BELOW:   0    0.01 INCH OR MORE:  14
MAX 90 OR ABOVE:   1    0.10 INCH OR MORE:  10
MIN 32 OR BELOW:   0    0.50 INCH OR MORE:   5
MIN  0 OR BELOW:   0    1.00 INCH OR MORE:   1

[HDD (BASE 65) ]
TOTAL THIS MO.    18    CLEAR  (SCALE 0-3)  14
DPTR FM NORMAL     6    PTCLDY (SCALE 4-7)  13
TOTAL FM JUL 1  5940    CLOUDY (SCALE 8-10)  2
DPTR FM NORMAL   594

[CDD (BASE 65) ]
TOTAL THIS MO.   227
DPTR FM NORMAL     3    [PRESSURE DATA]
TOTAL FM JAN 1   354    HIGHEST SLP M ON M
DPTR FM NORMAL    46    LOWEST  SLP 29.67 ON  8

[REMARKS]
