000
CXAK56 PAFG 291429
CF6FAI
PRELIMINARY LOCAL CLIMATOLOGICAL DATA (WS FORM: F-6)

                                          STATION:   FAIRBANKS AK
                                          MONTH:     JUNE
                                          YEAR:      2015
                                          LATITUDE:   64 49 N
                                          LONGITUDE: 147 52 W

  TEMPERATURE IN F:       :PCPN:    SNOW:  WIND      :SUNSHINE: SKY     :PK WND
================================================================================
1   2   3   4   5  6A  6B    7    8   9   10  11  12  13   14  15   16   17  18
                                     12Z  AVG MX 2MIN
DY MAX MIN AVG DEP HDD CDD  WTR  SNW DPTH SPD SPD DIR MIN PSBL S-S WX    SPD DR
================================================================================

 1  57  37  47  -9  18   0 0.13  0.0    0  6.4 15  40   M    M   8 1      20 330
 2  64  39  52  -4  13   0 0.00  0.0    0  8.9 18  30   M    M   5        24  20
 3  51  44  48  -8  17   0 0.14  0.0    0  8.4 17 360   M    M   9        21 360
 4  64  41  53  -4  12   0    T  0.0    0  6.6 14 130   M    M   8        20 120
 5  66  46  56  -1   9   0    T  0.0    0  7.7 22 190   M    M   7        29 190
 6  67  48  58   0   7   0 0.01  0.0    0  3.5 16 250   M    M   7        20 240
 7  66  45  56  -2   9   0 0.04  0.0    0  5.0 16 340   M    M   7 3      23 250
 8  64  46  55  -3  10   0    T    M    0  4.4 18 180   M    M   8        27 190
 9  67  42  55  -4  10   0 0.00  0.0    0  7.1 15 190   M    M   6        22 210
10  61  46  54  -5  11   0 0.06  0.0    0  4.8 21 270   M    M   8 3      26 280
11  57  45  51  -9  14   0    T  0.0    0  6.4 22 290   M    M   8        27 270
12  59  43  51  -9  14   0 0.01  0.0    0  6.5 17 270   M    M   8        23 280
13  69  37  53  -7  12   0 0.00  0.0    0  2.3 10 280   M    M   5        12 270
14  79  46  63   3   2   0 0.00  0.0    0  3.9 16 340   M    M   5 8      21 350
15  85  51  68   7   0   3 0.00  0.0    0  5.7 17 290   M    M   2        21 300
16  79  57  68   7   0   3 0.00  0.0    0  6.1 10  60   M    M   7        18  70
17  82  52  67   6   0   2 0.00  0.0    0  5.1 12  70   M    M   4        16 190
18  83  52  68   6   0   3 0.00  0.0    0  4.3 14  70   M    M   4 18     18  70
19  85  54  70   8   0   5 0.00  0.0    0  3.7 14 340   M    M   3        17 340
20  84  57  71   9   0   6 0.07  0.0    0  4.4 13 150   M    M   6        18 230
21  79  56  68   6   0   3 0.00  0.0    0  4.4 16 240   M    M   8 8      21 250
22  82  55  69   7   0   4 0.00  0.0    0  4.3 14 270   M    M   8 8      21 250
23  77  55  66   3   0   1 0.00  0.0    0  3.6 10 190   M    M  10 8      14 200
24  70  55  63   0   2   0    T  0.0    0  0.6  5  70   M    M  10 8       5  70
25  79  53  66   3   0   1    T  0.0    0  2.5 10 200   M    M   9 8      15 200
26  67  57  62  -1   3   0 0.14  0.0    0  2.8  9 250   M    M  10 18     11 240
27  58  54  56  -7   9   0 0.21  0.0    0  3.7  9 150   M    M   9 18     11 140
28  68  51  60  -3   5   0 0.00  0.0    0  4.6 15 330   M    M   7 18     19 320
================================================================================
SM 1969 1364       177  31  0.81     0.0 137.7          M      196
================================================================================
AV 70.3 48.7                               4.9 FASTST   M    M   7    MAX(MPH)
                                 MISC ---->  # 22 190               # 29  190
================================================================================
NOTES:
# LAST OF SEVERAL OCCURRENCES

COLUMN 17 PEAK WIND IN M.P.H.

PRELIMINARY LOCAL CLIMATOLOGICAL DATA (WS FORM: F-6) , PAGE 2

                                          STATION:  FAIRBANKS AK
                                          MONTH:    JUNE
                                          YEAR:     2015
                                          LATITUDE:   64 49 N
                                          LONGITUDE: 147 52 W

[TEMPERATURE DATA]      [PRECIPITATION DATA]       SYMBOLS USED IN COLUMN 16

AVERAGE MONTHLY: 59.5   TOTAL FOR MONTH:   0.81    1 = FOG OR MIST
DPTR FM NORMAL:  -0.7   DPTR FM NORMAL:   -0.44    2 = FOG REDUCING VISIBILITY
HIGHEST:    85 ON 19,15 GRTST 24HR  0.21 ON 26-27      TO 1/4 MILE OR LESS
LOWEST:     37 ON 13, 1                            3 = THUNDER
                        SNOW, ICE PELLETS, HAIL    4 = ICE PELLETS
                        TOTAL MONTH:   0.0 INCH    5 = HAIL
                        GRTST 24HR     0.0         6 = FREEZING RAIN OR DRIZZLE
                        GRTST DEPTH:   0           7 = DUSTSTORM OR SANDSTORM:
                                                       VSBY 1/2 MILE OR LESS
                                                   8 = SMOKE OR HAZE
[NO. OF DAYS WITH]      [WEATHER - DAYS WITH]      9 = BLOWING SNOW
                                                   X = TORNADO
MAX 32 OR BELOW:   0    0.01 INCH OR MORE:   9
MAX 90 OR ABOVE:   0    0.10 INCH OR MORE:   4
MIN 32 OR BELOW:   0    0.50 INCH OR MORE:   0
MIN  0 OR BELOW:   0    1.00 INCH OR MORE:   0

[HDD (BASE 65) ]
TOTAL THIS MO.   177    CLEAR  (SCALE 0-3)   1
DPTR FM NORMAL    24    PTCLDY (SCALE 4-7)  21
TOTAL FM JUL 1 12308    CLOUDY (SCALE 8-10)  6
DPTR FM NORMAL -1354

[CDD (BASE 65) ]
TOTAL THIS MO.    31
DPTR FM NORMAL    14    [PRESSURE DATA]
TOTAL FM JAN 1    33    HIGHEST SLP M ON M
DPTR FM NORMAL    15    LOWEST  SLP 29.24 ON  4

[REMARKS]
