000
CXAK56 PAFG 271250
CF6FAI
PRELIMINARY LOCAL CLIMATOLOGICAL DATA (WS FORM: F-6)

                                          STATION:   FAIRBANKS AK
                                          MONTH:     AUGUST
                                          YEAR:      2016
                                          LATITUDE:   64 49 N
                                          LONGITUDE: 147 52 W

  TEMPERATURE IN F:       :PCPN:    SNOW:  WIND      :SUNSHINE: SKY     :PK WND
================================================================================
1   2   3   4   5  6A  6B    7    8   9   10  11  12  13   14  15   16   17  18
                                     12Z  AVG MX 2MIN
DY MAX MIN AVG DEP HDD CDD  WTR  SNW DPTH SPD SPD DIR MIN PSBL S-S WX    SPD DR
================================================================================

 1  71  56  64   4   1   0 0.01  0.0    0  1.5  8 190   M    M   8        11 240
 2  72  56  64   4   1   0 0.01  0.0    0  5.3 20 300   M    M   7        24 290
 3  58  51  55  -5  10   0 0.23  0.0    0  2.1  8 210   M    M   9 1      10 210
 4  70  49  60   1   5   0 0.06  0.0    0  5.2 12  40   M    M   8        16 170
 5  74  58  66   7   0   1    T  0.0    0  7.2 13  80   M    M   8        19  70
 6  78  58  68   9   0   3 0.08  0.0    0  5.5 14 270   M    M   7        16 270
 7  71  57  64   5   1   0    T  0.0    0  3.3 12  80   M    M   9        14  80
 8  75  56  66   8   0   1 0.06  0.0    0  2.9 15 250   M    M   7 3      20 240
 9  67  54  61   3   4   0 0.28  0.0    0  5.6 13 290   M    M   8 1      17 240
10  72  49  61   3   4   0 0.00  0.0    0  2.7  9 170   M    M   7 1      12 320
11  72  50  61   3   4   0    T  0.0    0  2.4  8  70   M    M   8         9 100
12  70  53  62   5   3   0 0.00  0.0    0  2.4  9  20   M    M   8        11  20
13  79  54  67  10   0   2    T  0.0    0  3.3 14  70   M    M   7        20  70
14  76  55  66   9   0   1 0.00  0.0    0  3.2 16 260   M    M   8 3      22 260
15  72  53  63   6   2   0    T  0.0    0  2.9 13 290   M    M   7        16 290
16  70  54  62   6   3   0 0.04  0.0    0  5.5 17 290   M    M   7        22 290
17  75  49  62   6   3   0 0.00  0.0    0  3.6 13 260   M    M   5        17 250
18  70  45  58   2   7   0 0.00  0.0    0  3.4 13 250   M    M   4        17 250
19  69  54  62   6   3   0 0.12  0.0    0  3.5 22 290   M    M   8 1      27 270
20  58  53  56   1   9   0 0.45  0.0    0  4.8 12 300   M    M   9 1      20 250
21  64  53  59   4   6   0 0.01  0.0    0  3.7  9  60   M    M  10 1      11  60
22  71  54  63   8   2   0 0.02  0.0    0  3.7 10  90   M    M   8        14  90
23  72  51  62   8   3   0 0.01  0.0    0  2.7 15 190   M    M   8        20 190
24  71  49  60   6   5   0 0.00  0.0    0  2.3  9 100   M    M   7        12 110
25  64  51  58   4   7   0 0.07  0.0    0  3.1 10 250   M    M   9 1      15 250
26  69  54  62   9   3   0 0.00  0.0    0  3.6  9  50   M    M   8        15 160
================================================================================
SM 1830 1376        86   8  1.45     0.0  95.4          M      199
================================================================================
AV 70.4 52.9                               3.7 FASTST   M    M   8    MAX(MPH)
                                 MISC ---->  # 22 290               # 27  270
================================================================================
NOTES:
# LAST OF SEVERAL OCCURRENCES

COLUMN 17 PEAK WIND IN M.P.H.

PRELIMINARY LOCAL CLIMATOLOGICAL DATA (WS FORM: F-6) , PAGE 2

                                          STATION:  FAIRBANKS AK
                                          MONTH:    AUGUST
                                          YEAR:     2016
                                          LATITUDE:   64 49 N
                                          LONGITUDE: 147 52 W

[TEMPERATURE DATA]      [PRECIPITATION DATA]       SYMBOLS USED IN COLUMN 16

AVERAGE MONTHLY: 61.7   TOTAL FOR MONTH:   1.45    1 = FOG OR MIST
DPTR FM NORMAL:   4.7   DPTR FM NORMAL:   -0.17    2 = FOG REDUCING VISIBILITY
HIGHEST:    79 ON 13    GRTST 24HR  0.73 ON 31- 1      TO 1/4 MILE OR LESS
LOWEST:     45 ON 18                               3 = THUNDER
                        SNOW, ICE PELLETS, HAIL    4 = ICE PELLETS
                        TOTAL MONTH:   0.0 INCH    5 = HAIL
                        GRTST 24HR     0.0         6 = FREEZING RAIN OR DRIZZLE
                        GRTST DEPTH:   0           7 = DUSTSTORM OR SANDSTORM:
                                                       VSBY 1/2 MILE OR LESS
                                                   8 = SMOKE OR HAZE
[NO. OF DAYS WITH]      [WEATHER - DAYS WITH]      9 = BLOWING SNOW
                                                   X = TORNADO
MAX 32 OR BELOW:   0    0.01 INCH OR MORE:  14
MAX 90 OR ABOVE:   0    0.10 INCH OR MORE:   4
MIN 32 OR BELOW:   0    0.50 INCH OR MORE:   0
MIN  0 OR BELOW:   0    1.00 INCH OR MORE:   0

[HDD (BASE 65) ]
TOTAL THIS MO.    86    CLEAR  (SCALE 0-3)   0
DPTR FM NORMAL  -130    PTCLDY (SCALE 4-7)  19
TOTAL FM JUL 1   170    CLOUDY (SCALE 8-10)  7
DPTR FM NORMAL  -154

[CDD (BASE 65) ]
TOTAL THIS MO.     8
DPTR FM NORMAL     8    [PRESSURE DATA]
TOTAL FM JAN 1    76    HIGHEST SLP M ON M
DPTR FM NORMAL    21    LOWEST  SLP 29.46 ON 14

[REMARKS]
