000
CXUS53 KFGF 220915
CF6FAR
PRELIMINARY LOCAL CLIMATOLOGICAL DATA (WS FORM: F-6)

                                          STATION:   FARGO HECTOR INTL AP ND
                                          MONTH:     JANUARY
                                          YEAR:      2018
                                          LATITUDE:   46 54 N
                                          LONGITUDE:  96 48 W

  TEMPERATURE IN F:       :PCPN:    SNOW:  WIND      :SUNSHINE: SKY     :PK WND
================================================================================
1   2   3   4   5  6A  6B    7    8   9   10  11  12  13   14  15   16   17  18
                                     12Z  AVG MX 2MIN
DY MAX MIN AVG DEP HDD CDD  WTR  SNW DPTH SPD SPD DIR MIN PSBL S-S WX    SPD DR
================================================================================

 1  -5 -19 -12 -22  77   0 0.00  0.0    4  7.5 16 210   M    M   0        21 210
 2  17 -11   3  -7  62   0 0.02  0.2    4 17.4 31 360   M    M   5 189    38 350
 3   0  -9  -4 -14  69   0    T    T    4  8.9 20 350   M    M   4 1      25 340
 4   4 -13  -4 -14  69   0 0.04  1.6    5  5.2  8  30   M    M   9        10 130
 5   2 -23 -10 -19  75   0 0.00  0.0    5  2.5 12 150   M    M   0        16 150
 6  17  -5   6  -3  59   0    T    T    5 21.5 32 160   M    M   6 89     45 170
 7  35  14  25  16  40   0 0.00  0.0    4 12.5 26 320   M    M   2 1      34 320
 8  33  21  27  18  38   0 0.00  0.0    4  7.1 16 250   M    M   2        23 250
 9  37  25  31  22  34   0 0.00  0.0    4 12.5 21 160   M    M   4        29 170
10  36   2  19  10  46   0 0.02  0.3    3 20.6 36 340   M    M   5 1289   44 350
11   2 -13  -5 -14  70   0 0.04  0.5    4 23.0 39 350   M    M   8 128    51 360
12  -2 -19 -10 -19  75   0 0.00  0.0    4  5.8 13 300   M    M   0        16 280
13   1 -18  -8 -17  73   0 0.00  0.0    4  6.5 16 160   M    M   0        23 160
14  17  -3   7  -2  58   0 0.09  1.0    4 21.0 36 340   M    M   8 129    46 340
15  -3 -11  -7 -16  72   0 0.00  0.0    5 23.4 35 350   M    M  10 128    42 350
16   6 -16  -5 -14  70   0 0.00  0.0    4 11.3 20 190   M    M   2 8      25 180
17  32   4  18   9  47   0 0.00  0.0    4 16.0 21 240   M    M   0        29 230
18  34  21  28  19  37   0 0.00  0.0    4 10.5 20 240   M    M   0        26 240
19  41  26  34  25  31   0 0.00  0.0    4  8.5 16 170   M    M   0        22 170
20  38  22  30  21  35   0 0.00  0.0    0  6.8 12 240   M    M   2 1      14 230
21  29  17  23  14  42   0 0.00  0.0    2  8.3 16  30   M    M   5 1      22  20
================================================================================
SM  371   -8      1179   0  0.21     3.6 256.8          M       72
================================================================================
AV 17.7 -0.4                              12.2 FASTST   M    M   3    MAX(MPH)
                                 MISC ---->  # 39 350               # 51  360
================================================================================
NOTES:
# LAST OF SEVERAL OCCURRENCES

COLUMN 17 PEAK WIND IN M.P.H.

PRELIMINARY LOCAL CLIMATOLOGICAL DATA (WS FORM: F-6) , PAGE 2

                                          STATION:  FARGO HECTOR INTL AP ND
                                          MONTH:    JANUARY
                                          YEAR:     2018
                                          LATITUDE:   46 54 N
                                          LONGITUDE:  96 48 W

[TEMPERATURE DATA]      [PRECIPITATION DATA]       SYMBOLS USED IN COLUMN 16

AVERAGE MONTHLY:  8.6   TOTAL FOR MONTH:   0.21    1 = FOG OR MIST
DPTR FM NORMAL:  -0.5   DPTR FM NORMAL:   -0.30    2 = FOG REDUCING VISIBILITY
HIGHEST:    41 ON 19    GRTST 24HR  0.17 ON 14-15      TO 1/4 MILE OR LESS
LOWEST:    -23 ON  5                               3 = THUNDER
                        SNOW, ICE PELLETS, HAIL    4 = ICE PELLETS
                        TOTAL MONTH:   3.6 INCHES  5 = HAIL
                        GRTST 24HR   1.6 ON   M    6 = FREEZING RAIN OR DRIZZLE
                        GRTST DEPTH:   5 ON 15, 6  7 = DUSTSTORM OR SANDSTORM:
                                                       VSBY 1/2 MILE OR LESS
                                                   8 = SMOKE OR HAZE
[NO. OF DAYS WITH]      [WEATHER - DAYS WITH]      9 = BLOWING SNOW
                                                   X = TORNADO
MAX 32 OR BELOW:  14    0.01 INCH OR MORE:   5
MAX 90 OR ABOVE:   0    0.10 INCH OR MORE:   0
MIN 32 OR BELOW:  21    0.50 INCH OR MORE:   0
MIN  0 OR BELOW:  12    1.00 INCH OR MORE:   0

[HDD (BASE 65) ]
TOTAL THIS MO.  1179    CLEAR  (SCALE 0-3)  11
DPTR FM NORMAL     7    PTCLDY (SCALE 4-7)   8
TOTAL FM JUL 1  4558    CLOUDY (SCALE 8-10)  2
DPTR FM NORMAL  -154

[CDD (BASE 65) ]
TOTAL THIS MO.     0
DPTR FM NORMAL     0    [PRESSURE DATA]
TOTAL FM JAN 1     0    HIGHEST SLP M ON M
DPTR FM NORMAL     0    LOWEST  SLP 29.40 ON 10

[REMARKS]
