000
CXUS53 KFGF 290915
CF6FAR
PRELIMINARY LOCAL CLIMATOLOGICAL DATA (WS FORM: F-6)

                                          STATION:   FARGO HECTOR INTL AP ND
                                          MONTH:     MAY
                                          YEAR:      2016
                                          LATITUDE:   46 54 N
                                          LONGITUDE:  96 48 W

  TEMPERATURE IN F:       :PCPN:    SNOW:  WIND      :SUNSHINE: SKY     :PK WND
================================================================================
1   2   3   4   5  6A  6B    7    8   9   10  11  12  13   14  15   16   17  18
                                     12Z  AVG MX 2MIN
DY MAX MIN AVG DEP HDD CDD  WTR  SNW DPTH SPD SPD DIR MIN PSBL S-S WX    SPD DR
================================================================================

 1  68  31  50  -2  15   0 0.00  0.0    0  5.1 15  30   M    M   0        21  40
 2  71  41  56   4   9   0 0.00  0.0    0  5.2 18 270   M    M   0        23 280
 3  72  45  59   6   6   0 0.00  0.0    0 18.4 37 340   M    M   0        43 340
 4  72  35  54   1  11   0 0.00  0.0    0  7.2 17  20   M    M   0        21  10
 5  91  51  71  18   0   6 0.00  0.0    0 12.8 23 230   M    M   0        31 240
 6  86  46  66  12   0   1 0.00  0.0    M 14.8 36 360   M    M   1        42 360
 7  70  39  55   1  10   0 0.00  0.0    0  5.7 17 310   M    M   0 8      22 310
 8  78  41  60   5   5   0 0.00  0.0    0  8.9 17 140   M    M   0        22 150
 9  75  58  67  12   0   2    T  0.0    0 17.3 31 130   M    M   5        38 170
10  65  55  60   5   5   0 0.08  0.0    0 14.9 22 110   M    M  10 1      28 100
11  70  51  61   5   4   0    T  0.0    0 11.3 24 220   M    M   7 1      31 190
12  57  41  49  -7  16   0 0.00  0.0    0 15.1 25 300   M    M   7        30 280
13  46  34  40 -16  25   0    T    T    0 19.0 31 340   M    M   9        37 320
14  55  29  42 -15  23   0 0.00  0.0    0 13.2 28 330   M    M   3        41 340
15  71  35  53  -4  12   0 0.00  0.0    0 11.4 25 290   M    M   5        32 290
16  67  36  52  -5  13   0 0.00  0.0    0  8.2 22  10   M    M   2 8      30 360
17  71  32  52  -6  13   0 0.00  0.0    0  3.7 10 110   M    M   0        16 360
18  76  45  61   3   4   0 0.00  0.0    0 10.3 18 180   M    M   0        25 140
19  82  53  68  10   0   3    T  0.0    0 13.9 28 180   M    M   1 8      35 170
20  76  57  67   9   0   2 0.00  0.0    0 11.9 23 150   M    M   6        30 130
21  84  52  68   9   0   3 0.00  0.0    0 11.9 24 140   M    M   0        41 180
22  85  57  71  12   0   6 0.00  0.0    0 19.1 36 170   M    M   4        45 190
23  84  60  72  13   0   7 0.02  0.0    0  9.5 26 280   M    M   5        31 280
24  85  59  72  12   0   7    T  0.0    0  9.4 18 330   M    M   1        24 330
25  70  55  63   3   2   0 0.78  0.0    0 10.5 30 240   M    M   3 1      39 240
26  77  51  64   4   1   0 0.04  0.0    0  8.6 21 280   M    M   3 12     27 260
27  77  56  67   6   0   2 0.31  0.0    0  7.4 20  20   M    M   5 13X    24  20
28  72  58  65   4   0   0 0.01  0.0    0  8.1 16  40   M    M   7 1      20  60
================================================================================
SM 2053 1303       174  39  1.24    T    312.8          M       84
================================================================================
AV 73.3 46.5                              11.2 FASTST   M    M   3    MAX(MPH)
                                 MISC ---->  # 37 340               # 45  190
================================================================================
NOTES:
# LAST OF SEVERAL OCCURRENCES

COLUMN 17 PEAK WIND IN M.P.H.

PRELIMINARY LOCAL CLIMATOLOGICAL DATA (WS FORM: F-6) , PAGE 2

                                          STATION:  FARGO HECTOR INTL AP ND
                                          MONTH:    MAY
                                          YEAR:     2016
                                          LATITUDE:   46 54 N
                                          LONGITUDE:  96 48 W

[TEMPERATURE DATA]      [PRECIPITATION DATA]       SYMBOLS USED IN COLUMN 16

AVERAGE MONTHLY: 59.9   TOTAL FOR MONTH:   1.24    1 = FOG OR MIST
DPTR FM NORMAL:   3.3   DPTR FM NORMAL:   -1.26    2 = FOG REDUCING VISIBILITY
HIGHEST:    91 ON  5    GRTST 24HR  0.78 ON 25-25      TO 1/4 MILE OR LESS
LOWEST:     29 ON 14                               3 = THUNDER
                        SNOW, ICE PELLETS, HAIL    4 = ICE PELLETS
                        TOTAL MONTH:    T          5 = HAIL
                        GRTST 24HR    T  ON 13-13  6 = FREEZING RAIN OR DRIZZLE
                        GRTST DEPTH:   0           7 = DUSTSTORM OR SANDSTORM:
                                                       VSBY 1/2 MILE OR LESS
                                                   8 = SMOKE OR HAZE
[NO. OF DAYS WITH]      [WEATHER - DAYS WITH]      9 = BLOWING SNOW
                                                   X = TORNADO
MAX 32 OR BELOW:   0    0.01 INCH OR MORE:   6
MAX 90 OR ABOVE:   1    0.10 INCH OR MORE:   2
MIN 32 OR BELOW:   3    0.50 INCH OR MORE:   1
MIN  0 OR BELOW:   0    1.00 INCH OR MORE:   0

[HDD (BASE 65) ]
TOTAL THIS MO.   174    CLEAR  (SCALE 0-3)  15
DPTR FM NORMAL   -83    PTCLDY (SCALE 4-7)  11
TOTAL FM JUL 1  7143    CLOUDY (SCALE 8-10)  2
DPTR FM NORMAL -1570

[CDD (BASE 65) ]
TOTAL THIS MO.    39
DPTR FM NORMAL    15    [PRESSURE DATA]
TOTAL FM JAN 1    39    HIGHEST SLP M ON M
DPTR FM NORMAL    12    LOWEST  SLP 29.50 ON 23

[REMARKS]
