000
CXUS52 KRAH 210845
CF6FAY
PRELIMINARY LOCAL CLIMATOLOGICAL DATA (WS FORM: F-6)

                                          STATION:   FAYETTEVILLE REGL AIRPORT NC
                                          MONTH:     DECEMBER
                                          YEAR:      2014
                                          LATITUDE:   35  0 N
                                          LONGITUDE:  78 53 W

  TEMPERATURE IN F:       :PCPN:    SNOW:  WIND      :SUNSHINE: SKY     :PK WND
================================================================================
1   2   3   4   5  6A  6B    7    8   9   10  11  12  13   14  15   16   17  18
                                     12Z  AVG MX 2MIN
DY MAX MIN AVG DEP HDD CDD  WTR  SNW DPTH SPD SPD DIR MIN PSBL S-S WX    SPD DR
================================================================================

 1  73  42  58   8   7   0 0.00    M    M  7.3 17 240   M    M   0 1      21 240
 2  54  42  48  -1  17   0 0.08    M    M  6.3 15  20   M    M   7 1      18  40
 3  59  49  54   5  11   0 0.00    M    M  4.1 12 200   M    M  10 12     14 200
 4  60  44  52   3  13   0 0.00    M    M  6.0 13  20   M    M   5 12     17  60
 5  58  44  51   3  14   0 0.00    M    M  5.8 10  30   M    M   7        14  20
 6  61  48  55   7  10   0 0.26    M    M  4.4 17 320   M    M  10 1      22 320
 7  55  39  47  -1  18   0    T    M    M 16.6 30  20   M    M   5        37  10
 8  51  39  45  -2  20   0 0.03    M    M 13.9 24  20   M    M   6        28  20
 9  51  39  45  -2  20   0 0.02    M    M  9.8 18 350   M    M  10 18     24 350
10  53  35  44  -3  21   0 0.00    M    M  9.3 21 310   M    M   4        26 340
11  51  27  39  -7  26   0 0.00    M    M  7.4 16 270   M    M   0        20 260
12  60  27  44  -2  21   0 0.00    M    M  6.9 16 280   M    M   0        20 280
13  63  31  47   1  18   0 0.00    M    M  5.2 12 340   M    M   0        15 320
14  59  33  46   1  19   0 0.00    M    M  5.4 15  20   M    M   0        18  20
15  63  31  47   2  18   0 0.00    M    M  1.9  7  40   M    M   0 18      8  30
16  62  33  48   3  17   0 0.15    M    M  4.6 20 200   M    M   6 1238   26 220
17  61  38  50   5  15   0 0.00    M    M  5.7 14 320   M    M   0 8      16 320
18  55  37  46   2  19   0 0.00    M    M  2.7 12  20   M    M   1        15  30
19  58  34  46   2  19   0 0.00    M    M  3.2  9 360   M    M   2        12  20
20  42  36  39  -5  26   0 0.06    M    M  4.8 10  30   M    M   7 1      13  30
================================================================================
SM 1149  748       349   0  0.60    M    131.3          M       80
================================================================================
AV 57.5 37.4                               6.6 FASTST   M    M   4    MAX(MPH)
                                 MISC ---->  # 30  20               # 37   10
================================================================================
NOTES:
# LAST OF SEVERAL OCCURRENCES

COLUMN 17 PEAK WIND IN M.P.H.

PRELIMINARY LOCAL CLIMATOLOGICAL DATA (WS FORM: F-6) , PAGE 2

                                          STATION:  FAYETTEVILLE REGL AIRPORT NC
                                          MONTH:    DECEMBER
                                          YEAR:     2014
                                          LATITUDE:   35  0 N
                                          LONGITUDE:  78 53 W

[TEMPERATURE DATA]      [PRECIPITATION DATA]       SYMBOLS USED IN COLUMN 16

AVERAGE MONTHLY: 47.4   TOTAL FOR MONTH:   0.60    1 = FOG OR MIST
DPTR FM NORMAL:   0.8   DPTR FM NORMAL:   -1.27    2 = FOG REDUCING VISIBILITY
HIGHEST:    73 ON  1    GRTST 24HR  0.26 ON  6- 6      TO 1/4 MILE OR LESS
LOWEST:     27 ON 12,11                            3 = THUNDER
                        SNOW, ICE PELLETS, HAIL    4 = ICE PELLETS
                        TOTAL MONTH:    M          5 = HAIL
                        GRTST 24HR    M  ON   M    6 = FREEZING RAIN OR DRIZZLE
                        GRTST DEPTH:  M  ON   M    7 = DUSTSTORM OR SANDSTORM:
                                                       VSBY 1/2 MILE OR LESS
                                                   8 = SMOKE OR HAZE
[NO. OF DAYS WITH]      [WEATHER - DAYS WITH]      9 = BLOWING SNOW
                                                   X = TORNADO
MAX 32 OR BELOW:   0    0.01 INCH OR MORE:   6
MAX 90 OR ABOVE:   0    0.10 INCH OR MORE:   2
MIN 32 OR BELOW:   4    0.50 INCH OR MORE:   0
MIN  0 OR BELOW:   0    1.00 INCH OR MORE:   0

[HDD (BASE 65) ]
TOTAL THIS MO.   349    CLEAR  (SCALE 0-3)   9
DPTR FM NORMAL   -22    PTCLDY (SCALE 4-7)   8
TOTAL FM JUL 1   893    CLOUDY (SCALE 8-10)  3
DPTR FM NORMAL    74

[CDD (BASE 65) ]
TOTAL THIS MO.     0
DPTR FM NORMAL     0    [PRESSURE DATA]
TOTAL FM JAN 1  2139    HIGHEST SLP  0.00 ON  4
DPTR FM NORMAL   148    LOWEST  SLP  0.00 ON  4

[REMARKS]
