000
CXUS54 KOUN 250700
CF6FDR
PRELIMINARY LOCAL CLIMATOLOGICAL DATA (WS FORM: F-6)

                                          STATION:   FREDERICK MUNICIPAL
                                          MONTH:     SEPTEMBER
                                          YEAR:      2017
                                          LATITUDE:   34 21 N
                                          LONGITUDE:  98 59 W

  TEMPERATURE IN F:       :PCPN:    SNOW:  WIND      :SUNSHINE: SKY     :PK WND
================================================================================
1   2   3   4   5  6A  6B    7    8   9   10  11  12  13   14  15   16   17  18
                                     12Z  AVG MX 2MIN
DY MAX MIN AVG DEP HDD CDD  WTR  SNW DPTH SPD SPD DIR MIN PSBL S-S WX    SPD DR
================================================================================

 1  88  62  75  -5   0  10 0.00  0.0    0  6.3 10 100   M    M   0 8      13 140
 2  92  69  81   1   0  16    T  0.0    0  7.3 17  20   M    M   2        21  20
 3  94  67  81   1   0  16 0.00  0.0    0  5.3 12 150   M    M   0 18     14 150
 4  96  68  82   2   0  17 0.00  0.0    0  8.4 14 200   M    M   0        17 210
 5  83  62  73  -6   0   8 0.00  0.0    0 13.7 28  20   M    M   0        34  30
 6  84  56  70  -9   0   5 0.00  0.0    0  6.6 12  70   M    M   1        17  80
 7  87  55  71  -8   0   6 0.00  0.0    0  8.1 16 170   M    M   0        21 150
 8  87  55  71  -7   0   6 0.00  0.0    0  9.6 18 170   M    M   0        24 170
 9  86  56  71  -7   0   6 0.00  0.0    0  8.4 16  80   M    M   0        21 110
10  85  57  71  -7   0   6 0.00  0.0    0  6.8 13  90   M    M   0        17  70
11  88  57  73  -4   0   8 0.00  0.0    0  6.6 10  70   M    M   0        14  40
12  91  59  75  -2   0  10 0.00  0.0    0  6.2 12  60   M    M   0        17  30
13  92  59  76   0   0  11 0.00  0.0    0  5.0 13 110   M    M   0        23  50
14   M  61   M   M   M   M 0.00  0.0    0  8.8 10 170   M    M   0        16 150
15  96 -99  -1 -77  66   0 0.00  0.0    0 13.8 18 180   M    M   0        30 160
16  91  71  81   6   0  16    T  0.0    0  9.9 25 300   M    M   1 3      30 300
17  92  66  79   4   0  14 1.75  0.0    0  9.5 35 300   M    M   1 13     51 310
18  88  65  77   2   0  12 0.46  0.0    0 10.8 26 350   M    M   3 13     32 350
19  98  70  84  10   0  19    T  0.0    0 12.6 22 120   M    M   1 3      33 120
20  97  73  85  11   0  20 0.00  0.0    0 11.5 22 130   M    M   0 3      28 110
21  96  76  86  12   0  21 0.00  0.0    0 13.5 23 150   M    M   0        29 150
22  91  72  82   9   0  17 0.00  0.0    0 12.7 22 140   M    M   1        31 130
23  91  69  80   7   0  15 0.00  0.0    0 12.6 24 130   M    M   0        30 120
24  86  67  77   5   0  12 0.00  0.0    0  8.7 21 190   M    M   3 1      28 180
================================================================================
SM 2079 1373        66 271  2.21     0.0 222.7          M       13
================================================================================
AV 90.4 57.2                               9.3 FASTST   M    M   1    MAX(MPH)
                                 MISC ---->  # 35 300               # 51  310
================================================================================
NOTES:
# LAST OF SEVERAL OCCURRENCES

COLUMN 17 PEAK WIND IN M.P.H.

PRELIMINARY LOCAL CLIMATOLOGICAL DATA (WS FORM: F-6) , PAGE 2

                                          STATION:  FREDERICK MUNICIPAL
                                          MONTH:    SEPTEMBER
                                          YEAR:     2017
                                          LATITUDE:   34 21 N
                                          LONGITUDE:  98 59 W

[TEMPERATURE DATA]      [PRECIPITATION DATA]       SYMBOLS USED IN COLUMN 16

AVERAGE MONTHLY: 73.8   TOTAL FOR MONTH:   2.21    1 = FOG OR MIST
DPTR FM NORMAL:  -2.8   DPTR FM NORMAL:   -0.55    2 = FOG REDUCING VISIBILITY
HIGHEST:    98 ON 19    GRTST 24HR  1.75 ON 17-17      TO 1/4 MILE OR LESS
LOWEST:    -99 ON 15                               3 = THUNDER
                        SNOW, ICE PELLETS, HAIL    4 = ICE PELLETS
                        TOTAL MONTH:   0.0 INCH    5 = HAIL
                        GRTST 24HR     0.0         6 = FREEZING RAIN OR DRIZZLE
                        GRTST DEPTH:   0           7 = DUSTSTORM OR SANDSTORM:
                                                       VSBY 1/2 MILE OR LESS
                                                   8 = SMOKE OR HAZE
[NO. OF DAYS WITH]      [WEATHER - DAYS WITH]      9 = BLOWING SNOW
                                                   X = TORNADO
MAX 32 OR BELOW:   0    0.01 INCH OR MORE:   2
MAX 90 OR ABOVE:  13    0.10 INCH OR MORE:   2
MIN 32 OR BELOW:   1    0.50 INCH OR MORE:   1
MIN  0 OR BELOW:   1    1.00 INCH OR MORE:   1

[HDD (BASE 65) ]
TOTAL THIS MO.    66    CLEAR  (SCALE 0-3)  24
DPTR FM NORMAL    65    PTCLDY (SCALE 4-7)   0
TOTAL FM JUL 1    66    CLOUDY (SCALE 8-10)  0
DPTR FM NORMAL    65

[CDD (BASE 65) ]
TOTAL THIS MO.   271
DPTR FM NORMAL   -13    [PRESSURE DATA]
TOTAL FM JAN 1  2193    HIGHEST SLP M ON M
DPTR FM NORMAL   -61    LOWEST  SLP 29.66 ON 19

[REMARKS]
