000
CXUS54 KOUN 200700
CF6FDR
PRELIMINARY LOCAL CLIMATOLOGICAL DATA (WS FORM: F-6)

                                          STATION:   FREDERICK MUNICIPAL
                                          MONTH:     NOVEMBER
                                          YEAR:      2017
                                          LATITUDE:   34 21 N
                                          LONGITUDE:  98 59 W

  TEMPERATURE IN F:       :PCPN:    SNOW:  WIND      :SUNSHINE: SKY     :PK WND
================================================================================
1   2   3   4   5  6A  6B    7    8   9   10  11  12  13   14  15   16   17  18
                                     12Z  AVG MX 2MIN
DY MAX MIN AVG DEP HDD CDD  WTR  SNW DPTH SPD SPD DIR MIN PSBL S-S WX    SPD DR
================================================================================

 1  89  40  65   7   0   0    T  0.0    0 12.1 24 240   M    M   0        31 250
 2  87  52  70  12   0   5 0.00  0.0    0 16.2 24 360   M    M   0        32 360
 3  65  48  57  -1   8   0 0.00  0.0    0  7.0 16  10   M    M   6        20 360
 4  89  46  68  11   0   3 0.00  0.0    0  9.8 22 220   M    M   0 1      27 210
 5  85  50  68  11   0   3 0.00  0.0    0 11.0 23  20   M    M   0        27  10
 6  60  42  51  -5  14   0 0.00  0.0    0  9.0 16  50   M    M   2        28 350
 7  54  41  48  -8  17   0 0.00  0.0    0 13.1 24 350   M    M   3        30 350
 8  46  36  41 -14  24   0 0.02  0.0    0  9.5 18 360   M    M   7 1      24 360
 9  59  32  46  -9  19   0 0.00  0.0    0  3.9 10 100   M    M   0 1      13 140
10  55  36  46  -8  19   0 0.00  0.0    0  8.6 16 170   M    M   8 12     20 170
11  69  52  61   7   4   0 0.00  0.0    0 13.7 23 200   M    M   7 1      29 170
12  59  51  55   1  10   0 0.00  0.0    0 10.3 20  30   M    M   8 18     23  40
13  61  49  55   2  10   0 0.00  0.0    0  5.4 12  60   M    M  10        15  60
14  77  58  68  15   0   3 0.00  0.0    0 12.9 24 190   M    M   7 1      30 190
15  71  50  61   9   4   0 0.00  0.0    0 11.8 26  20   M    M   4 1      35  30
16  64  51  58   6   7   0 0.00  0.0    0  8.7 14 150   M    M   6 1      20  80
17  86  53  70  19   0   5 0.00  0.0    0 13.8 23 210   M    M   1 12     27 220
18  67  39  53   2  12   0 0.00  0.0    0 19.2 40 340   M    M   0        49 340
19  62  32  47  -4  18   0 0.00  0.0    0  7.7 15 190   M    M   0        19 210
================================================================================
SM 1305  858       166  19  0.02     0.0 203.7          M       69
================================================================================
AV 68.7 45.2                              10.7 FASTST   M    M   4    MAX(MPH)
                                 MISC ---->  # 40 340               # 49  340
================================================================================
NOTES:
# LAST OF SEVERAL OCCURRENCES

COLUMN 17 PEAK WIND IN M.P.H.

PRELIMINARY LOCAL CLIMATOLOGICAL DATA (WS FORM: F-6) , PAGE 2

                                          STATION:  FREDERICK MUNICIPAL
                                          MONTH:    NOVEMBER
                                          YEAR:     2017
                                          LATITUDE:   34 21 N
                                          LONGITUDE:  98 59 W

[TEMPERATURE DATA]      [PRECIPITATION DATA]       SYMBOLS USED IN COLUMN 16

AVERAGE MONTHLY: 56.9   TOTAL FOR MONTH:   0.02    1 = FOG OR MIST
DPTR FM NORMAL:   2.4   DPTR FM NORMAL:   -0.99    2 = FOG REDUCING VISIBILITY
HIGHEST:    89 ON  4, 1 GRTST 24HR  0.02 ON  8- 8      TO 1/4 MILE OR LESS
LOWEST:     32 ON 19, 9                            3 = THUNDER
                        SNOW, ICE PELLETS, HAIL    4 = ICE PELLETS
                        TOTAL MONTH:   0.0 INCH    5 = HAIL
                        GRTST 24HR     0.0         6 = FREEZING RAIN OR DRIZZLE
                        GRTST DEPTH:   0           7 = DUSTSTORM OR SANDSTORM:
                                                       VSBY 1/2 MILE OR LESS
                                                   8 = SMOKE OR HAZE
[NO. OF DAYS WITH]      [WEATHER - DAYS WITH]      9 = BLOWING SNOW
                                                   X = TORNADO
MAX 32 OR BELOW:   0    0.01 INCH OR MORE:   1
MAX 90 OR ABOVE:   0    0.10 INCH OR MORE:   0
MIN 32 OR BELOW:   2    0.50 INCH OR MORE:   0
MIN  0 OR BELOW:   0    1.00 INCH OR MORE:   0

[HDD (BASE 65) ]
TOTAL THIS MO.   166    CLEAR  (SCALE 0-3)  10
DPTR FM NORMAL   -41    PTCLDY (SCALE 4-7)   7
TOTAL FM JUL 1   359    CLOUDY (SCALE 8-10)  2
DPTR FM NORMAL    31

[CDD (BASE 65) ]
TOTAL THIS MO.    19
DPTR FM NORMAL    13    [PRESSURE DATA]
TOTAL FM JAN 1  2357    HIGHEST SLP M ON M
DPTR FM NORMAL   -41    LOWEST  SLP 29.48 ON 18

[REMARKS]
