000
CXUS53 KLMK 280800
CF6FFT
PRELIMINARY LOCAL CLIMATOLOGICAL DATA (WS FORM: F-6)

                                          STATION:   FRANKFORT KY
                                          MONTH:     APRIL
                                          YEAR:      2016
                                          LATITUDE:   38 10 N
                                          LONGITUDE:  84 54 W

  TEMPERATURE IN F:       :PCPN:    SNOW:  WIND      :SUNSHINE: SKY     :PK WND
================================================================================
1   2   3   4   5  6A  6B    7    8   9   10  11  12  13   14  15   16   17  18
                                     12Z  AVG MX 2MIN
DY MAX MIN AVG DEP HDD CDD  WTR  SNW DPTH SPD SPD DIR MIN PSBL S-S WX    SPD DR
================================================================================

 1  66  49  58   8   7   0 0.01    M    M  8.6 26 240   M    M   3        33 230
 2  58  38  48  -3  17   0 0.00    M    M 12.8 32 230   M    M   2        48 260
 3  61  27  44  -7  21   0 0.00    M    M  8.7 21 220   M    M   0        28 220
 4  71  39  55   4  10   0 0.00    M    M 14.9 24 340   M    M   3        33 350
 5  49  36  43  -9  22   0    T    M    M  7.5 15 100   M    M   5        21  70
 6  68  37  53   1  12   0 0.11    M    M 13.8 31 210   M    M   4 3      44 210
 7  50  40  45  -7  20   0 0.02    M    M 11.4 21 260   M    M  10        29 280
 8  48  28  38 -15  27   0 0.08    M    M  7.4 25 260   M    M   6 1      35 260
 9  45  32  39 -14  26   0 0.00    M    M  8.9 18 330   M    M   4        26 330
10  63  30  47  -7  18   0 0.02    M    M 11.4 21 190   M    M   8        28 190
11  68  46  57   3   8   0 0.61    M    M 12.7 29 200   M    M   9 13     38 210
12  57  34  46  -8  19   0 0.00    M    M  5.1 14 360   M    M   1        19 340
13  65  37  51  -3  14   0 0.00    M    M  7.4 16 100   M    M   1        21 100
14  73  44  59   4   6   0 0.00    M    M  6.3 13  80   M    M   1        19  50
15  77  44  61   6   4   0 0.00    M    M  3.2 14  80   M    M   2        16 100
16  77  48  63   8   2   0 0.00    M    M  4.1 15 110   M    M   0        23 190
17  81  43  62   6   3   0 0.00    M    M  2.1 10 100   M    M   0        13  90
18  85  45  65   9   0   0 0.00    M    M  1.8 12 100   M    M   0        16 100
19  84  49  67  11   0   2 0.00    M    M  3.2 10 230   M    M   1        15 210
20  84  57  71  14   0   6 0.00    M    M  5.8 14 140   M    M   1        20 140
21  77  59  68  11   0   3 0.03    M    M  9.2 25 210   M    M   6        33 190
22  69  52  61   4   4   0 0.09    M    M  6.4 21 320   M    M   7 1      29 320
23  70  51  61   3   4   0 0.00    M    M  4.6 14  50   M    M   3 8      19  10
24  78  42  60   2   5   0 0.00    M    M  3.5 12 210   M    M   0        14 160
25  82  51  67   9   0   2 0.00    M    M  7.9 22 220   M    M   3 8      27 230
26  83  62  73  15   0   8 0.46    M    M  9.2 35 340   M    M   5 13     53 340
27  71  61  66   7   0   1 1.12    M    M  6.2 20 270   M    M   8 138    32 270
================================================================================
SM 1860 1181       249  22  2.55    M    204.1          M       93
================================================================================
AV 68.9 43.7                               7.6 FASTST   M    M   3    MAX(MPH)
                                 MISC ---->  # 35 340               # 53  340
================================================================================
NOTES:
# LAST OF SEVERAL OCCURRENCES

COLUMN 17 PEAK WIND IN M.P.H.

PRELIMINARY LOCAL CLIMATOLOGICAL DATA (WS FORM: F-6) , PAGE 2

                                          STATION:  FRANKFORT KY
                                          MONTH:    APRIL
                                          YEAR:     2016
                                          LATITUDE:   38 10 N
                                          LONGITUDE:  84 54 W

[TEMPERATURE DATA]      [PRECIPITATION DATA]       SYMBOLS USED IN COLUMN 16

AVERAGE MONTHLY: 56.3   TOTAL FOR MONTH:   2.55    1 = FOG OR MIST
DPTR FM NORMAL:   1.6   DPTR FM NORMAL:   -0.71    2 = FOG REDUCING VISIBILITY
HIGHEST:    85 ON 18    GRTST 24HR  1.12 ON 27-27      TO 1/4 MILE OR LESS
LOWEST:     27 ON  3                               3 = THUNDER
                        SNOW, ICE PELLETS, HAIL    4 = ICE PELLETS
                        TOTAL MONTH:    M          5 = HAIL
                        GRTST 24HR    M  ON   M    6 = FREEZING RAIN OR DRIZZLE
                        GRTST DEPTH:  M  ON   M    7 = DUSTSTORM OR SANDSTORM:
                                                       VSBY 1/2 MILE OR LESS
                                                   8 = SMOKE OR HAZE
[NO. OF DAYS WITH]      [WEATHER - DAYS WITH]      9 = BLOWING SNOW
                                                   X = TORNADO
MAX 32 OR BELOW:   0    0.01 INCH OR MORE:  10
MAX 90 OR ABOVE:   0    0.10 INCH OR MORE:   4
MIN 32 OR BELOW:   4    0.50 INCH OR MORE:   2
MIN  0 OR BELOW:   0    1.00 INCH OR MORE:   1

[HDD (BASE 65) ]
TOTAL THIS MO.   249    CLEAR  (SCALE 0-3)  16
DPTR FM NORMAL   -46    PTCLDY (SCALE 4-7)   9
TOTAL FM JUL 1  3731    CLOUDY (SCALE 8-10)  2
DPTR FM NORMAL  -828

[CDD (BASE 65) ]
TOTAL THIS MO.    22
DPTR FM NORMAL     3    [PRESSURE DATA]
TOTAL FM JAN 1    23    HIGHEST SLP M ON M
DPTR FM NORMAL     2    LOWEST  SLP 29.62 ON  7

[REMARKS]
