000
CXUS53 KMKX 280655
CF6FLD
PRELIMINARY LOCAL CLIMATOLOGICAL DATA (WS FORM: F-6)

                                          STATION:   FOND_DU_LAC WI
                                          MONTH:     NOVEMBER
                                          YEAR:      2014
                                          LATITUDE:   43 46 N
                                          LONGITUDE:  88 29 W

  TEMPERATURE IN F:       :PCPN:    SNOW:  WIND      :SUNSHINE: SKY     :PK WND
================================================================================
1   2   3   4   5  6A  6B    7    8   9   10  11  12  13   14  15   16   17  18
                                     12Z  AVG MX 2MIN
DY MAX MIN AVG DEP HDD CDD  WTR  SNW DPTH SPD SPD DIR MIN PSBL S-S WX    SPD DR
================================================================================

 1  43  26  35  -8  30   0 0.00  0.0    0  6.0 22  20   M    M   5        26  20
 2  50  25  38  -5  27   0 0.00  0.0    0 11.5 21 180   M    M   0        27 190
 3  58  41  50   8  15   0 0.20    M    0 11.6 20 210   M    M   2 1      24 210
 4  58  41  50   8  15   0 0.04    M    0 13.2 25 280   M    M   6 1      32 290
 5  48  33  41  -1  24   0 0.02    M    0  7.3 17 140   M    M   4        23 130
 6  45  34  40  -1  25   0 0.09    M    0 14.2 26 350   M    M  10 1      36 360
 7  44  30  37  -4  28   0 0.02  0.0    0  8.4 18 190   M    M   8        23 190
 8  44  31  38  -2  27   0 0.03  0.0    0 11.8 29 310   M    M   7 18     38 320
 9  46  33  40   0  25   0 0.02    M    0  8.1 20 190   M    M  10 1      26 190
10  50  35  43   4  22   0    T    M    0  9.4 20  10   M    M   8 1      25 130
11  38  24  31  -8  34   0 0.05    M    0 16.3 24 330   M    M  10 1      30 330
12  30  20  25 -13  40   0    T    M    0 12.7 20 290   M    M   6        25 290
13  29  21  25 -13  40   0    T    M    M 10.9 20 300   M    M   8        26 260
14  27  16  22 -16  43   0    T    M    M  7.4 15 290   M    M   8        18 290
15  26  12  19 -18  46   0 0.03    M    M  5.7 12 260   M    M   5 1      14 230
16  27  12  20 -16  45   0    T    M    0  8.5 16 210   M    M   7 18     21 200
17  16   6  11 -25  54   0    T    M    0 13.0 23 280   M    M   5 9      30 280
18  19  10  15 -21  50   0    T    M    0 12.2 23 290   M    M   6        32 290
19  24  16  20 -15  45   0    T    M    0 12.6 24 290   M    M   8        32 300
20  20   9  15 -20  50   0    T    M    0 12.0 25 290   M    M   4 1      30 290
21  31   1  16 -18  49   0 0.00  0.0    0 11.8 23 200   M    M   1        30 190
22  49  31  40   6  25   0 0.00  0.0    0 11.7 24 200   M    M  10 1      33 200
23  50  43  47  14  18   0 0.43    M    0 10.4 20 190   M    M  10 18     27 190
24  44  25  35   3  30   0 0.24    M    0 11.5 24 270   M    M  10 1      35 270
25  25  14  20 -12  45   0    T    M    0  8.9 18 290   M    M   9 1      24 290
26  24   7  16 -16  49   0    T    M    0  3.3  9 280   M    M   5 18     11 350
27  23  -2  11 -20  54   0    T    M    M  8.8 17 320   M    M   5 1      20 320
================================================================================
SM  988  594       955   0  1.17     0.0 279.2          M      177
================================================================================
AV 36.6 22.0                              10.3 FASTST   M    M   7    MAX(MPH)
                                 MISC ---->  # 29 310               # 38  320
================================================================================
NOTES:
# LAST OF SEVERAL OCCURRENCES

COLUMN 17 PEAK WIND IN M.P.H.

PRELIMINARY LOCAL CLIMATOLOGICAL DATA (WS FORM: F-6) , PAGE 2

                                          STATION:  FOND_DU_LAC WI
                                          MONTH:    NOVEMBER
                                          YEAR:     2014
                                          LATITUDE:   43 46 N
                                          LONGITUDE:  88 29 W

[TEMPERATURE DATA]      [PRECIPITATION DATA]       SYMBOLS USED IN COLUMN 16

AVERAGE MONTHLY: 29.3   TOTAL FOR MONTH:   1.17    1 = FOG OR MIST
DPTR FM NORMAL:  -8.1   DPTR FM NORMAL:   -0.71    2 = FOG REDUCING VISIBILITY
HIGHEST:    58 ON  4, 3 GRTST 24HR  0.54 ON 23-24      TO 1/4 MILE OR LESS
LOWEST:     -2 ON 27                               3 = THUNDER
                        SNOW, ICE PELLETS, HAIL    4 = ICE PELLETS
                        TOTAL MONTH:   0.0 INCH    5 = HAIL
                        GRTST 24HR     0.0         6 = FREEZING RAIN OR DRIZZLE
                        GRTST DEPTH:   0           7 = DUSTSTORM OR SANDSTORM:
                                                       VSBY 1/2 MILE OR LESS
                                                   8 = SMOKE OR HAZE
[NO. OF DAYS WITH]      [WEATHER - DAYS WITH]      9 = BLOWING SNOW
                                                   X = TORNADO
MAX 32 OR BELOW:  13    0.01 INCH OR MORE:  11
MAX 90 OR ABOVE:   0    0.10 INCH OR MORE:   3
MIN 32 OR BELOW:  20    0.50 INCH OR MORE:   0
MIN  0 OR BELOW:   1    1.00 INCH OR MORE:   0

[HDD (BASE 65) ]
TOTAL THIS MO.   955    CLEAR  (SCALE 0-3)   3
DPTR FM NORMAL   211    PTCLDY (SCALE 4-7)  15
TOTAL FM JUL 1  1672    CLOUDY (SCALE 8-10)  9
DPTR FM NORMAL   261

[CDD (BASE 65) ]
TOTAL THIS MO.     0
DPTR FM NORMAL     0    [PRESSURE DATA]
TOTAL FM JAN 1   412    HIGHEST SLP M ON M
DPTR FM NORMAL  -181    LOWEST  SLP 29.08 ON 24

[REMARKS]
