000
CXUS52 KMFL 011000
CF6FLL
PRELIMINARY LOCAL CLIMATOLOGICAL DATA (WS FORM: F-6)

                                          STATION:   FORT LAUDERDALE
                                          MONTH:     APRIL
                                          YEAR:      2016
                                          LATITUDE:   26  4 N
                                          LONGITUDE:  80  9 W

  TEMPERATURE IN F:       :PCPN:    SNOW:  WIND      :SUNSHINE: SKY     :PK WND
================================================================================
1   2   3   4   5  6A  6B    7    8   9   10  11  12  13   14  15   16   17  18
                                     12Z  AVG MX 2MIN
DY MAX MIN AVG DEP HDD CDD  WTR  SNW DPTH SPD SPD DIR MIN PSBL S-S WX    SPD DR
================================================================================

 1  86  77  82   7   0  17 0.00  0.0    0 11.8 21 140   M    M   4        24 150
 2  90  78  84   9   0  19 0.00  0.0    0 11.6 23 260   M    M   6        28 270
 3  80  68  74  -1   0   9    T  0.0    0  9.7 18 340   M    M   7        23 340
 4  80  67  74  -1   0   9 0.02  0.0    0  5.8 15  60   M    M   6        18  70
 5  83  67  75   0   0  10 0.00  0.0    0  7.2 18  70   M    M   2        24  80
 6  78  72  75   0   0  10 0.04  0.0    0 14.6 26  90   M    M   7        33  80
 7  86  71  79   4   0  14 0.07  0.0    0  8.1 20 260   M    M   6        24 250
 8  84  66  75   0   0  10 0.00  0.0    0  8.0 18 250   M    M   4        23 240
 9  80  64  72  -4   0   7 0.00  0.0    0  9.2 18  70   M    M   3        24  60
10  79  64  72  -4   0   7    T  0.0    0 13.4 23 100   M    M   5        28  90
11  81  73  77   1   0  12 0.00  0.0    0 14.7 24  90   M    M   6        29  90
12  83  72  78   2   0  13 0.00  0.0    0  8.9 15 100   M    M   4        19 100
13  82  70  76   0   0  11 0.00  0.0    0  6.5 15 120   M    M   5        20 120
14  84  73  79   3   0  14 0.00  0.0    0  8.2 18 130   M    M   5        23 130
15  85  70  78   2   0  13 0.51  0.0    0 10.0 22  30   M    M   5 13     28  20
16  82  69  76   0   0  11 0.09  0.0    0 11.4 23  60   M    M   6        30  60
17  79  70  75  -1   0  10    T  0.0    0 14.0 22  50   M    M   7        27  60
18  81  69  75  -1   0  10    T  0.0    0 11.9 21  50   M    M   6        27  50
19  80  66  73  -4   0   8 0.00  0.0    0  9.9 18  80   M    M   4        23  90
20  81  71  76  -1   0  11 0.00  0.0    0 13.8 22 100   M    M   7        28 100
21  82  74  78   1   0  13 0.00  0.0    0 18.6 24 110   M    M   4        31 100
22  83  75  79   2   0  14    T  0.0    0 13.9 24 140   M    M   7        29 130
23  89  73  81   4   0  16 0.00  0.0    0  8.0 18 270   M    M   4        23 260
24  85  68  77   0   0  12 0.00  0.0    0 10.6 20  90   M    M   2        25  70
25  83  74  79   2   0  14 0.00  0.0    0 12.8 20  90   M    M   6        25  80
26  83  73  78   1   0  13 0.00  0.0    0 10.5 22 100   M    M   3        27 100
27  83  73  78   0   0  13 0.00  0.0    0 10.2 17 100   M    M   3        23  90
28  85  75  80   2   0  15 0.00  0.0    0  9.6 17 140   M    M   3        23 110
29  85  75  80   2   0  15 0.00  0.0    0  8.6 16 100   M    M   3        20 130
30  83  75  79   1   0  14 0.00  0.0    0 11.9 20 120   M    M   6        29 110
================================================================================
SM 2485 2132         0 364  0.73     0.0 323.4          M      146
================================================================================
AV 82.8 71.1                              10.8 FASTST   M    M   5    MAX(MPH)
                                 MISC ---->  # 26  90               # 33   80
================================================================================
NOTES:
# LAST OF SEVERAL OCCURRENCES

COLUMN 17 PEAK WIND IN M.P.H.

PRELIMINARY LOCAL CLIMATOLOGICAL DATA (WS FORM: F-6) , PAGE 2

                                          STATION:  FORT LAUDERDALE
                                          MONTH:    APRIL
                                          YEAR:     2016
                                          LATITUDE:   26  4 N
                                          LONGITUDE:  80  9 W

[TEMPERATURE DATA]      [PRECIPITATION DATA]       SYMBOLS USED IN COLUMN 16

AVERAGE MONTHLY: 76.9   TOTAL FOR MONTH:   0.73    1 = FOG OR MIST
DPTR FM NORMAL:   0.8   DPTR FM NORMAL:   -2.16    2 = FOG REDUCING VISIBILITY
HIGHEST:    90 ON  2    GRTST 24HR  0.51 ON 15-15      TO 1/4 MILE OR LESS
LOWEST:     64 ON 10, 9                            3 = THUNDER
                        SNOW, ICE PELLETS, HAIL    4 = ICE PELLETS
                        TOTAL MONTH:   0.0 INCH    5 = HAIL
                        GRTST 24HR     0.0         6 = FREEZING RAIN OR DRIZZLE
                        GRTST DEPTH:   0           7 = DUSTSTORM OR SANDSTORM:
                                                       VSBY 1/2 MILE OR LESS
                                                   8 = SMOKE OR HAZE
[NO. OF DAYS WITH]      [WEATHER - DAYS WITH]      9 = BLOWING SNOW
                                                   X = TORNADO
MAX 32 OR BELOW:   0    0.01 INCH OR MORE:   5
MAX 90 OR ABOVE:   1    0.10 INCH OR MORE:   1
MIN 32 OR BELOW:   0    0.50 INCH OR MORE:   1
MIN  0 OR BELOW:   0    1.00 INCH OR MORE:   0

[HDD (BASE 65) ]
TOTAL THIS MO.     0    CLEAR  (SCALE 0-3)   6
DPTR FM NORMAL    -1    PTCLDY (SCALE 4-7)  24
TOTAL FM JUL 1    87    CLOUDY (SCALE 8-10)  0
DPTR FM NORMAL   -25

[CDD (BASE 65) ]
TOTAL THIS MO.   364
DPTR FM NORMAL    27    [PRESSURE DATA]
TOTAL FM JAN 1   946    HIGHEST SLP 30.22 ON 10
DPTR FM NORMAL    -1    LOWEST  SLP 29.85 ON 23

[REMARKS]
#FINAL-04-16#
