000
CXUS52 KILM 221000
CF6FLO
PRELIMINARY LOCAL CLIMATOLOGICAL DATA (WS FORM: F-6)

                                          STATION:   FLORENCE SC
                                          MONTH:     OCTOBER
                                          YEAR:      2014
                                          LATITUDE:   34 10 N
                                          LONGITUDE:  79 43 W

  TEMPERATURE IN F:       :PCPN:    SNOW:  WIND      :SUNSHINE: SKY     :PK WND
================================================================================
1   2   3   4   5  6A  6B    7    8   9   10  11  12  13   14  15   16   17  18
                                     12Z  AVG MX 2MIN
DY MAX MIN AVG DEP HDD CDD  WTR  SNW DPTH SPD SPD DIR MIN PSBL S-S WX    SPD DR
================================================================================

 1  84  58  71   2   0   6 0.00    M    M  2.4  8  30   M    M   2 12     11  30
 2  86  62  74   5   0   9 0.00    M    M  3.9  9 200   M    M   1 1      12 240
 3  85  62  74   6   0   9 0.86    M    M  6.6 18 190   M    M   7 12     24 200
 4  76  52  64  -4   1   0 0.09    M    M  9.9 17 310   M    M   3 18     22 310
 5  68  43  56 -12   9   0 0.00    M    M  3.1 12 250   M    M   0 1      16 220
 6  77  46  62  -6   3   0 0.00    M    M  5.9 15 190   M    M   0        18 190
 7  81  55  68   1   0   3 0.00    M    M  5.4 16 220   M    M   0        21 220
 8  89  65  77  10   0  12 0.00    M    M  7.2 15 270   M    M   0        22 250
 9  80  58  69   3   0   4 0.00    M    M  3.9 13  80   M    M   0        16  90
10  86  60  73   7   0   8 0.00    M    M  4.8 14 250   M    M   1        17 210
11  89  68  79  13   0  14 0.00    M    M  7.7 20 260   M    M   2        23 280
12  72  63  68   3   0   3 0.00    M    M  8.4 15  50   M    M  10 1      17  60
13  83  66  75  10   0  10 0.00    M    M  7.3 15 130   M    M   7 1      19 150
14  87  72  80  15   0  15 0.01    M    M 11.2 23 160   M    M   5        31 170
15  76  57  67   3   0   2 0.12    M    M  6.4 16 260   M    M   4 1      22 240
16  72  53  63  -1   2   0 0.00    M    M  5.8 17 240   M    M   4        21 240
17  77  49  63  -1   2   0 0.00    M    M  4.7 13 230   M    M   0        17 180
18  82  55  69   5   0   4 0.00    M    M  7.5 16 310   M    M   1        22 290
19  71  47  59  -4   6   0 0.00    M    M  5.9 17 360   M    M   1        22  10
20  76  43  60  -3   5   0 0.00    M    M  3.2 17 230   M    M   0        22 230
21  78  51  65   2   0   0 0.00    M    M  5.6 16 360   M    M   1 12     23 360
================================================================================
SM 1675 1185        28  99  1.08    M    126.8          M       49
================================================================================
AV 79.8 56.4                               6.0 FASTST   M    M   2    MAX(MPH)
                                 MISC ---->  # 23 160               # 31  170
================================================================================
NOTES:
# LAST OF SEVERAL OCCURRENCES

COLUMN 17 PEAK WIND IN M.P.H.

PRELIMINARY LOCAL CLIMATOLOGICAL DATA (WS FORM: F-6) , PAGE 2

                                          STATION:  FLORENCE SC
                                          MONTH:    OCTOBER
                                          YEAR:     2014
                                          LATITUDE:   34 10 N
                                          LONGITUDE:  79 43 W

[TEMPERATURE DATA]      [PRECIPITATION DATA]       SYMBOLS USED IN COLUMN 16

AVERAGE MONTHLY: 68.1   TOTAL FOR MONTH:   1.08    1 = FOG OR MIST
DPTR FM NORMAL:   2.3   DPTR FM NORMAL:   -1.15    2 = FOG REDUCING VISIBILITY
HIGHEST:    89 ON 11, 8 GRTST 24HR  0.95 ON  3- 4      TO 1/4 MILE OR LESS
LOWEST:     43 ON 20, 5                            3 = THUNDER
                        SNOW, ICE PELLETS, HAIL    4 = ICE PELLETS
                        TOTAL MONTH:    M          5 = HAIL
                        GRTST 24HR    M  ON   M    6 = FREEZING RAIN OR DRIZZLE
                        GRTST DEPTH:  M  ON   M    7 = DUSTSTORM OR SANDSTORM:
                                                       VSBY 1/2 MILE OR LESS
                                                   8 = SMOKE OR HAZE
[NO. OF DAYS WITH]      [WEATHER - DAYS WITH]      9 = BLOWING SNOW
                                                   X = TORNADO
MAX 32 OR BELOW:   0    0.01 INCH OR MORE:   4
MAX 90 OR ABOVE:   0    0.10 INCH OR MORE:   2
MIN 32 OR BELOW:   0    0.50 INCH OR MORE:   1
MIN  0 OR BELOW:   0    1.00 INCH OR MORE:   0

[HDD (BASE 65) ]
TOTAL THIS MO.    28    CLEAR  (SCALE 0-3)  15
DPTR FM NORMAL   -25    PTCLDY (SCALE 4-7)   5
TOTAL FM JUL 1    34    CLOUDY (SCALE 8-10)  1
DPTR FM NORMAL   -28

[CDD (BASE 65) ]
TOTAL THIS MO.    99
DPTR FM NORMAL    29    [PRESSURE DATA]
TOTAL FM JAN 1  2258    HIGHEST SLP M ON M
DPTR FM NORMAL   232    LOWEST  SLP 29.67 ON  4

[REMARKS]
